000
CXUS52 KFFC 011010
CF6VPC
PRELIMINARY LOCAL CLIMATOLOGICAL DATA (WS FORM: F-6)
STATION: CARTERSVILLE
MONTH: JULY
YEAR: 2023
LATITUDE: 34 7 N
LONGITUDE: 84 51 W
TEMPERATURE IN F: :PCPN: SNOW: WIND :SUNSHINE: SKY :PK WND
================================================================================
1 2 3 4 5 6A 6B 7 8 9 10 11 12 13 14 15 16 17 18
12Z AVG MX 2MIN
DY MAX MIN AVG DEP HDD CDD WTR SNW DPTH SPD SPD DIR MIN PSBL S-S WX SPD DR
================================================================================
1 93 70 82 4 0 17 0.00 M M 0.9 9 240 M M 2 18 20 99
2 91 68 80 2 0 15 0.00 M M 1.4 10 280 M M 3 18 14 280
3 90 70 80 2 0 15 0.00 M M 1.0 9 270 M M 3 1 14 300
4 91 72 82 4 0 17 0.00 M M 0.2 5 99 M M 3 18 M M
5 86 72 79 1 0 14 0.00 M M 0.4 5 60 M M 3 12 20 99
6 90 70 80 2 0 15 0.00 M M 1.7 15 270 M M 3 1 21 270
7 90 72 81 3 0 16 0.00 M M 1.3 8 330 M M 1 15 20
8 91 72 82 4 0 17 0.00 M M 1.7 8 270 M M 2 15 0
9 88 72 80 1 0 15 0.00 M M 2.4 10 270 M M 6 1 14 270
10 86 68 77 -2 0 12 0.00 M M 1.8 12 270 M M 4 1 20 0
11 86 66 76 -3 0 11 0.00 M M 0.5 8 99 M M 1 15 99
12 90 66 78 -1 0 13 0.00 M M 0.3 4 99 M M 3 18 13 0
13 91 73 82 3 0 17 0.00 M M 1.4 17 270 M M 3 138 25 270
14 90 73 82 3 0 17 0.00 M M 1.2 7 280 M M 3 M M
15 91 75 83 4 0 18 0.00 M M 3.3 15 270 M M 4 12 22 270
16 90 73 82 3 0 17 0.00 M M 0.5 9 340 M M 3 14 340
17 90 68 79 0 0 14 0.00 M M 0.8 10 30 M M 4 18 16 30
18 93 68 81 2 0 16 0.00 M M 0.9 7 270 M M 4 18 15 0
19 86 70 78 -1 0 13 0.00 M M 0.9 8 330 M M 2 17 330
20 95 72 84 5 0 19 0.00 M M 3.6 15 280 M M 6 1 51 330
21 91 70 81 2 0 16 0.00 M M 1.7 12 280 M M 6 1 27 280
22 86 70 78 -1 0 13 0.00 M M 0.8 9 270 M M 7 15 0
23 88 70 79 0 0 14 0.00 M M 0.4 5 30 M M 2 14 99
24 88 66 77 -2 0 12 0.00 M M 0.6 6 99 M M 0 M M
25 91 66 79 0 0 14 0.00 M M 0.3 7 300 M M 0 1 M M
26 91 70 81 2 0 16 0.00 M M 0.0 M M M M 0 1 M M
27 95 72 84 5 0 19 0.00 M M 0.5 6 290 M M 1 1 M M
28 95 73 84 5 0 19 0.00 M M 0.9 15 330 M M 4 18 46 330
29 93 73 83 4 0 18 0.00 M M 1.9 10 280 M M 5 18 16 280
30 86 72 79 0 0 14 0.00 M M 0.8 9 310 M M 3 18 13 99
31 90 70 80 1 0 15 0.00 M M 0.6 7 99 M M 1 18 14 0
================================================================================
SM 2792 2182 0 478 0.00 M 34.7 M 92
================================================================================
AV 90.1 70.4 1.1 FASTST M M 3 MAX(MPH)
MISC ----> 17 270 51 330
================================================================================
NOTES:
# LAST OF SEVERAL OCCURRENCES
COLUMN 17 PEAK WIND IN M.P.H.
PRELIMINARY LOCAL CLIMATOLOGICAL DATA (WS FORM: F-6) , PAGE 2
STATION: CARTERSVILLE
MONTH: JULY
YEAR: 2023
LATITUDE: 34 7 N
LONGITUDE: 84 51 W
[TEMPERATURE DATA] [PRECIPITATION DATA] SYMBOLS USED IN COLUMN 16
AVERAGE MONTHLY: 80.2 TOTAL FOR MONTH: 0.00 1 = FOG OR MIST
DPTR FM NORMAL: 1.4 DPTR FM NORMAL: -3.88 2 = FOG REDUCING VISIBILITY
HIGHEST: 95 ON 28,27 GRTST 24HR 0.00 ON 1- 1 TO 1/4 MILE OR LESS
LOWEST: 66 ON 25,24 3 = THUNDER
SNOW, ICE PELLETS, HAIL 4 = ICE PELLETS
TOTAL MONTH: M 5 = HAIL
GRTST 24HR M ON M 6 = FREEZING RAIN OR DRIZZLE
GRTST DEPTH: M ON M 7 = DUSTSTORM OR SANDSTORM:
VSBY 1/2 MILE OR LESS
8 = SMOKE OR HAZE
[NO. OF DAYS WITH] [WEATHER - DAYS WITH] 9 = BLOWING SNOW
X = TORNADO
MAX 32 OR BELOW: 0 0.01 INCH OR MORE: 0
MAX 90 OR ABOVE: 22 0.10 INCH OR MORE: 0
MIN 32 OR BELOW: 0 0.50 INCH OR MORE: 0
MIN 0 OR BELOW: 0 1.00 INCH OR MORE: 0
[HDD (BASE 65) ]
TOTAL THIS MO. 0 CLEAR (SCALE 0-3) 19
DPTR FM NORMAL 0 PTCLDY (SCALE 4-7) 12
TOTAL FM JUL 1 0 CLOUDY (SCALE 8-10) 0
DPTR FM NORMAL 0
[CDD (BASE 65) ]
TOTAL THIS MO. 478
DPTR FM NORMAL 50 [PRESSURE DATA]
TOTAL FM JAN 1 1021 HIGHEST SLP M ON M
DPTR FM NORMAL 92 LOWEST SLP M ON M
[REMARKS]
#FINAL-07-23#