000
CXUS52 KFFC 011010
CF6VPC
PRELIMINARY LOCAL CLIMATOLOGICAL DATA (WS FORM: F-6)
STATION: CARTERSVILLE
MONTH: AUGUST
YEAR: 2021
LATITUDE: 34 7 N
LONGITUDE: 84 51 W
TEMPERATURE IN F: :PCPN: SNOW: WIND :SUNSHINE: SKY :PK WND
================================================================================
1 2 3 4 5 6A 6B 7 8 9 10 11 12 13 14 15 16 17 18
12Z AVG MX 2MIN
DY MAX MIN AVG DEP HDD CDD WTR SNW DPTH SPD SPD DIR MIN PSBL S-S WX SPD DR
================================================================================
1 86 72 79 0 0 14 0.00 M M 5.0 10 280 M M 5 16 270
2 84 68 76 -3 0 11 0.00 M M 1.7 8 270 M M 2 18 13 360
3 82 68 75 -4 0 10 0.00 M M 2.1 6 80 M M 5 1 15 80
4 84 66 75 -4 0 10 0.00 M M 2.0 8 110 M M 6 1 14 99
5 88 66 77 -2 0 12 0.00 M M 2.5 8 100 M M 3 12 99
6 88 68 78 -1 0 13 0.00 M M 1.9 7 110 M M 2 M M
7 86 68 77 -2 0 12 0.20 M M 1.2 6 20 M M 3 13 30 20
8 88 68 78 -1 0 13 0.01 M M 0.8 6 270 M M 5 12 M M
9 91 70 81 2 0 16 0.00 M M 2.2 10 250 M M 2 1 20 250
10 93 72 83 4 0 18 0.00 M M 0.8 7 180 M M 2 1 M M
11 91 72 82 3 0 17 0.41 M M 1.9 16 160 M M 4 13 36 160
12 90 70 80 1 0 15 0.01 M M 1.0 6 270 M M 4 12 12 0
13 93 72 83 4 0 18 0.00 M M 1.8 8 280 M M 2 M M
14 91 72 82 4 0 17 0.00 M M 2.1 7 99 M M 2 1 21 130
15 90 72 81 3 0 16 0.00 M M 3.8 10 130 M M 5 16 150
16 86 72 79 1 0 14 0.47 M M 3.2 7 120 M M 6 1 14 120
17 79 70 75 -3 0 10 2.84 M M 7.0 16 20 M M 8 1 27 20
18 91 66 79 1 0 14 0.00 M M 0.9 5 160 M M 2 1 M M
19 86 72 79 1 0 14 0.54 M M 1.9 8 200 M M 4 1 14 99
20 84 72 78 0 0 13 0.01 M M 2.7 7 99 M M 6 1 M M
21 82 73 78 0 0 13 0.12 M M 2.4 7 270 M M 7 1 M M
22 82 73 78 0 0 13 0.46 M M 3.5 9 280 M M 6 18 16 280
23 90 72 81 3 0 16 0.00 M M 0.8 6 99 M M 2 1 M M
24 93 70 82 4 0 17 0.00 M M 1.8 10 30 M M 2 12 M M
25 93 72 83 6 0 18 0.23 M M 1.6 9 200 M M 3 138 23 200
26 90 72 81 4 0 16 0.00 M M 1.5 6 150 M M 3 M M
27 91 72 82 5 0 17 0.01 M M 2.7 8 90 M M 4 8 14 60
28 91 73 82 5 0 17 0.00 M M 2.7 8 90 M M 5 1 15 90
29 91 73 82 5 0 17 0.00 M M 2.9 9 140 M M 5 13 80
30 90 73 82 5 0 17 0.39 M M 2.2 9 M M M 4 3 14 99
31 82 72 77 1 0 12 2.53 M M 7.7 16 170 M M 9 12 23 140
================================================================================
SM 2726 2191 0 450 8.23 M 76.2 M 128
================================================================================
AV 87.9 70.7 2.5 FASTST M M 4 MAX(MPH)
MISC ----> # 16 160 36 160
================================================================================
NOTES:
# LAST OF SEVERAL OCCURRENCES
COLUMN 17 PEAK WIND IN M.P.H.
PRELIMINARY LOCAL CLIMATOLOGICAL DATA (WS FORM: F-6) , PAGE 2
STATION: CARTERSVILLE
MONTH: AUGUST
YEAR: 2021
LATITUDE: 34 7 N
LONGITUDE: 84 51 W
[TEMPERATURE DATA] [PRECIPITATION DATA] SYMBOLS USED IN COLUMN 16
AVERAGE MONTHLY: 79.3 TOTAL FOR MONTH: 8.23 1 = FOG OR MIST
DPTR FM NORMAL: 1.2 DPTR FM NORMAL: 4.79 2 = FOG REDUCING VISIBILITY
HIGHEST: 93 ON 25,24 GRTST 24HR 2.84 ON 17-17 TO 1/4 MILE OR LESS
LOWEST: 66 ON 18, 5 3 = THUNDER
SNOW, ICE PELLETS, HAIL 4 = ICE PELLETS
TOTAL MONTH: M 5 = HAIL
GRTST 24HR M ON M 6 = FREEZING RAIN OR DRIZZLE
GRTST DEPTH: M ON M 7 = DUSTSTORM OR SANDSTORM:
VSBY 1/2 MILE OR LESS
8 = SMOKE OR HAZE
[NO. OF DAYS WITH] [WEATHER - DAYS WITH] 9 = BLOWING SNOW
X = TORNADO
MAX 32 OR BELOW: 0 0.01 INCH OR MORE: 14
MAX 90 OR ABOVE: 16 0.10 INCH OR MORE: 10
MIN 32 OR BELOW: 0 0.50 INCH OR MORE: 3
MIN 0 OR BELOW: 0 1.00 INCH OR MORE: 2
[HDD (BASE 65) ]
TOTAL THIS MO. 0 CLEAR (SCALE 0-3) 13
DPTR FM NORMAL 0 PTCLDY (SCALE 4-7) 17
TOTAL FM JUL 1 0 CLOUDY (SCALE 8-10) 1
DPTR FM NORMAL 0
[CDD (BASE 65) ]
TOTAL THIS MO. 450
DPTR FM NORMAL 42 [PRESSURE DATA]
TOTAL FM JAN 1 1358 HIGHEST SLP M ON M
DPTR FM NORMAL 21 LOWEST SLP M ON M
[REMARKS]
#FINAL-08-21#