000
CXUS52 KMLB 010629
CF6VRB
PRELIMINARY LOCAL CLIMATOLOGICAL DATA (WS FORM: F-6)
STATION: VERO BEACH
MONTH: MARCH
YEAR: 2022
LATITUDE: 27 39 N
LONGITUDE: 80 25 W
TEMPERATURE IN F: :PCPN: SNOW: WIND :SUNSHINE: SKY :PK WND
================================================================================
1 2 3 4 5 6A 6B 7 8 9 10 11 12 13 14 15 16 17 18
12Z AVG MX 2MIN
DY MAX MIN AVG DEP HDD CDD WTR SNW DPTH SPD SPD DIR MIN PSBL S-S WX SPD DR
================================================================================
1 76 60 68 1 0 3 0.00 0.0 0 10.6 18 10 M M 7 1 24 10
2 78 53 66 -1 0 1 0.00 0.0 0 7.2 14 20 M M 1 19 10
3 80 56 68 1 0 3 0.00 0.0 0 5.1 15 20 M M 3 1 19 20
4 80 59 70 3 0 5 0.00 0.0 0 7.9 16 70 M M 2 22 40
5 82 71 77 10 0 12 0.00 0.0 0 14.6 23 110 M M 2 28 100
6 83 72 78 11 0 13 0.00 0.0 0 16.1 25 120 M M 3 31 150
7 82 72 77 10 0 12 0.03 0.0 0 13.0 21 110 M M 6 1 26 120
8 86 67 77 10 0 12 0.00 0.0 0 11.6 25 140 M M 5 1 30 130
9 89 70 80 13 0 15 0.46 0.0 0 10.4 22 140 M M 6 1 26 190
10 89 69 79 12 0 14 0.28 0.0 0 8.5 32 360 M M 4 13 40 360
11 87 69 78 10 0 13 0.00 0.0 0 10.6 22 150 M M 3 1 28 140
12 83 50 67 -1 0 2 0.21 0.0 0 15.1 44 280 M M 4 1238 54 280
13 71 42 57 -11 8 0 0.00 0.0 0 11.3 20 70 M M 6 25 70
14 77 65 71 3 0 6 T 0.0 0 12.1 18 90 M M 6 25 80
15 79 70 75 7 0 10 0.17 0.0 0 11.5 21 110 M M 7 1 25 100
16 88 68 78 10 0 13 0.25 0.0 0 7.0 21 190 M M 7 13 27 190
17 80 65 73 5 0 8 0.00 0.0 0 4.9 12 90 M M 4 1 15 60
18 84 61 73 5 0 8 0.00 0.0 0 9.9 23 120 M M 2 12 27 120
19 86 65 76 8 0 11 0.00 0.0 0 8.4 20 130 M M 4 12 23 140
20 81 65 73 5 0 8 0.00 0.0 0 10.1 20 30 M M 2 25 10
21 78 65 72 4 0 7 0.00 0.0 0 13.2 20 120 M M 3 25 90
22 80 68 74 5 0 9 0.00 0.0 0 14.7 24 130 M M 3 28 120
23 84 72 78 9 0 13 0.00 0.0 0 15.4 29 150 M M 3 37 140
24 88 68 78 9 0 13 0.09 0.0 0 11.5 32 220 M M 4 18 46 220
25 78 58 68 -1 0 3 0.00 0.0 0 9.7 17 280 M M 4 23 320
26 79 50 65 -4 0 0 0.00 0.0 0 9.3 18 260 M M 0 23 290
27 78 54 66 -3 0 1 0.00 0.0 0 8.0 17 350 M M 0 24 350
28 83 49 66 -3 0 1 0.00 0.0 0 5.8 15 120 M M 0 21 350
29 82 49 66 -4 0 1 0.00 0.0 0 6.1 15 10 M M 0 1 23 50
30 83 58 71 1 0 6 0.00 0.0 0 14.7 26 130 M M 2 12 35 130
31 87 72 80 10 0 15 0.00 0.0 0 15.4 28 140 M M 4 36 140
================================================================================
SM 2541 1932 8 238 1.49 0.0 329.7 M 107
================================================================================
AV 82.0 62.3 10.6 FASTST M M 3 MAX(MPH)
MISC ----> 44 280 54 280
================================================================================
NOTES:
# LAST OF SEVERAL OCCURRENCES
COLUMN 17 PEAK WIND IN M.P.H.
PRELIMINARY LOCAL CLIMATOLOGICAL DATA (WS FORM: F-6) , PAGE 2
STATION: VERO BEACH
MONTH: MARCH
YEAR: 2022
LATITUDE: 27 39 N
LONGITUDE: 80 25 W
[TEMPERATURE DATA] [PRECIPITATION DATA] SYMBOLS USED IN COLUMN 16
AVERAGE MONTHLY: 72.1 TOTAL FOR MONTH: 1.49 1 = FOG OR MIST
DPTR FM NORMAL: 4.1 DPTR FM NORMAL: -1.95 2 = FOG REDUCING VISIBILITY
HIGHEST: 89 ON 10, 9 GRTST 24HR 0.74 ON 9-10 TO 1/4 MILE OR LESS
LOWEST: 42 ON 13 3 = THUNDER
SNOW, ICE PELLETS, HAIL 4 = ICE PELLETS
TOTAL MONTH: 0.0 INCH 5 = HAIL
GRTST 24HR 0.0 6 = FREEZING RAIN OR DRIZZLE
GRTST DEPTH: 0 7 = DUSTSTORM OR SANDSTORM:
VSBY 1/2 MILE OR LESS
8 = SMOKE OR HAZE
[NO. OF DAYS WITH] [WEATHER - DAYS WITH] 9 = BLOWING SNOW
X = TORNADO
MAX 32 OR BELOW: 0 0.01 INCH OR MORE: 7
MAX 90 OR ABOVE: 0 0.10 INCH OR MORE: 5
MIN 32 OR BELOW: 0 0.50 INCH OR MORE: 0
MIN 0 OR BELOW: 0 1.00 INCH OR MORE: 0
[HDD (BASE 65) ]
TOTAL THIS MO. 8 CLEAR (SCALE 0-3) 16
DPTR FM NORMAL -40 PTCLDY (SCALE 4-7) 15
TOTAL FM JUL 1 229 CLOUDY (SCALE 8-10) 0
DPTR FM NORMAL -161
[CDD (BASE 65) ]
TOTAL THIS MO. 238
DPTR FM NORMAL 95 [PRESSURE DATA]
TOTAL FM JAN 1 389 HIGHEST SLP M ON M
DPTR FM NORMAL 92 LOWEST SLP 29.81 ON 12
[REMARKS]
#FINAL-03-22#