000
CXUS51 KBTV 010800
CF6VSF
PRELIMINARY LOCAL CLIMATOLOGICAL DATA (WS FORM: F-6)
STATION: SPRINGFIELD VT
MONTH: DECEMBER
YEAR: 2020
LATITUDE: 43 19 N
LONGITUDE: 72 31 W
TEMPERATURE IN F: :PCPN: SNOW: WIND :SUNSHINE: SKY :PK WND
================================================================================
1 2 3 4 5 6A 6B 7 8 9 10 11 12 13 14 15 16 17 18
12Z AVG MX 2MIN
DY MAX MIN AVG DEP HDD CDD WTR SNW DPTH SPD SPD DIR MIN PSBL S-S WX SPD DR
================================================================================
1 61 39 50 19 15 0 0.01 M M 7.9 21 170 M M 8 1 30 160
2 39 33 36 5 29 0 0.01 M M 7.7 20 270 M M 10 8 26 300
3 46 23 35 5 30 0 0.00 M M 2.8 13 250 M M 0 18 21 220
4 47 25 36 6 29 0 T M M 2.9 14 230 M M 7 1 23 220
5 38 31 35 5 30 0 0.33 M M 6.0 18 320 M M 8 1 31 300
6 34 26 30 1 35 0 0.00 M M 12.0 24 290 M M 5 8 38 320
7 28 24 26 -3 39 0 0.00 M M 6.4 16 280 M M 8 22 280
8 29 24 27 -1 38 0 T M M 6.8 14 270 M M 10 24 310
9 30 20 25 -3 40 0 T M M 1.0 9 290 M M 8 18 14 290
10 40 24 32 4 33 0 0.00 M M 4.0 17 280 M M 6 24 280
11 43 20 32 5 33 0 0.00 M M 0.8 8 160 M M 1 1 11 170
12 36 24 30 3 35 0 0.12 M M 0.3 5 250 M M 5 1 6 110
13 50 32 41 15 24 0 0.04 M M 4.2 18 280 M M 7 1 26 290
14 36 27 32 6 33 0 0.02 M M 2.5 21 280 M M 6 1 28 290
15 33 14 24 -2 41 0 0.00 M M 9.1 28 290 M M 1 41 290
16 19 9 14 -11 51 0 0.02 M M 4.0 9 350 M M 3 1 14 360
17 22 16 19 -6 46 0 0.84 M M 5.4 12 20 M M 10 128 27 30
18 28 -1 14 -11 51 0 0.00 M M 1.7 9 20 M M 2 1 14 360
19 22 -10 6 -18 59 0 0.00 M M 0.0 3 290 M M 1 18 4 300
20 29 14 22 -2 43 0 T M M 0.2 6 170 M M 9 1 8 160
21 31 25 28 4 37 0 0.00 M M 0.4 6 260 M M 10 1 7 280
22 39 24 32 9 33 0 0.00 M M 4.7 17 280 M M 9 128 25 290
23 33 21 27 4 38 0 0.00 M M 2.9 17 300 M M 3 28 310
24 51 24 38 15 27 0 0.27 M M 2.2 8 160 M M 8 1 14 170
25 57 35 46 24 19 0 1.77 M M 7.6 23 180 M M 9 12 32 190
26 35 24 30 8 35 0 0.00 M M 7.0 18 270 M M 7 25 270
27 35 21 28 6 37 0 0.00 M M 2.7 12 180 M M 6 1 16 180
28 40 20 30 8 35 0 T M M 3.2 12 260 M M 8 21 260
29 37 18 28 6 37 0 T M M 8.7 18 300 M M 3 32 330
30 32 10 21 0 44 0 T M M 3.3 16 170 M M 4 21 190
31 37 24 31 10 34 0 0.06 M M 5.0 17 280 M M 7 16 27 300
================================================================================
SM 1137 660 1110 0 3.49 M 133.4 M 189
================================================================================
AV 36.7 21.3 4.3 FASTST M M 6 MAX(MPH)
MISC ----> 28 290 41 290
================================================================================
NOTES:
# LAST OF SEVERAL OCCURRENCES
COLUMN 17 PEAK WIND IN M.P.H.
PRELIMINARY LOCAL CLIMATOLOGICAL DATA (WS FORM: F-6) , PAGE 2
STATION: SPRINGFIELD VT
MONTH: DECEMBER
YEAR: 2020
LATITUDE: 43 19 N
LONGITUDE: 72 31 W
[TEMPERATURE DATA] [PRECIPITATION DATA] SYMBOLS USED IN COLUMN 16
AVERAGE MONTHLY: 29.0 TOTAL FOR MONTH: 3.49 1 = FOG OR MIST
DPTR FM NORMAL: 3.3 DPTR FM NORMAL: 0.22 2 = FOG REDUCING VISIBILITY
HIGHEST: 61 ON 1 GRTST 24HR 1.99 ON 24-25 TO 1/4 MILE OR LESS
LOWEST: -10 ON 19 3 = THUNDER
SNOW, ICE PELLETS, HAIL 4 = ICE PELLETS
TOTAL MONTH: M 5 = HAIL
GRTST 24HR M ON M 6 = FREEZING RAIN OR DRIZZLE
GRTST DEPTH: M ON M 7 = DUSTSTORM OR SANDSTORM:
VSBY 1/2 MILE OR LESS
8 = SMOKE OR HAZE
[NO. OF DAYS WITH] [WEATHER - DAYS WITH] 9 = BLOWING SNOW
X = TORNADO
MAX 32 OR BELOW: 10 0.01 INCH OR MORE: 11
MAX 90 OR ABOVE: 0 0.10 INCH OR MORE: 5
MIN 32 OR BELOW: 28 0.50 INCH OR MORE: 2
MIN 0 OR BELOW: 2 1.00 INCH OR MORE: 1
[HDD (BASE 65) ]
TOTAL THIS MO. 1110 CLEAR (SCALE 0-3) 7
DPTR FM NORMAL -110 PTCLDY (SCALE 4-7) 13
TOTAL FM JUL 1 2593 CLOUDY (SCALE 8-10) 11
DPTR FM NORMAL -270
[CDD (BASE 65) ]
TOTAL THIS MO. 0
DPTR FM NORMAL 0 [PRESSURE DATA]
TOTAL FM JAN 1 617 HIGHEST SLP 30.55 ON 16
DPTR FM NORMAL 272 LOWEST SLP 29.39 ON 1
[REMARKS]
#FINAL-12-20#