000
CXUS53 KLBF 011434
CF6VTN
PRELIMINARY LOCAL CLIMATOLOGICAL DATA (WS FORM: F-6)
STATION: VALENTINE
MONTH: JULY
YEAR: 2023
LATITUDE: 42 52 N
LONGITUDE: 100 33 W
TEMPERATURE IN F: :PCPN: SNOW: WIND :SUNSHINE: SKY :PK WND
================================================================================
1 2 3 4 5 6A 6B 7 8 9 10 11 12 13 14 15 16 17 18
12Z AVG MX 2MIN
DY MAX MIN AVG DEP HDD CDD WTR SNW DPTH SPD SPD DIR MIN PSBL S-S WX SPD DR
================================================================================
1 83 61 72 -2 0 7 0.32 0.0 0 4.5 12 210 M M 5 13 15 210
2 92 59 76 2 0 11 0.00 0.0 0 3.8 12 180 M M 0 16 200
3 92 63 78 4 0 13 0.00 0.0 0 8.7 20 170 M M 0 26 160
4 78 62 70 -4 0 5 0.02 0.0 0 11.2 28 260 M M 6 3 39 270
5 66 52 59 -15 6 0 0.01 0.0 0 5.8 14 10 M M 9 20 30
6 75 45 60 -15 5 0 0.00 0.0 0 8.1 16 170 M M 5 23 170
7 77 58 68 -7 0 3 1.52 0.0 0 8.7 17 350 M M 5 13 23 350
8 77 54 66 -9 0 1 0.12 0.0 0 3.5 13 250 M M 2 3 16 70
9 85 51 68 -7 0 3 0.00 0.0 0 5.3 13 210 M M 0 19 200
10 92 60 76 0 0 11 0.00 0.0 0 6.5 14 350 M M 0 19 40
11 79 63 71 -5 0 6 0.03 0.0 0 12.6 24 80 M M 4 123 30 100
12 84 56 70 -6 0 5 0.34 0.0 0 7.8 45 330 M M 2 138 71 320
13 89 60 75 -1 0 10 0.30 0.0 0 6.6 26 280 M M 1 38 37 290
14 83 61 72 -4 0 7 0.71 0.0 0 8.0 26 300 M M 3 138 40 300
15 82 56 69 -7 0 4 0.00 0.0 0 7.4 17 280 M M 0 18 25 290
16 86 59 73 -3 0 8 0.01 0.0 0 5.3 12 50 M M 1 138 16 50
17 79 57 68 -8 0 3 0.13 0.0 0 8.2 23 50 M M 1 138 31 50
18 84 62 73 -3 0 8 0.08 0.0 0 12.5 28 150 M M 3 13 40 120
19 89 67 78 2 0 13 0.00 0.0 0 6.7 22 10 M M 4 18 29 10
20 76 56 66 -10 0 1 0.00 0.0 0 6.0 16 360 M M 2 23 360
21 86 53 70 -6 0 5 0.00 0.0 0 4.8 20 40 M M 1 13 24 40
22 92 54 73 -3 0 8 T 0.0 0 3.8 38 340 M M 0 38 53 340
23 95 55 75 -1 0 10 0.00 0.0 0 8.1 21 160 M M 0 28 180
24 92 61 77 1 0 12 0.00 0.0 0 6.6 14 90 M M 0 18 80
25 98 67 83 7 0 18 0.46 0.0 0 9.5 35 300 M M 1 13 53 300
26 99 63 81 5 0 16 0.00 0.0 0 7.6 21 150 M M 0 27 140
27 98 61 80 4 0 15 0.00 0.0 0 7.8 32 300 M M 0 8 48 290
28 89 62 76 0 0 11 0.00 0.0 0 6.1 21 190 M M 0 27 190
29 84 60 72 -4 0 7 1.33 0.0 0 7.6 39 320 M M 4 123 54 330
30 90 65 78 2 0 13 0.10 0.0 0 10.3 25 250 M M 1 13 39 210
31 89 65 77 1 0 12 0.23 0.0 0 5.9 17 340 M M 2 13 23 330
================================================================================
SM 2660 1828 11 246 5.71 0.0 225.3 M 62
================================================================================
AV 85.8 59.0 7.3 FASTST M M 2 MAX(MPH)
MISC ----> 45 330 71 320
================================================================================
NOTES:
# LAST OF SEVERAL OCCURRENCES
COLUMN 17 PEAK WIND IN M.P.H.
PRELIMINARY LOCAL CLIMATOLOGICAL DATA (WS FORM: F-6) , PAGE 2
STATION: VALENTINE
MONTH: JULY
YEAR: 2023
LATITUDE: 42 52 N
LONGITUDE: 100 33 W
[TEMPERATURE DATA] [PRECIPITATION DATA] SYMBOLS USED IN COLUMN 16
AVERAGE MONTHLY: 72.4 TOTAL FOR MONTH: 5.71 1 = FOG OR MIST
DPTR FM NORMAL: -3.3 DPTR FM NORMAL: 2.89 2 = FOG REDUCING VISIBILITY
HIGHEST: 99 ON 26 GRTST 24HR 1.52 ON 7- 7 TO 1/4 MILE OR LESS
LOWEST: 45 ON 6 3 = THUNDER
SNOW, ICE PELLETS, HAIL 4 = ICE PELLETS
TOTAL MONTH: 0.0 INCH 5 = HAIL
GRTST 24HR 0.0 6 = FREEZING RAIN OR DRIZZLE
GRTST DEPTH: 0 7 = DUSTSTORM OR SANDSTORM:
VSBY 1/2 MILE OR LESS
8 = SMOKE OR HAZE
[NO. OF DAYS WITH] [WEATHER - DAYS WITH] 9 = BLOWING SNOW
X = TORNADO
MAX 32 OR BELOW: 0 0.01 INCH OR MORE: 16
MAX 90 OR ABOVE: 10 0.10 INCH OR MORE: 11
MIN 32 OR BELOW: 0 0.50 INCH OR MORE: 3
MIN 0 OR BELOW: 0 1.00 INCH OR MORE: 2
[HDD (BASE 65) ]
TOTAL THIS MO. 11 CLEAR (SCALE 0-3) 23
DPTR FM NORMAL 6 PTCLDY (SCALE 4-7) 7
TOTAL FM JUL 1 11 CLOUDY (SCALE 8-10) 1
DPTR FM NORMAL 11
[CDD (BASE 65) ]
TOTAL THIS MO. 246
DPTR FM NORMAL -90 [PRESSURE DATA]
TOTAL FM JAN 1 460 HIGHEST SLP 30.25 ON 29
DPTR FM NORMAL -80 LOWEST SLP 29.75 ON 25
[REMARKS]
#FINAL-07-23#