000
CXUS55 KLBF 011200
CF6VTN
PRELIMINARY LOCAL CLIMATOLOGICAL DATA (WS FORM: F-6)
STATION: VALENTINE
MONTH: AUGUST
YEAR: 2020
LATITUDE: 42 52 N
LONGITUDE: 100 33 W
TEMPERATURE IN F: :PCPN: SNOW: WIND :SUNSHINE: SKY :PK WND
================================================================================
1 2 3 4 5 6A 6B 7 8 9 10 11 12 13 14 15 16 17 18
12Z AVG MX 2MIN
DY MAX MIN AVG DEP HDD CDD WTR SNW DPTH SPD SPD DIR MIN PSBL S-S WX SPD DR
================================================================================
1 84 57 71 -4 0 6 0.00 0.0 0 11.2 22 10 M M 3 29 20
2 80 50 65 -10 0 0 0.00 0.0 0 5.2 14 40 M M 1 22 50
3 82 51 67 -8 0 2 0.00 0.0 0 6.7 16 130 M M 5 26 110
4 84 62 73 -2 0 8 0.56 0.0 0 14.7 26 200 M M 4 138 34 170
5 89 59 74 -1 0 9 0.00 0.0 0 4.7 13 30 M M 2 1 17 10
6 92 64 78 3 0 13 T 0.0 0 9.4 18 170 M M 4 1238 24 170
7 98 68 83 9 0 18 0.00 0.0 0 12.3 23 180 M M 1 1 34 170
8 88 63 76 2 0 11 0.07 0.0 0 9.0 54 270 M M 3 138 74 270
9 98 67 83 9 0 18 T 0.0 0 10.9 24 190 M M 0 31 200
10 83 62 73 -1 0 8 0.00 0.0 0 9.4 20 360 M M 2 26 360
11 92 63 78 4 0 13 0.10 0.0 0 15.4 44 160 M M 1 38 59 160
12 93 59 76 2 0 11 0.00 0.0 0 12.5 28 220 M M 0 39 210
13 100 68 84 10 0 19 0.00 0.0 0 9.2 22 210 M M 0 30 210
14 86 57 72 -2 0 7 0.00 0.0 0 12.2 31 310 M M 1 42 310
15 91 50 71 -2 0 6 T 0.0 0 8.6 23 180 M M 0 3 30 190
16 94 61 78 5 0 13 0.00 0.0 0 7.5 18 10 M M 0 26 40
17 95 52 74 1 0 9 0.00 0.0 0 7.7 16 140 M M 0 23 140
18 95 66 81 8 0 16 0.25 0.0 0 12.2 30 160 M M 0 3 39 170
19 97 65 81 8 0 16 T 0.0 0 10.9 24 210 M M 0 29 220
20 98 64 81 9 0 16 0.00 0.0 0 8.7 20 220 M M 1 3 25 210
21 95 59 77 5 0 12 0.00 0.0 0 3.3 14 50 M M 0 18 50
22 98 63 81 9 0 16 0.00 0.0 0 6.1 14 90 M M 0 22 100
23 101 62 82 10 0 17 T 0.0 0 8.1 37 350 M M 0 138 52 340
24 102 72 87 15 0 22 T 0.0 0 12.9 24 200 M M 0 31 110
25 105 63 84 13 0 19 0.00 0.0 0 13.3 29 200 M M 0 39 190
26 98 72 85 14 0 20 0.00 0.0 0 11.7 32 10 M M 0 3 48 10
27 96 61 79 8 0 14 T 0.0 0 9.6 23 340 M M 0 18 39 260
28 82 52 67 -3 0 2 T 0.0 0 10.9 24 340 M M 1 3 35 330
29 86 43 65 -5 0 0 0.00 0.0 0 9.5 21 150 M M 0 30 160
30 101 61 81 11 0 16 0.00 0.0 0 18.0 32 330 M M 1 44 340
31 77 43 60 -9 5 0 T 0.0 0 7.9 23 350 M M 1 34 330
================================================================================
SM 2860 1859 5 357 0.98 0.0 309.7 M 31
================================================================================
AV 92.3 60.0 10.0 FASTST M M 1 MAX(MPH)
MISC ----> # 54 270 # 74 270
================================================================================
NOTES:
# LAST OF SEVERAL OCCURRENCES
COLUMN 17 PEAK WIND IN M.P.H.
PRELIMINARY LOCAL CLIMATOLOGICAL DATA (WS FORM: F-6) , PAGE 2
STATION: VALENTINE
MONTH: AUGUST
YEAR: 2020
LATITUDE: 42 52 N
LONGITUDE: 100 33 W
[TEMPERATURE DATA] [PRECIPITATION DATA] SYMBOLS USED IN COLUMN 16
AVERAGE MONTHLY: 76.1 TOTAL FOR MONTH: 0.98 1 = FOG OR MIST
DPTR FM NORMAL: 3.3 DPTR FM NORMAL: -1.20 2 = FOG REDUCING VISIBILITY
HIGHEST: 105 ON 25 GRTST 24HR 0.56 ON 4- 4 TO 1/4 MILE OR LESS
LOWEST: 43 ON 31,29 3 = THUNDER
SNOW, ICE PELLETS, HAIL 4 = ICE PELLETS
TOTAL MONTH: 0.0 INCH 5 = HAIL
GRTST 24HR 0.0 6 = FREEZING RAIN OR DRIZZLE
GRTST DEPTH: 0 7 = DUSTSTORM OR SANDSTORM:
VSBY 1/2 MILE OR LESS
8 = SMOKE OR HAZE
[NO. OF DAYS WITH] [WEATHER - DAYS WITH] 9 = BLOWING SNOW
X = TORNADO
MAX 32 OR BELOW: 0 0.01 INCH OR MORE: 4
MAX 90 OR ABOVE: 20 0.10 INCH OR MORE: 3
MIN 32 OR BELOW: 0 0.50 INCH OR MORE: 1
MIN 0 OR BELOW: 0 1.00 INCH OR MORE: 0
[HDD (BASE 65) ]
TOTAL THIS MO. 5 CLEAR (SCALE 0-3) 27
DPTR FM NORMAL -12 PTCLDY (SCALE 4-7) 4
TOTAL FM JUL 1 5 CLOUDY (SCALE 8-10) 0
DPTR FM NORMAL -20
[CDD (BASE 65) ]
TOTAL THIS MO. 357
DPTR FM NORMAL 96 [PRESSURE DATA]
TOTAL FM JAN 1 1047 HIGHEST SLP 30.23 ON 17
DPTR FM NORMAL 311 LOWEST SLP 29.43 ON 30
[REMARKS]
#FINAL-08-20#