000
CXUS56 KPQR 281201
CF6VUO
PRELIMINARY LOCAL CLIMATOLOGICAL DATA (WS FORM: F-6)
STATION: VANCOUVER WA
MONTH: MARCH
YEAR: 2024
LATITUDE: 45 37 N
LONGITUDE: 122 39 W
TEMPERATURE IN F: :PCPN: SNOW: WIND :SUNSHINE: SKY :PK WND
================================================================================
1 2 3 4 5 6A 6B 7 8 9 10 11 12 13 14 15 16 17 18
12Z AVG MX 2MIN
DY MAX MIN AVG DEP HDD CDD WTR SNW DPTH SPD SPD DIR MIN PSBL S-S WX SPD DR
================================================================================
1 45 38 42 -3 23 0 0.39 M M 7.4 13 110 M M 9 1 22 160
2 43 36 40 -5 25 0 0.17 M M 5.5 16 210 M M 9 1 26 210
3 43 37 40 -5 25 0 0.12 M M 6.5 14 210 M M 9 1 24 180
4 43 36 40 -6 25 0 0.05 M M 4.8 12 170 M M 9 19 170
5 46 31 39 -7 26 0 0.06 M M 3.1 10 300 M M 7 1 16 310
6 49 24 37 -9 28 0 0.00 M M 1.8 12 280 M M 5 1 17 10
7 52 26 39 -7 26 0 0.00 M M 0.6 7 100 M M 0 10 110
8 59 30 45 -1 20 0 0.00 M M 2.6 10 120 M M 0 15 130
9 55 45 50 4 15 0 0.02 M M 10.2 21 190 M M 7 35 180
10 55 44 50 4 15 0 0.30 M M 9.5 28 200 M M 9 48 210
11 50 45 48 1 17 0 0.21 M M 6.9 15 180 M M 9 26 180
12 54 40 47 0 18 0 0.08 M M 6.7 21 260 M M 8 29 260
13 55 37 46 -1 19 0 T M M 2.5 10 260 M M 5 15 290
14 66 30 48 1 17 0 0.00 M M 3.5 15 80 M M 0 26 80
15 71 36 54 7 11 0 0.00 M M 7.8 22 80 M M 0 33 80
16 76 38 57 10 8 0 0.00 M M 3.8 12 120 M M 0 16 120
17 75 38 57 9 8 0 0.00 M M 2.9 12 270 M M 0 14 310
18 74 39 57 9 8 0 0.00 M M 1.7 8 250 M M 0 10 250
19 70 40 55 7 10 0 0.00 M M 2.0 12 310 M M 1 14 290
20 57 47 52 4 13 0 0.01 M M 3.2 10 250 M M 10 1 14 150
21 62 46 54 6 11 0 0.01 M M 2.7 13 280 M M 9 1 17 270
22 60 44 52 4 13 0 0.08 M M 2.4 10 120 M M 9 12 15 70
23 56 45 51 3 14 0 0.20 M M 2.6 12 230 M M 9 12 21 250
24 55 44 50 2 15 0 0.08 M M 1.8 7 170 M M 9 1 10 170
25 53 46 50 2 15 0 0.52 M M 1.4 8 10 M M 10 1 12 320
26 56 46 51 2 14 0 0.08 M M 3.1 12 280 M M 8 1 19 210
27 57 47 52 3 13 0 0.49 M M 8.7 17 190 M M 8 13 30 200
================================================================================
SM 1537 1055 452 0 2.87 M 115.7 M 159
================================================================================
AV 56.9 39.1 4.3 FASTST M M 6 MAX(MPH)
MISC ----> 28 200 48 210
================================================================================
NOTES:
# LAST OF SEVERAL OCCURRENCES
COLUMN 17 PEAK WIND IN M.P.H.
PRELIMINARY LOCAL CLIMATOLOGICAL DATA (WS FORM: F-6) , PAGE 2
STATION: VANCOUVER WA
MONTH: MARCH
YEAR: 2024
LATITUDE: 45 37 N
LONGITUDE: 122 39 W
[TEMPERATURE DATA] [PRECIPITATION DATA] SYMBOLS USED IN COLUMN 16
AVERAGE MONTHLY: 48.0 TOTAL FOR MONTH: 2.87 1 = FOG OR MIST
DPTR FM NORMAL: 1.0 DPTR FM NORMAL: -0.65 2 = FOG REDUCING VISIBILITY
HIGHEST: 76 ON 16 GRTST 24HR 0.59 ON 25-26 TO 1/4 MILE OR LESS
LOWEST: 24 ON 6 3 = THUNDER
SNOW, ICE PELLETS, HAIL 4 = ICE PELLETS
TOTAL MONTH: M 5 = HAIL
GRTST 24HR M ON M 6 = FREEZING RAIN OR DRIZZLE
GRTST DEPTH: M ON M 7 = DUSTSTORM OR SANDSTORM:
VSBY 1/2 MILE OR LESS
8 = SMOKE OR HAZE
[NO. OF DAYS WITH] [WEATHER - DAYS WITH] 9 = BLOWING SNOW
X = TORNADO
MAX 32 OR BELOW: 0 0.01 INCH OR MORE: 17
MAX 90 OR ABOVE: 0 0.10 INCH OR MORE: 8
MIN 32 OR BELOW: 5 0.50 INCH OR MORE: 1
MIN 0 OR BELOW: 0 1.00 INCH OR MORE: 0
[HDD (BASE 65) ]
TOTAL THIS MO. 452 CLEAR (SCALE 0-3) 8
DPTR FM NORMAL -34 PTCLDY (SCALE 4-7) 5
TOTAL FM JUL 1 3325 CLOUDY (SCALE 8-10) 14
DPTR FM NORMAL -293
[CDD (BASE 65) ]
TOTAL THIS MO. 0
DPTR FM NORMAL 0 [PRESSURE DATA]
TOTAL FM JAN 1 0 HIGHEST SLP M ON M
DPTR FM NORMAL 0 LOWEST SLP 29.30 ON 1
[REMARKS]