000
CXUS56 KLOX 011155
CF6WJF
PRELIMINARY LOCAL CLIMATOLOGICAL DATA (WS FORM: F-6)
STATION: LANCASTER FOX FIELD CA
MONTH: OCTOBER
YEAR: 2022
LATITUDE: 34 43 N
LONGITUDE: 118 13 W
TEMPERATURE IN F: :PCPN: SNOW: WIND :SUNSHINE: SKY :PK WND
================================================================================
1 2 3 4 5 6A 6B 7 8 9 10 11 12 13 14 15 16 17 18
12Z AVG MX 2MIN
DY MAX MIN AVG DEP HDD CDD WTR SNW DPTH SPD SPD DIR MIN PSBL S-S WX SPD DR
================================================================================
1 90 53 72 3 0 7 0.00 M M 8.8 21 250 M M 0 26 250
2 91 52 72 4 0 7 0.00 M M 9.1 22 260 M M 0 29 240
3 94 57 76 8 0 11 0.00 M M 5.8 20 270 M M 0 24 270
4 96 52 74 7 0 9 0.00 M M 5.2 20 240 M M 0 23 240
5 96 52 74 7 0 9 0.00 M M 4.4 20 260 M M 0 24 70
6 96 54 75 8 0 10 0.00 M M 3.8 21 260 M M 0 24 270
7 93 57 75 9 0 10 0.00 M M 6.0 17 300 M M 0 22 50
8 93 54 74 8 0 9 0.00 M M 5.4 16 240 M M 0 21 250
9 93 54 74 8 0 9 0.00 M M 5.5 14 290 M M 0 15 280
10 90 54 72 7 0 7 T M M 6.1 25 300 M M 1 3 31 300
11 89 55 72 7 0 7 0.00 M M 7.3 22 210 M M 1 26 200
12 87 54 71 7 0 6 T M M 5.7 29 150 M M 2 3 36 150
13 90 51 71 7 0 6 T M M 4.9 20 270 M M 0 28 280
14 92 51 72 8 0 7 0.00 M M 5.8 17 250 M M 0 21 80
15 84 53 69 6 0 4 0.00 M M 10.0 25 250 M M 0 30 240
16 85 52 69 6 0 4 0.00 M M 6.1 17 250 M M 0 20 250
17 86 47 67 5 0 2 0.00 M M 3.8 10 310 M M 0 13 80
18 88 51 70 8 0 5 0.00 M M 7.0 22 60 M M 0 27 60
19 89 51 70 8 0 5 0.00 M M 5.9 24 70 M M 0 30 60
20 88 50 69 8 0 4 0.00 M M 4.4 15 70 M M 0 19 50
21 88 48 68 7 0 3 0.00 M M 7.7 22 220 M M 0 27 230
22 69 55 62 1 3 0 T M M 22.3 33 240 M M 2 41 240
23 67 40 54 -6 11 0 0.00 M M 14.2 28 270 M M 0 33 250
24 67 31 49 -11 16 0 0.00 M M 6.2 16 60 M M 0 21 50
25 80 34 57 -3 8 0 0.00 M M 10.2 33 270 M M 0 38 260
26 75 54 65 6 0 0 0.00 M M 19.5 36 280 M M 0 42 280
27 71 38 55 -4 10 0 0.00 M M 7.2 22 60 M M 0 25 50
28 71 33 52 -6 13 0 0.00 M M 3.8 9 300 M M 0 12 80
29 76 35 56 -2 9 0 0.00 M M 3.5 16 290 M M 0 20 290
30 78 37 58 0 7 0 0.00 M M 4.2 14 70 M M 0 22 90
31 77 34 56 -1 9 0 0.00 M M 2.9 10 290 M M 0 12 250
================================================================================
SM 2629 1493 86 141 T M 222.7 M 6
================================================================================
AV 84.8 48.2 7.2 FASTST M M 0 MAX(MPH)
MISC ----> 36 280 42 280
================================================================================
NOTES:
# LAST OF SEVERAL OCCURRENCES
COLUMN 17 PEAK WIND IN M.P.H.
PRELIMINARY LOCAL CLIMATOLOGICAL DATA (WS FORM: F-6) , PAGE 2
STATION: LANCASTER FOX FIELD CA
MONTH: OCTOBER
YEAR: 2022
LATITUDE: 34 43 N
LONGITUDE: 118 13 W
[TEMPERATURE DATA] [PRECIPITATION DATA] SYMBOLS USED IN COLUMN 16
AVERAGE MONTHLY: 66.5 TOTAL FOR MONTH: T 1 = FOG OR MIST
DPTR FM NORMAL: 3.6 DPTR FM NORMAL: -0.34 2 = FOG REDUCING VISIBILITY
HIGHEST: 96 ON 6, 5 GRTST 24HR T ON 10-10 TO 1/4 MILE OR LESS
LOWEST: 31 ON 24 3 = THUNDER
SNOW, ICE PELLETS, HAIL 4 = ICE PELLETS
TOTAL MONTH: M 5 = HAIL
GRTST 24HR M ON M 6 = FREEZING RAIN OR DRIZZLE
GRTST DEPTH: M ON M 7 = DUSTSTORM OR SANDSTORM:
VSBY 1/2 MILE OR LESS
8 = SMOKE OR HAZE
[NO. OF DAYS WITH] [WEATHER - DAYS WITH] 9 = BLOWING SNOW
X = TORNADO
MAX 32 OR BELOW: 0 0.01 INCH OR MORE: 0
MAX 90 OR ABOVE: 12 0.10 INCH OR MORE: 0
MIN 32 OR BELOW: 1 0.50 INCH OR MORE: 0
MIN 0 OR BELOW: 0 1.00 INCH OR MORE: 0
[HDD (BASE 65) ]
TOTAL THIS MO. 86 CLEAR (SCALE 0-3) 31
DPTR FM NORMAL -35 PTCLDY (SCALE 4-7) 0
TOTAL FM JUL 1 86 CLOUDY (SCALE 8-10) 0
DPTR FM NORMAL -44
[CDD (BASE 65) ]
TOTAL THIS MO. 141
DPTR FM NORMAL 85 [PRESSURE DATA]
TOTAL FM JAN 1 2561 HIGHEST SLP 30.28 ON 28
DPTR FM NORMAL 656 LOWEST SLP 29.65 ON 22
[REMARKS]
#FINAL-10-22#