000
CXUS56 KLOX 011655
CF6WJF
PRELIMINARY LOCAL CLIMATOLOGICAL DATA (WS FORM: F-6)
STATION: LANCASTER FOX FIELD CA
MONTH: SEPTEMBER
YEAR: 2020
LATITUDE: 34 43 N
LONGITUDE: 118 13 W
TEMPERATURE IN F: :PCPN: SNOW: WIND :SUNSHINE: SKY :PK WND
================================================================================
1 2 3 4 5 6A 6B 7 8 9 10 11 12 13 14 15 16 17 18
12Z AVG MX 2MIN
DY MAX MIN AVG DEP HDD CDD WTR SNW DPTH SPD SPD DIR MIN PSBL S-S WX SPD DR
================================================================================
1 101 63 82 4 0 17 0.00 0.0 0 10.1 23 260 M M 0 27 240
2 103 63 83 5 0 18 0.00 0.0 0 8.8 23 260 M M 0 29 260
3 107 65 86 8 0 21 0.00 0.0 0 7.7 25 280 M M 0 8 30 280
4 108 62 85 8 0 20 0.00 0.0 0 6.4 22 270 M M 0 27 230
5 111 64 88 11 0 23 0.00 0.0 0 4.5 17 240 M M 0 22 240
6 112 66 89 12 0 24 0.00 0.0 0 4.7 16 280 M M 0 8 20 280
7 109 69 89 13 0 24 0.00 0.0 0 10.4 26 290 M M 5 8 33 330
8 97 63 80 4 0 15 0.00 0.0 0 12.4 28 60 M M 8 8 37 60
9 86 50 68 -8 0 3 0.00 0.0 0 6.7 21 60 M M 2 26 60
10 85 48 67 -9 0 2 0.00 0.0 0 3.4 10 290 M M 0 12 280
11 88 47 68 -7 0 3 0.00 0.0 0 2.4 10 290 M M 0 15 50
12 93 46 70 -5 0 5 0.00 0.0 0 3.4 12 310 M M 0 14 90
13 98 49 74 -1 0 9 0.00 0.0 0 5.6 21 240 M M 1 25 240
14 95 51 73 -1 0 8 0.00 0.0 0 5.2 21 240 M M 2 8 24 230
15 94 53 74 0 0 9 0.00 0.0 0 5.3 18 250 M M 2 8 22 250
16 97 51 74 0 0 9 0.00 0.0 0 5.4 15 250 M M 2 8 20 220
17 98 49 74 1 0 9 0.00 0.0 0 5.8 17 240 M M 2 8 22 250
18 97 54 76 3 0 11 0.00 0.0 0 8.8 25 230 M M 0 8 30 220
19 94 61 78 5 0 13 0.00 0.0 0 12.6 22 250 M M 0 26 250
20 95 48 72 0 0 7 0.00 0.0 0 6.7 23 260 M M 2 25 260
21 96 55 76 4 0 11 0.00 0.0 0 8.5 24 250 M M 0 30 250
22 95 61 78 6 0 13 0.00 0.0 0 11.4 23 240 M M 0 27 240
23 96 57 77 6 0 12 0.00 0.0 0 7.6 24 270 M M 0 8 28 270
24 97 55 76 5 0 11 0.00 0.0 0 10.9 30 270 M M 1 8 35 270
25 95 61 78 8 0 13 0.00 0.0 0 12.4 26 270 M M 0 8 34 270
26 92 55 74 4 0 9 0.00 0.0 0 11.8 29 270 M M 1 8 33 270
27 97 54 76 6 0 11 0.00 0.0 0 6.1 21 50 M M 0 30 80
28 96 53 75 6 0 10 0.00 0.0 0 6.5 18 60 M M 0 26 90
29 97 50 74 5 0 9 0.00 0.0 0 3.9 12 60 M M 0 16 50
30 99 51 75 7 0 10 0.00 0.0 0 4.7 17 290 M M 0 8 20 290
================================================================================
SM 2928 1674 0 359 0.00 0.0 220.1 M 28
================================================================================
AV 97.6 55.8 7.3 FASTST M M 1 MAX(MPH)
MISC ----> # 30 270 # 37 60
================================================================================
NOTES:
# LAST OF SEVERAL OCCURRENCES
COLUMN 17 PEAK WIND IN M.P.H.
PRELIMINARY LOCAL CLIMATOLOGICAL DATA (WS FORM: F-6) , PAGE 2
STATION: LANCASTER FOX FIELD CA
MONTH: SEPTEMBER
YEAR: 2020
LATITUDE: 34 43 N
LONGITUDE: 118 13 W
[TEMPERATURE DATA] [PRECIPITATION DATA] SYMBOLS USED IN COLUMN 16
AVERAGE MONTHLY: 76.7 TOTAL FOR MONTH: 0.00 1 = FOG OR MIST
DPTR FM NORMAL: 3.0 DPTR FM NORMAL: -0.15 2 = FOG REDUCING VISIBILITY
HIGHEST: 112 ON 6 GRTST 24HR 0.00 ON 30-30 TO 1/4 MILE OR LESS
LOWEST: 46 ON 12 3 = THUNDER
SNOW, ICE PELLETS, HAIL 4 = ICE PELLETS
TOTAL MONTH: 0.0 INCH 5 = HAIL
GRTST 24HR 0.0 6 = FREEZING RAIN OR DRIZZLE
GRTST DEPTH: 0 7 = DUSTSTORM OR SANDSTORM:
VSBY 1/2 MILE OR LESS
8 = SMOKE OR HAZE
[NO. OF DAYS WITH] [WEATHER - DAYS WITH] 9 = BLOWING SNOW
X = TORNADO
MAX 32 OR BELOW: 0 0.01 INCH OR MORE: 0
MAX 90 OR ABOVE: 27 0.10 INCH OR MORE: 0
MIN 32 OR BELOW: 0 0.50 INCH OR MORE: 0
MIN 0 OR BELOW: 0 1.00 INCH OR MORE: 0
[HDD (BASE 65) ]
TOTAL THIS MO. 0 CLEAR (SCALE 0-3) 28
DPTR FM NORMAL -12 PTCLDY (SCALE 4-7) 1
TOTAL FM JUL 1 0 CLOUDY (SCALE 8-10) 1
DPTR FM NORMAL -12
[CDD (BASE 65) ]
TOTAL THIS MO. 359
DPTR FM NORMAL 88 [PRESSURE DATA]
TOTAL FM JAN 1 2060 HIGHEST SLP 30.05 ON 15
DPTR FM NORMAL 230 LOWEST SLP 29.65 ON 8
[REMARKS]
#FINAL-09-20#