000
CXUS56 KLKN 071657
CF6WMC
PRELIMINARY LOCAL CLIMATOLOGICAL DATA (WS FORM: F-6)
STATION: WINNEMUCCA AIRPORT NV
MONTH: JUNE
YEAR: 2022
LATITUDE: 40 54 N
LONGITUDE: 117 48 W
TEMPERATURE IN F: :PCPN: SNOW: WIND :SUNSHINE: SKY :PK WND
================================================================================
1 2 3 4 5 6A 6B 7 8 9 10 11 12 13 14 15 16 17 18
12Z AVG MX 2MIN
DY MAX MIN AVG DEP HDD CDD WTR SNW DPTH SPD SPD DIR MIN PSBL S-S WX SPD DR
================================================================================
1 81 32 57 -4 8 0 0.00 0.0 0 6.8 16 60 M M 0 23 50
2 84 41 63 2 2 0 T 0.0 0 7.9 30 220 M M 1 42 210
3 85 47 66 5 0 1 0.00 0.0 0 8.6 23 260 M M 1 34 260
4 75 51 63 1 2 0 0.01 0.0 0 9.3 21 260 M M 6 32 240
5 77 52 65 3 0 0 0.17 0.0 0 9.2 26 220 M M 8 18 35 220
6 80 49 65 3 0 0 0.00 0.0 0 5.9 20 250 M M 0 27 270
7 85 40 63 1 2 0 0.00 0.0 0 5.3 13 270 M M 0 19 270
8 90 44 67 4 0 2 0.00 0.0 0 4.9 20 40 M M 0 27 40
9 93 49 71 8 0 6 0.00 0.0 0 6.7 18 260 M M 0 27 260
10 97 51 74 11 0 9 0.00 0.0 0 8.1 24 230 M M 0 34 240
11 95 53 74 10 0 9 0.00 0.0 0 11.8 26 260 M M 1 8 38 240
12 86 50 68 4 0 3 0.09 0.0 0 13.8 40 250 M M 9 138 62 250
13 64 35 50 -14 15 0 0.00 0.0 0 9.0 21 310 M M 5 29 330
14 74 26 50 -15 15 0 0.00 0.0 0 9.7 28 290 M M 0 37 290
15 86 40 63 -2 2 0 0.00 0.0 0 7.8 15 30 M M 0 20 20
16 96 42 69 4 0 4 0.00 0.0 0 10.0 26 240 M M 2 8 41 250
17 70 44 57 -9 8 0 0.00 0.0 0 8.0 31 190 M M 5 8 44 190
18 70 42 56 -10 9 0 0.00 0.0 0 10.7 20 270 M M 0 8 31 260
19 68 35 52 -14 13 0 T 0.0 0 8.0 36 320 M M 3 8 46 330
20 73 29 51 -16 14 0 0.00 0.0 0 4.9 14 50 M M 0 20 50
21 87 50 69 2 0 4 0.00 0.0 0 10.6 21 40 M M 0 29 40
22 95 51 73 5 0 8 0.00 0.0 0 5.3 18 270 M M 1 8 24 260
23 90 60 75 7 0 10 0.00 0.0 0 10.6 31 190 M M 1 8 44 200
24 90 51 71 3 0 6 0.00 0.0 0 8.6 24 50 M M 1 34 40
25 94 61 78 9 0 13 0.00 0.0 0 13.4 24 60 M M M 34 60
26 98 62 80 11 0 15 T 0.0 0 8.5 18 50 M M 0 26 40
27 101 52 77 7 0 12 0.00 0.0 0 5.4 20 250 M M 0 8 26 240
28 98 55 77 7 0 12 0.00 0.0 0 10.4 30 260 M M 0 8 44 240
29 94 49 72 2 0 7 0.00 0.0 0 9.4 23 260 M M 0 32 250
30 93 47 70 -1 0 5 0.00 0.0 0 7.1 20 270 M M 0 32 260
================================================================================
SM 2569 1390 90 126 0.27 0.0 255.7 M 44
================================================================================
AV 85.6 46.3 8.5 FASTST M M 2 MAX(MPH)
MISC ----> 40 250 62 250
================================================================================
NOTES:
# LAST OF SEVERAL OCCURRENCES
COLUMN 17 PEAK WIND IN M.P.H.
PRELIMINARY LOCAL CLIMATOLOGICAL DATA (WS FORM: F-6) , PAGE 2
STATION: WINNEMUCCA AIRPORT NV
MONTH: JUNE
YEAR: 2022
LATITUDE: 40 54 N
LONGITUDE: 117 48 W
[TEMPERATURE DATA] [PRECIPITATION DATA] SYMBOLS USED IN COLUMN 16
AVERAGE MONTHLY: 66.0 TOTAL FOR MONTH: 0.27 1 = FOG OR MIST
DPTR FM NORMAL: 0.6 DPTR FM NORMAL: -0.23 2 = FOG REDUCING VISIBILITY
HIGHEST: 101 ON 27 GRTST 24HR 0.17 ON 4- 5 TO 1/4 MILE OR LESS
LOWEST: 26 ON 14 3 = THUNDER
SNOW, ICE PELLETS, HAIL 4 = ICE PELLETS
TOTAL MONTH: 0.0 INCH 5 = HAIL
GRTST 24HR 0.0 6 = FREEZING RAIN OR DRIZZLE
GRTST DEPTH: 0 7 = DUSTSTORM OR SANDSTORM:
VSBY 1/2 MILE OR LESS
8 = SMOKE OR HAZE
[NO. OF DAYS WITH] [WEATHER - DAYS WITH] 9 = BLOWING SNOW
X = TORNADO
MAX 32 OR BELOW: 0 0.01 INCH OR MORE: 3
MAX 90 OR ABOVE: 14 0.10 INCH OR MORE: 1
MIN 32 OR BELOW: 3 0.50 INCH OR MORE: 0
MIN 0 OR BELOW: 0 1.00 INCH OR MORE: 0
[HDD (BASE 65) ]
TOTAL THIS MO. 90 CLEAR (SCALE 0-3) 24
DPTR FM NORMAL 1 PTCLDY (SCALE 4-7) 4
TOTAL FM JUL 1 5895 CLOUDY (SCALE 8-10) 2
DPTR FM NORMAL 5
[CDD (BASE 65) ]
TOTAL THIS MO. 126
DPTR FM NORMAL 25 [PRESSURE DATA]
TOTAL FM JAN 1 131 HIGHEST SLP 30.21 ON 20
DPTR FM NORMAL 14 LOWEST SLP 29.49 ON 12
[REMARKS]
#FINAL-06-22#