000
CXUS55 KRIW 031753
CLMWRL
CLIMATE REPORT
NATIONAL WEATHER SERVICE RIVERTON WY
1053 AM MST WED JAN 03 2024
...................................
...THE WORLAND WY CLIMATE SUMMARY FOR THE MONTH OF DECEMBER 2023...
CLIMATE NORMAL PERIOD: 1991 TO 2020
CLIMATE RECORD PERIOD: 1947 TO 2023
WEATHER OBSERVED NORMAL DEPART LAST YEAR`S
VALUE DATE(S) VALUE FROM VALUE
NORMAL
..............................................................
TEMPERATURE (F)
RECORD
HIGH 64 12/10/1981
LOW -50 12/21/1990
HIGHEST 50 12/21
LOWEST -5 12/25
AVG. MAXIMUM 38.1 31.5 6.6
AVG. MINIMUM 11.4 4.8 6.6
MEAN 24.8 18.2 6.6
DAYS MAX >= 90 0
DAYS MAX <= 32 4
DAYS MIN <= 32 31
DAYS MIN <= 0 1
PRECIPITATION (INCHES)
RECORD
MAXIMUM 0.88 MM
MINIMUM 0.00 2006
TOTALS T 0.18 -0.18 0.12
DAILY AVG. T 0.01 -0.01
DAYS >= .01 0
DAYS >= .10 0
DAYS >= .50 0
DAYS >= 1.00 0
GREATEST
24 HR. TOTAL T 12/23 TO 12/23
12/07 TO 12/07
12/23 TO 12/23
STORM TOTAL 0.00
DEGREE DAYS
HEATING TOTAL 1242 1452 -210
SINCE 7/1 2978 3360 -382
COOLING TOTAL 0 0 0
SINCE 1/1 440 528 -88
..............................................................
WIND (MPH)
AVERAGE WIND SPEED 3.5
RESULTANT WIND SPEED/DIRECTION 1/200
HIGHEST WIND SPEED/DIRECTION 30/330 DATE 12/23
HIGHEST GUST SPEED/DIRECTION 42/330 DATE 12/23
SKY COVER
POSSIBLE SUNSHINE (PERCENT) MM
AVERAGE SKY COVER 0.10
NUMBER OF DAYS FAIR 29
NUMBER OF DAYS PC 2
NUMBER OF DAYS CLOUDY 0
AVERAGE RH (PERCENT) 74
WEATHER CONDITIONS. NUMBER OF DAYS WITH
THUNDERSTORM 0 MIXED PRECIP 0
HEAVY RAIN 0 RAIN 0
LIGHT RAIN 0 FREEZING RAIN 0
LT FREEZING RAIN 0 HAIL 0
HEAVY SNOW 0 SNOW 1
LIGHT SNOW 1 SLEET 0
FOG 1 FOG W/VIS <= 1/4 MILE 0
HAZE 1
- INDICATES NEGATIVE NUMBERS.
R INDICATES RECORD WAS SET OR TIED.
MM INDICATES DATA IS MISSING.
T INDICATES TRACE AMOUNT.
$$