000
CXUS56 KPDT 011910
CF6YKM
PRELIMINARY LOCAL CLIMATOLOGICAL DATA (WS FORM: F-6)
STATION: YAKIMA WA
MONTH: FEBRUARY
YEAR: 2024
LATITUDE: 46 34 N
LONGITUDE: 120 32 W
TEMPERATURE IN F: :PCPN: SNOW: WIND :SUNSHINE: SKY :PK WND
================================================================================
1 2 3 4 5 6A 6B 7 8 9 10 11 12 13 14 15 16 17 18
12Z AVG MX 2MIN
DY MAX MIN AVG DEP HDD CDD WTR SNW DPTH SPD SPD DIR MIN PSBL S-S WX SPD DR
================================================================================
1 52 35 44 10 21 0 T M M 2.9 8 300 M M 6 12 10 160
2 50 30 40 6 25 0 0.00 M M 2.1 8 130 M M 4 12 11 110
3 49 29 39 5 26 0 0.00 M M 1.8 9 250 M M 6 12 10 250
4 50 27 39 4 26 0 T M M 5.5 13 50 M M 5 18 50
5 43 38 41 6 24 0 0.19 M M 4.3 12 250 M M 10 1 15 240
6 47 36 42 7 23 0 T M M 1.1 7 260 M M 10 1 7 260
7 51 32 42 7 23 0 0.00 M M 4.4 9 160 M M 7 13 170
8 50 27 39 4 26 0 0.00 M M 4.8 10 260 M M 4 14 270
9 53 29 41 6 24 0 0.00 M M 3.1 10 270 M M 4 14 30
10 48 24 36 0 29 0 0.00 M M 4.1 8 270 M M 3 12 170
11 49 29 39 3 26 0 T M M 2.9 8 250 M M 5 14 150
12 51 31 41 5 24 0 0.00 M M 2.5 10 290 M M 6 1 12 280
13 48 28 38 2 27 0 0.00 M M 2.8 9 100 M M 8 13 100
14 41 33 37 1 28 0 0.04 M M 6.8 21 50 M M 10 18 27 50
15 37 31 34 -3 31 0 0.13 M M 3.3 12 40 M M 10 1 16 20
16 41 20 31 -6 34 0 0.00 M M 6.3 12 250 M M 2 17 240
17 41 25 33 -4 32 0 0.00 M M 6.7 16 360 M M 7 20 360
18 41 34 38 1 27 0 0.01 M M 4.0 8 160 M M 10 11 160
19 43 37 40 2 25 0 0.12 M M 6.4 13 240 M M 10 1 17 240
20 47 39 43 5 22 0 T M M 1.2 9 240 M M 10 12 250
21 49 34 42 4 23 0 0.03 M M 4.0 8 160 M M 9 1 M M
22 56 28 42 4 23 0 0.00 M M 2.8 9 290 M M 0 12 160
23 57 27 42 4 23 0 0.00 M M 4.7 9 270 M M 0 11 180
24 54 33 44 5 21 0 0.00 M M 2.9 9 320 M M 0 14 330
25 62 33 48 9 17 0 T M M 5.9 25 200 M M 3 36 200
26 49 29 39 0 26 0 0.00 M M 12.4 26 300 M M 1 39 310
27 47 18 33 -6 32 0 0.00 M M 6.5 22 190 M M 3 40 200
28 56 34 45 5 20 0 0.00 M M 15.9 36 190 M M 4 56 190
29 52 36 44 4 21 0 0.00 M M 14.2 31 200 M M 3 48 200
================================================================================
SM 1414 886 729 0 0.52 M 146.3 M 160
================================================================================
AV 48.8 30.6 5.0 FASTST M M 6 MAX(MPH)
MISC ----> 36 190 56 190
================================================================================
NOTES:
# LAST OF SEVERAL OCCURRENCES
COLUMN 17 PEAK WIND IN M.P.H.
PRELIMINARY LOCAL CLIMATOLOGICAL DATA (WS FORM: F-6) , PAGE 2
STATION: YAKIMA WA
MONTH: FEBRUARY
YEAR: 2024
LATITUDE: 46 34 N
LONGITUDE: 120 32 W
[TEMPERATURE DATA] [PRECIPITATION DATA] SYMBOLS USED IN COLUMN 16
AVERAGE MONTHLY: 39.7 TOTAL FOR MONTH: 0.52 1 = FOG OR MIST
DPTR FM NORMAL: 3.1 DPTR FM NORMAL: -0.29 2 = FOG REDUCING VISIBILITY
HIGHEST: 62 ON 25 GRTST 24HR 0.19 ON 4- 5 TO 1/4 MILE OR LESS
LOWEST: 18 ON 27 3 = THUNDER
SNOW, ICE PELLETS, HAIL 4 = ICE PELLETS
TOTAL MONTH: M 5 = HAIL
GRTST 24HR M ON M 6 = FREEZING RAIN OR DRIZZLE
GRTST DEPTH: M ON M 7 = DUSTSTORM OR SANDSTORM:
VSBY 1/2 MILE OR LESS
8 = SMOKE OR HAZE
[NO. OF DAYS WITH] [WEATHER - DAYS WITH] 9 = BLOWING SNOW
X = TORNADO
MAX 32 OR BELOW: 0 0.01 INCH OR MORE: 6
MAX 90 OR ABOVE: 0 0.10 INCH OR MORE: 3
MIN 32 OR BELOW: 17 0.50 INCH OR MORE: 0
MIN 0 OR BELOW: 0 1.00 INCH OR MORE: 0
[HDD (BASE 65) ]
TOTAL THIS MO. 729 CLEAR (SCALE 0-3) 7
DPTR FM NORMAL -65 PTCLDY (SCALE 4-7) 14
TOTAL FM JUL 1 3968 CLOUDY (SCALE 8-10) 8
DPTR FM NORMAL -416
[CDD (BASE 65) ]
TOTAL THIS MO. 0
DPTR FM NORMAL 0 [PRESSURE DATA]
TOTAL FM JAN 1 0 HIGHEST SLP 30.55 ON 16
DPTR FM NORMAL 0 LOWEST SLP 29.32 ON 29
[REMARKS]
#FINAL-02-24#