000
CXUS56 KPDT 020532
CF6YKM
PRELIMINARY LOCAL CLIMATOLOGICAL DATA (WS FORM: F-6)
STATION: YAKIMA WA
MONTH: MAY
YEAR: 2020
LATITUDE: 46 34 N
LONGITUDE: 120 32 W
TEMPERATURE IN F: :PCPN: SNOW: WIND :SUNSHINE: SKY :PK WND
================================================================================
1 2 3 4 5 6A 6B 7 8 9 10 11 12 13 14 15 16 17 18
12Z AVG MX 2MIN
DY MAX MIN AVG DEP HDD CDD WTR SNW DPTH SPD SPD DIR MIN PSBL S-S WX SPD DR
================================================================================
1 71 28 50 -3 15 0 T M M 5.4 21 200 M M 2 30 210
2 72 42 57 4 8 0 0.09 M M 6.9 28 250 M M 7 35 260
3 64 33 49 -4 16 0 T M M 6.9 18 310 M M 2 22 300
4 70 29 50 -4 15 0 0.00 M M 4.4 12 260 M M 3 16 130
5 78 50 64 10 1 0 0.04 M M 5.1 13 270 M M 4 17 250
6 63 45 54 0 11 0 0.25 M M 16.2 32 280 M M 2 1 40 290
7 69 32 51 -4 14 0 0.00 M M 5.1 14 290 M M 0 8 18 290
8 76 38 57 2 8 0 0.00 M M 6.9 14 70 M M 0 18 70
9 81 44 63 8 2 0 0.00 M M 8.1 15 50 M M 0 20 40
10 82 56 69 13 0 4 0.00 M M 10.6 21 10 M M 1 26 10
11 75 59 67 11 0 2 T M M 10.3 23 20 M M 4 29 10
12 69 46 58 2 7 0 0.08 M M 6.6 25 190 M M 5 8 30 190
13 70 43 57 1 8 0 0.01 M M 5.2 21 220 M M 5 27 210
14 69 48 59 2 6 0 0.17 M M 4.9 16 280 M M 7 20 290
15 72 40 56 -1 9 0 T M M 4.5 14 180 M M 3 16 180
16 73 47 60 3 5 0 0.02 M M 4.2 17 240 M M 6 21 230
17 66 50 58 0 7 0 0.01 M M 5.7 16 140 M M 7 20 140
18 71 46 59 1 6 0 T M M 6.9 21 250 M M 4 3 28 260
19 69 53 61 3 4 0 0.19 M M 8.2 25 310 M M 8 1 31 310
20 75 55 65 7 0 0 0.00 M M 16.7 30 280 M M 1 42 330
21 65 44 55 -4 10 0 0.00 M M 15.5 26 270 M M 1 33 270
22 68 33 51 -8 14 0 0.00 M M 9.8 26 260 M M 3 32 270
23 73 35 54 -5 11 0 0.00 M M 5.7 15 340 M M 0 20 250
24 78 45 62 3 3 0 0.00 M M 5.1 12 330 M M 3 15 330
25 76 52 64 4 1 0 0.01 M M 4.4 13 150 M M 5 16 340
26 83 46 65 5 0 0 0.00 M M 6.3 23 330 M M 0 27 330
27 84 45 65 5 0 0 0.00 M M 5.8 13 140 M M 0 16 80
28 88 49 69 9 0 4 0.00 M M 5.4 10 280 M M 0 13 170
29 93 50 72 12 0 7 0.00 M M 5.0 10 170 M M 0 15 150
30 92 65 79 18 0 14 T M M 9.7 17 20 M M 0 3 24 20
31 73 57 65 4 0 0 0.00 M M 7.2 12 350 M M 2 M M
================================================================================
SM 2308 1405 181 31 0.87 M 228.7 M 85
================================================================================
AV 74.5 45.3 7.4 FASTST M M 3 MAX(MPH)
MISC ----> # 32 280 # 42 330
================================================================================
NOTES:
# LAST OF SEVERAL OCCURRENCES
COLUMN 17 PEAK WIND IN M.P.H.
PRELIMINARY LOCAL CLIMATOLOGICAL DATA (WS FORM: F-6) , PAGE 2
STATION: YAKIMA WA
MONTH: MAY
YEAR: 2020
LATITUDE: 46 34 N
LONGITUDE: 120 32 W
[TEMPERATURE DATA] [PRECIPITATION DATA] SYMBOLS USED IN COLUMN 16
AVERAGE MONTHLY: 59.9 TOTAL FOR MONTH: 0.87 1 = FOG OR MIST
DPTR FM NORMAL: 2.8 DPTR FM NORMAL: 0.29 2 = FOG REDUCING VISIBILITY
HIGHEST: 93 ON 29 GRTST 24HR 0.25 ON 6- 6 TO 1/4 MILE OR LESS
LOWEST: 28 ON 1 3 = THUNDER
SNOW, ICE PELLETS, HAIL 4 = ICE PELLETS
TOTAL MONTH: M 5 = HAIL
GRTST 24HR M ON M 6 = FREEZING RAIN OR DRIZZLE
GRTST DEPTH: M ON M 7 = DUSTSTORM OR SANDSTORM:
VSBY 1/2 MILE OR LESS
8 = SMOKE OR HAZE
[NO. OF DAYS WITH] [WEATHER - DAYS WITH] 9 = BLOWING SNOW
X = TORNADO
MAX 32 OR BELOW: 0 0.01 INCH OR MORE: 10
MAX 90 OR ABOVE: 2 0.10 INCH OR MORE: 3
MIN 32 OR BELOW: 3 0.50 INCH OR MORE: 0
MIN 0 OR BELOW: 0 1.00 INCH OR MORE: 0
[HDD (BASE 65) ]
TOTAL THIS MO. 181 CLEAR (SCALE 0-3) 18
DPTR FM NORMAL -81 PTCLDY (SCALE 4-7) 13
TOTAL FM JUL 1 5501 CLOUDY (SCALE 8-10) 0
DPTR FM NORMAL -443
[CDD (BASE 65) ]
TOTAL THIS MO. 31
DPTR FM NORMAL 12 [PRESSURE DATA]
TOTAL FM JAN 1 31 HIGHEST SLP M ON M
DPTR FM NORMAL 11 LOWEST SLP 29.62 ON 11
[REMARKS]
#FINAL-05-20#