000
CXUS51 KCLE 011717 RRA
CF6YNG
PRELIMINARY LOCAL CLIMATOLOGICAL DATA (WS FORM: F-6)
STATION: YOUNGSTOWN OH
MONTH: NOVEMBER
YEAR: 2023
LATITUDE: 41 16 N
LONGITUDE: 80 40 W
TEMPERATURE IN F: :PCPN: SNOW: WIND :SUNSHINE: SKY :PK WND
================================================================================
1 2 3 4 5 6A 6B 7 8 9 10 11 12 13 14 15 16 17 18
12Z AVG MX 2MIN
DY MAX MIN AVG DEP HDD CDD WTR SNW DPTH SPD SPD DIR MIN PSBL S-S WX SPD DR
================================================================================
1 42 28 35 -11 30 0 0.03 0.3 T 9.5 21 290 M M 7 1 30 290
2 48 28 38 -8 27 0 0.00 0.0 0 9.1 20 220 M M 7 26 220
3 61 38 50 4 15 0 0.00 0.0 0 10.1 21 220 M M 7 29 190
4 56 46 51 5 14 0 0.00 0.0 0 3.9 9 230 M M 9 12 210
5 58 36 47 2 18 0 0.00 0.0 0 4.8 12 360 M M 7 1 16 300
6 65 39 52 7 13 0 T 0.0 0 11.4 23 220 M M 9 34 220
7 61 43 52 8 13 0 T 0.0 0 10.9 18 330 M M 7 27 260
8 57 34 46 2 19 0 0.00 0.0 0 9.6 16 130 M M 7 24 130
9 66 42 54 10 11 0 T 0.0 0 10.6 21 300 M M 7 32 300
10 59 35 47 4 18 0 0.00 0.0 0 7.7 22 260 M M 6 31 270
11 47 27 37 -6 28 0 0.00 0.0 0 4.7 13 330 M M 7 17 320
12 51 26 39 -4 26 0 0.00 0.0 0 3.0 9 70 M M 4 16 90
13 58 27 43 1 22 0 0.00 0.0 0 9.2 21 310 M M 2 29 310
14 54 30 42 0 23 0 0.00 0.0 0 3.7 13 360 M M 2 17 20
15 63 27 45 3 20 0 0.00 0.0 0 8.5 17 220 M M 3 25 220
16 66 36 51 10 14 0 0.00 0.0 0 6.4 15 210 M M 3 20 200
17 58 40 49 8 16 0 0.81 0.0 0 11.4 20 350 M M 10 1 31 330
18 49 29 39 -2 26 0 0.00 0.0 0 5.8 22 360 M M 3 32 360
19 53 32 43 3 22 0 0.00 0.0 0 6.9 15 310 M M 1 19 10
20 43 27 35 -5 30 0 0.00 0.0 0 8.9 18 110 M M 7 26 110
21 46 37 42 2 23 0 0.69 0.0 0 14.1 23 130 M M 10 1 34 130
22 46 37 42 3 23 0 0.03 0.0 0 8.8 20 260 M M 10 1 29 250
23 47 35 41 2 24 0 0.00 0.0 0 7.9 16 250 M M 8 23 240
24 41 30 36 -3 29 0 0.00 0.0 0 9.7 18 340 M M 9 24 340
25 41 23 32 -6 33 0 0.00 0.0 0 4.7 13 140 M M 6 18 30
26 49 27 38 0 27 0 0.21 0.0 0 8.9 17 250 M M 9 1 26 260
27 39 26 33 -5 32 0 0.02 0.3 0 15.4 25 240 M M 10 1 37 260
28 26 20 23 -14 42 0 0.05 1.1 T 13.4 20 250 M M 9 1 29 260
29 32 16 24 -13 41 0 T T T 8.7 17 200 M M 5 29 200
30 53 30 42 5 23 0 0.00 0.0 T 10.3 21 220 M M 4 31 220
================================================================================
SM 1535 951 702 0 1.84 1.7 258.0 M 195
================================================================================
AV 51.2 31.7 8.6 FASTST M M 7 MAX(MPH)
MISC ----> 25 240 37 260
================================================================================
NOTES:
# LAST OF SEVERAL OCCURRENCES
COLUMN 17 PEAK WIND IN M.P.H.
PRELIMINARY LOCAL CLIMATOLOGICAL DATA (WS FORM: F-6) , PAGE 2
STATION: YOUNGSTOWN OH
MONTH: NOVEMBER
YEAR: 2023
LATITUDE: 41 16 N
LONGITUDE: 80 40 W
[TEMPERATURE DATA] [PRECIPITATION DATA] SYMBOLS USED IN COLUMN 16
AVERAGE MONTHLY: 41.4 TOTAL FOR MONTH: 1.84 1 = FOG OR MIST
DPTR FM NORMAL: -0.1 DPTR FM NORMAL: -1.12 2 = FOG REDUCING VISIBILITY
HIGHEST: 66 ON 16, 9 GRTST 24HR 0.81 ON 17-17 TO 1/4 MILE OR LESS
LOWEST: 16 ON 29 3 = THUNDER
SNOW, ICE PELLETS, HAIL 4 = ICE PELLETS
TOTAL MONTH: 1.7 INCHES 5 = HAIL
GRTST 24HR 1.1 ON 28-28 6 = FREEZING RAIN OR DRIZZLE
GRTST DEPTH: T 7 = DUSTSTORM OR SANDSTORM:
VSBY 1/2 MILE OR LESS
8 = SMOKE OR HAZE
[NO. OF DAYS WITH] [WEATHER - DAYS WITH] 9 = BLOWING SNOW
X = TORNADO
MAX 32 OR BELOW: 2 0.01 INCH OR MORE: 7
MAX 90 OR ABOVE: 0 0.10 INCH OR MORE: 3
MIN 32 OR BELOW: 17 0.50 INCH OR MORE: 2
MIN 0 OR BELOW: 0 1.00 INCH OR MORE: 0
[HDD (BASE 65) ]
TOTAL THIS MO. 702 CLEAR (SCALE 0-3) 4
DPTR FM NORMAL -3 PTCLDY (SCALE 4-7) 17
TOTAL FM JUL 1 1115 CLOUDY (SCALE 8-10) 9
DPTR FM NORMAL -142
[CDD (BASE 65) ]
TOTAL THIS MO. 0
DPTR FM NORMAL 0 [PRESSURE DATA]
TOTAL FM JAN 1 614 HIGHEST SLP 30.53 ON 12
DPTR FM NORMAL -19 LOWEST SLP 29.66 ON 9
[REMARKS]
#FINAL-11-23#