000
CXUS55 KCAE 261400
CF6AGS
PRELIMINARY LOCAL CLIMATOLOGICAL DATA (WS FORM: F-6)

                                          STATION:   AUGUSTA BUSH FIELD GA
                                          MONTH:     MAY
                                          YEAR:      2018
                                          LATITUDE:   33 22 N
                                          LONGITUDE:  81 58 W

  TEMPERATURE IN F:       :PCPN:    SNOW:  WIND      :SUNSHINE: SKY     :PK WND
================================================================================
1   2   3   4   5  6A  6B    7    8   9   10  11  12  13   14  15   16   17  18
                                     12Z  AVG MX 2MIN
DY MAX MIN AVG DEP HDD CDD  WTR  SNW DPTH SPD SPD DIR MIN PSBL S-S WX    SPD DR
================================================================================

 1  83  41  62  -5   3   0 0.00  0.0    0  2.1 10 220   M    M   1 12     13 220
 2  84  47  66  -1   0   1 0.00  0.0    0  3.5 12 110   M    M   0 12     16 100
 3  86  49  68   1   0   3 0.00  0.0    0  3.6 12 130   M    M   0 128    15 140
 4  87  51  69   1   0   4 0.00  0.0    0  3.6 13 190   M    M   1 12     20 310
 5  84  55  70   2   0   5 0.00  0.0    0  3.7 10 130   M    M   1 12     15 130
 6  86  56  71   3   0   6 0.00  0.0    0  6.5 21 290   M    M   1 12     31 310
 7  85  50  68   0   0   3 0.00  0.0    0  4.1 17 350   M    M   0        21  20
 8  84  55  70   1   0   5 0.00  0.0    0  3.8 12  10   M    M   1        15  10
 9  86  49  68  -1   0   3 0.00  0.0    0  1.6  7  80   M    M   2 12     17  40
10  93  55  74   5   0   9 0.00  0.0    0  3.8 14 280   M    M   1 1      20 280
11  95  55  75   5   0  10 0.00  0.0    0  3.0 10 350   M    M   2 1      14 310
12  94  62  78   8   0  13 0.00  0.0    0  2.2 13 340   M    M   2 13     20 330
13  95  59  77   7   0  12 0.00  0.0    0  3.8 14 170   M    M   0 128    18 170
14  91  60  76   5   0  11 0.00  0.0    0  4.3 14 150   M    M   0        23 140
15  77  69  73   2   0   8 0.98  0.0    0  4.0 17 180   M    M   7 18     23 170
16  86  68  77   6   0  12 0.08  0.0    0  5.3 23 150   M    M   8 13     29 150
17  77  69  73   1   0   8 0.10  0.0    0  4.0 10 140   M    M   9 13     12 140
18  87  66  77   5   0  12 1.14  0.0    0  7.3 20 280   M    M   8 138    24 280
19  87  67  77   5   0  12    T  0.0    0  5.2 15 150   M    M   7 1      21 140
20  83  68  76   4   0  11 0.01  0.0    0  3.6 17 170   M    M   7 13     22 170
21  87  63  75   2   0  10 0.00  0.0    0  3.4 12 120   M    M   1 1       M  M
22  85  67  76   3   0  11 1.18  0.0    0  5.2 18 240   M    M   6 1238   24 260
23  83  67  75   2   0  10 0.28  0.0    0  1.8 12 270   M    M   6 1238   14 240
24  88  68  78   4   0  13 0.10  0.0    0  2.7 23  40   M    M   8 123    30  50
25  83  70  77   3   0  12 1.20  0.0    0  4.2 13 110   M    M   9 13     18 130
================================================================================
SM 2156 1486         3 204  5.07     0.0  96.3          M       88
================================================================================
AV 86.2 59.4                               3.9 FASTST   M    M   4    MAX(MPH)
                                 MISC ---->  # 23 150               # 31  310
================================================================================
NOTES:
# LAST OF SEVERAL OCCURRENCES

COLUMN 17 PEAK WIND IN M.P.H.

PRELIMINARY LOCAL CLIMATOLOGICAL DATA (WS FORM: F-6) , PAGE 2

                                          STATION:  AUGUSTA BUSH FIELD GA
                                          MONTH:    MAY
                                          YEAR:     2018
                                          LATITUDE:   33 22 N
                                          LONGITUDE:  81 58 W

[TEMPERATURE DATA]      [PRECIPITATION DATA]       SYMBOLS USED IN COLUMN 16

AVERAGE MONTHLY: 72.8   TOTAL FOR MONTH:   5.07    1 = FOG OR MIST
DPTR FM NORMAL:   2.5   DPTR FM NORMAL:    3.10    2 = FOG REDUCING VISIBILITY
HIGHEST:    95 ON 13,11 GRTST 24HR  1.20 ON 25-25      TO 1/4 MILE OR LESS
LOWEST:     41 ON  1                               3 = THUNDER
                        SNOW, ICE PELLETS, HAIL    4 = ICE PELLETS
                        TOTAL MONTH:   0.0 INCH    5 = HAIL
                        GRTST 24HR     0.0         6 = FREEZING RAIN OR DRIZZLE
                        GRTST DEPTH:   0           7 = DUSTSTORM OR SANDSTORM:
                                                       VSBY 1/2 MILE OR LESS
                                                   8 = SMOKE OR HAZE
[NO. OF DAYS WITH]      [WEATHER - DAYS WITH]      9 = BLOWING SNOW
                                                   X = TORNADO
MAX 32 OR BELOW:   0    0.01 INCH OR MORE:   9
MAX 90 OR ABOVE:   5    0.10 INCH OR MORE:   7
MIN 32 OR BELOW:   0    0.50 INCH OR MORE:   4
MIN  0 OR BELOW:   0    1.00 INCH OR MORE:   3

[HDD (BASE 65) ]
TOTAL THIS MO.     3    CLEAR  (SCALE 0-3)  15
DPTR FM NORMAL   -15    PTCLDY (SCALE 4-7)   8
TOTAL FM JUL 1  2165    CLOUDY (SCALE 8-10)  2
DPTR FM NORMAL  -305

[CDD (BASE 65) ]
TOTAL THIS MO.   204
DPTR FM NORMAL    53    [PRESSURE DATA]
TOTAL FM JAN 1   287    HIGHEST SLP M ON M
DPTR FM NORMAL    63    LOWEST  SLP 29.82 ON  6

[REMARKS]
