000
CXUS55 KALY 260710
CF6ALB
PRELIMINARY LOCAL CLIMATOLOGICAL DATA (WS FORM: F-6)

                                          STATION:   ALBANY NY
                                          MONTH:     APRIL
                                          YEAR:      2018
                                          LATITUDE:   42 45 N
                                          LONGITUDE:  73 48 W

  TEMPERATURE IN F:       :PCPN:    SNOW:  WIND      :SUNSHINE: SKY     :PK WND
================================================================================
1   2   3   4   5  6A  6B    7    8   9   10  11  12  13   14  15   16   17  18
                                     12Z  AVG MX 2MIN
DY MAX MIN AVG DEP HDD CDD  WTR  SNW DPTH SPD SPD DIR MIN PSBL S-S WX    SPD DR
================================================================================

 1  47  27  37  -5  28   0    T    T    0 14.9 29 290   M    M   7        38 290
 2  47  28  38  -4  27   0 0.09  0.9    1  4.4 13 280   M    M   8 1      17 280
 3  44  33  39  -4  26   0 0.24    T    0  8.0 20 180   M    M  10 14     26 190
 4  52  30  41  -2  24   0 0.14  0.1    0 17.1 36 280   M    M   9 14     50 290
 5  39  24  32 -12  33   0    T    T    0 15.1 35 300   M    M   4        51 310
 6  40  19  30 -14  35   0 0.19  0.1    0  9.1 24 170   M    M   8 1      32 170
 7  40  25  33 -11  32   0 0.04  1.3    1 12.5 28 300   M    M   8 1      38 270
 8  39  19  29 -16  36   0    T    T    0 10.2 25 300   M    M   5        33 310
 9  44  23  34 -11  31   0 0.00  0.0    0  6.9 18 270   M    M   6        27 310
10  47  27  37  -9  28   0 0.00  0.0    0  6.1 18 270   M    M   7        24 270
11  50  21  36 -10  29   0 0.00  0.0    0  6.3 17 230   M    M   6        22 230
12  54  29  42  -4  23   0 0.10  0.0    0  8.5 18 160   M    M   8 1      27 180
13  63  40  52   5  13   0 0.00  0.0    0  5.0 13 350   M    M   7        19 190
14  49  28  39  -8  26   0    T  0.0    0 14.3 25  10   M    M   8        35 360
15  36  28  32 -16  33   0 0.15    T    0  5.9 13  20   M    M  10 146    16 360
16  49  32  41  -7  24   0 1.24  0.0    0  6.5 31 280   M    M   5 16     38 280
17  45  33  39 -10  26   0 0.01    T    0 11.4 23 270   M    M   9        31 250
18  47  33  40  -9  25   0    T    T    0 10.0 26 280   M    M  10        37 290
19  44  34  39 -10  26   0 0.01    T    0 11.0 24 290   M    M  10        37 290
20  47  31  39 -11  26   0 0.00  0.0    0 14.8 25 280   M    M   7        35 260
21  60  34  47  -3  18   0 0.00  0.0    0 11.2 22 280   M    M   2        34 290
22  65  29  47  -3  18   0 0.00  0.0    0  4.6 18 330   M    M   0        23 320
23  69  30  50  -1  15   0 0.00  0.0    0  5.3 18 180   M    M   1        26 180
24  70  45  58   7   7   0 0.02  0.0    0 11.1 22 180   M    M   7        32 150
25  57  49  53   1  12   0 1.05  0.0    0  3.3  9 310   M    M  10 1      14 180
================================================================================
SM 1244  751       621   0  3.28     2.4 233.5          M      172
================================================================================
AV 49.8 30.0                               9.3 FASTST   M    M   7    MAX(MPH)
                                 MISC ---->  # 36 280               # 51  310
================================================================================
NOTES:
# LAST OF SEVERAL OCCURRENCES

COLUMN 17 PEAK WIND IN M.P.H.

PRELIMINARY LOCAL CLIMATOLOGICAL DATA (WS FORM: F-6) , PAGE 2

                                          STATION:  ALBANY NY
                                          MONTH:    APRIL
                                          YEAR:     2018
                                          LATITUDE:   42 45 N
                                          LONGITUDE:  73 48 W

[TEMPERATURE DATA]      [PRECIPITATION DATA]       SYMBOLS USED IN COLUMN 16

AVERAGE MONTHLY: 39.9   TOTAL FOR MONTH:   3.28    1 = FOG OR MIST
DPTR FM NORMAL:  -6.9   DPTR FM NORMAL:    0.65    2 = FOG REDUCING VISIBILITY
HIGHEST:    70 ON 24    GRTST 24HR  1.24 ON 16-16      TO 1/4 MILE OR LESS
LOWEST:     19 ON  8, 6                            3 = THUNDER
                        SNOW, ICE PELLETS, HAIL    4 = ICE PELLETS
                        TOTAL MONTH:   2.4 INCHES  5 = HAIL
                        GRTST 24HR   1.3 ON  7- 7  6 = FREEZING RAIN OR DRIZZLE
                        GRTST DEPTH:   1 ON  7, 2  7 = DUSTSTORM OR SANDSTORM:
                                                       VSBY 1/2 MILE OR LESS
                                                   8 = SMOKE OR HAZE
[NO. OF DAYS WITH]      [WEATHER - DAYS WITH]      9 = BLOWING SNOW
                                                   X = TORNADO
MAX 32 OR BELOW:   0    0.01 INCH OR MORE:  12
MAX 90 OR ABOVE:   0    0.10 INCH OR MORE:   7
MIN 32 OR BELOW:  17    0.50 INCH OR MORE:   2
MIN  0 OR BELOW:   0    1.00 INCH OR MORE:   2

[HDD (BASE 65) ]
TOTAL THIS MO.   621    CLEAR  (SCALE 0-3)   3
DPTR FM NORMAL   164    PTCLDY (SCALE 4-7)  14
TOTAL FM JUL 1  6114    CLOUDY (SCALE 8-10)  8
DPTR FM NORMAL  -216

[CDD (BASE 65) ]
TOTAL THIS MO.     0
DPTR FM NORMAL     0    [PRESSURE DATA]
TOTAL FM JAN 1     0    HIGHEST SLP M ON M
DPTR FM NORMAL     0    LOWEST  SLP 29.33 ON  4

[REMARKS]
