000
CXUS53 KAPX 230631
CF6ANJ
PRELIMINARY LOCAL CLIMATOLOGICAL DATA (WS FORM: F-6)

                                          STATION:   SAULT STE MARIE MI
                                          MONTH:     APRIL
                                          YEAR:      2018
                                          LATITUDE:   46 28 N
                                          LONGITUDE:  84 21 W

  TEMPERATURE IN F:       :PCPN:    SNOW:  WIND      :SUNSHINE: SKY     :PK WND
================================================================================
1   2   3   4   5  6A  6B    7    8   9   10  11  12  13   14  15   16   17  18
                                     12Z  AVG MX 2MIN
DY MAX MIN AVG DEP HDD CDD  WTR  SNW DPTH SPD SPD DIR MIN PSBL S-S WX    SPD DR
================================================================================

 1  29  15  22 -11  43   0 0.06  2.1   18  7.2 18 270   M    M   6 1      25 290
 2  37   9  23 -11  42   0    T    T   16  3.6 13 280   M    M   3 18     16 280
 3  38  25  32  -2  33   0 0.07  0.9   15  4.8 13  60   M    M   7 18     21  60
 4  28  16  22 -13  43   0 0.10  1.5   15 13.8 26 310   M    M   6 18     39 310
 5  34   9  22 -13  43   0 0.15  4.9   15  4.0 15 310   M    M   7 1      19 320
 6  31  20  26 -10  39   0 0.10  2.5   19  9.9 30 300   M    M   9 128    40 300
 7  29  18  24 -12  41   0 0.08  1.8   18 11.4 23 310   M    M   9 18     33 300
 8  32  11  22 -15  43   0    T  0.1   17  6.6 16 310   M    M   3 1      22 320
 9  39  16  28  -9  37   0 0.00  0.0   15  4.5 13 300   M    M   1        17 300
10  41  16  29  -9  36   0 0.00  0.0   14  4.3 16 210   M    M   1 1      21 210
11  40  28  34  -4  31   0 0.03  0.2   14  7.5 15 310   M    M   5 18     21 310
12  37  27  32  -7  33   0 0.40  4.0   13  5.6 12 110   M    M   6 12     15 100
13  42  28  35  -4  30   0 0.00  0.0   15  6.6 14 290   M    M   4 1      24  30
14  38  23  31  -9  34   0 0.00  0.0   14 11.8 20  50   M    M   2        29  60
15  30  24  27 -13  38   0 0.44  1.5   13 14.8 25  70   M    M  10 18     40  90
16  30  28  29 -12  36   0 0.62  6.7   15  8.0 14  60   M    M  10 18     20  50
17  36  28  32  -9  33   0 0.22  1.2   22 11.6 20 310   M    M  10 1      28 300
18  45  28  37  -5  28   0 0.00  0.0   19  8.7 17  50   M    M   5        26  30
19  39  27  33  -9  32   0 0.00  0.0   16 10.8 21 310   M    M   0        31 310
20  52  25  39  -4  26   0 0.00  0.0   15  5.3 14 320   M    M   0 8      17 320
21  57  29  43   0  22   0 0.00  0.0   13  4.5 13 200   M    M   0        15 200
22  60  29  45   1  20   0 0.00  0.0   12  3.5 10 150   M    M   0        13 150
================================================================================
SM  844  479       763   0  2.27    27.4 168.8          M      104
================================================================================
AV 38.4 21.8                               7.7 FASTST   M    M   5    MAX(MPH)
                                 MISC ---->  # 30 300               # 40  300
================================================================================
NOTES:
# LAST OF SEVERAL OCCURRENCES

COLUMN 17 PEAK WIND IN M.P.H.

PRELIMINARY LOCAL CLIMATOLOGICAL DATA (WS FORM: F-6) , PAGE 2

                                          STATION:  SAULT STE MARIE MI
                                          MONTH:    APRIL
                                          YEAR:     2018
                                          LATITUDE:   46 28 N
                                          LONGITUDE:  84 21 W

[TEMPERATURE DATA]      [PRECIPITATION DATA]       SYMBOLS USED IN COLUMN 16

AVERAGE MONTHLY: 30.1   TOTAL FOR MONTH:   2.27    1 = FOG OR MIST
DPTR FM NORMAL:  -8.4   DPTR FM NORMAL:    0.48    2 = FOG REDUCING VISIBILITY
HIGHEST:    60 ON 22    GRTST 24HR  0.62 ON 16-16      TO 1/4 MILE OR LESS
LOWEST:      9 ON  5, 2                            3 = THUNDER
                        SNOW, ICE PELLETS, HAIL    4 = ICE PELLETS
                        TOTAL MONTH:  27.4 INCHES  5 = HAIL
                        GRTST 24HR   6.7 ON 16-16  6 = FREEZING RAIN OR DRIZZLE
                        GRTST DEPTH:  22 ON 17     7 = DUSTSTORM OR SANDSTORM:
                                                       VSBY 1/2 MILE OR LESS
                                                   8 = SMOKE OR HAZE
[NO. OF DAYS WITH]      [WEATHER - DAYS WITH]      9 = BLOWING SNOW
                                                   X = TORNADO
MAX 32 OR BELOW:   7    0.01 INCH OR MORE:  11
MAX 90 OR ABOVE:   0    0.10 INCH OR MORE:   7
MIN 32 OR BELOW:  22    0.50 INCH OR MORE:   1
MIN  0 OR BELOW:   0    1.00 INCH OR MORE:   0

[HDD (BASE 65) ]
TOTAL THIS MO.   763    CLEAR  (SCALE 0-3)   8
DPTR FM NORMAL   179    PTCLDY (SCALE 4-7)   9
TOTAL FM JUL 1  7771    CLOUDY (SCALE 8-10)  5
DPTR FM NORMAL  -139

[CDD (BASE 65) ]
TOTAL THIS MO.     0
DPTR FM NORMAL     0    [PRESSURE DATA]
TOTAL FM JAN 1     0    HIGHEST SLP M ON M
DPTR FM NORMAL     0    LOWEST  SLP 29.47 ON  4

[REMARKS]
