000
CXUS56 KBOI 241002
CF6BNO
PRELIMINARY LOCAL CLIMATOLOGICAL DATA (WS FORM: F-6)

                                          STATION:   BURNS OR
                                          MONTH:     MAY
                                          YEAR:      2018
                                          LATITUDE:   43 34 N
                                          LONGITUDE: 118 57 W

  TEMPERATURE IN F:       :PCPN:    SNOW:  WIND      :SUNSHINE: SKY     :PK WND
================================================================================
1   2   3   4   5  6A  6B    7    8   9   10  11  12  13   14  15   16   17  18
                                     12Z  AVG MX 2MIN
DY MAX MIN AVG DEP HDD CDD  WTR  SNW DPTH SPD SPD DIR MIN PSBL S-S WX    SPD DR
================================================================================

 1  58  28  43  -4  22   0 0.00    M    M  9.5 18 290   M    M   4        22 330
 2  67  30  49   2  16   0 0.00    M    M  8.1 17 290   M    M   1        24 290
 3  74  26  50   2  15   0 0.00    M    M  5.0 12 160   M    M   0        16 160
 4  77  33  55   7  10   0 0.00    M    M  5.2 15 200   M    M   1        21 200
 5  74  40  57   9   8   0 0.00    M    M  5.6 21 260   M    M   2        26 250
 6  68  35  52   3  13   0 0.08    M    M  7.4 28 180   M    M   3 138    33 190
 7  75  32  54   5  11   0 0.00    M    M  5.2 13 290   M    M   0 8      16 180
 8  84  38  61  12   4   0    T    M    M  8.1 39 260   M    M   1 138    48 260
 9  73  41  57   7   8   0 0.00    M    M  9.0 22 240   M    M   2        29 210
10  65  39  52   2  13   0    T    M    M 12.1 25 280   M    M   3        32 270
11  56  34  45  -5  20   0    T    M    M 17.2 33 320   M    M   4 8      44 310
12  70  43  57   7   8   0    T    M    M 18.3 30 320   M    M   5 8      38 320
13  69  39  54   3  11   0    T    M    M  9.2 22  50   M    M   6        26  70
14  74  33  54   3  11   0 0.00    M    M  3.2 15  60   M    M   0        23 140
15  78  36  57   6   8   0 0.02    M    M  7.3 24 120   M    M   2        31 130
16  73  44  59   7   6   0 0.29    M    M  6.5 26 200   M    M   5 13     33 200
17  70  40  55   3  10   0    T    M    M  5.9 21 290   M    M   7 12     25 290
18  72  35  54   2  11   0 0.00    M    M  6.8 18 220   M    M   0 12     25 230
19  73  39  56   4   9   0 0.00    M    M  4.9 15 320   M    M   3        19 310
20  66  48  57   5   8   0    T    M    M  6.6 22 320   M    M   8 3      26 300
21  73  37  55   2  10   0 0.00    M    M  5.7 18 340   M    M   4 1      23 340
22  79  42  61   8   4   0 0.00    M    M  6.6 21 340   M    M   3 3      25 340
23  75  48  62   9   3   0 0.23    M    M  5.8 21  80   M    M   5 13     27  80
================================================================================
SM 1643  860       239   0  0.62    M    179.2          M       69
================================================================================
AV 71.4 37.4                               7.8 FASTST   M    M   3    MAX(MPH)
                                 MISC ---->  # 39 260               # 48  260
================================================================================
NOTES:
# LAST OF SEVERAL OCCURRENCES

COLUMN 17 PEAK WIND IN M.P.H.

PRELIMINARY LOCAL CLIMATOLOGICAL DATA (WS FORM: F-6) , PAGE 2

                                          STATION:  BURNS OR
                                          MONTH:    MAY
                                          YEAR:     2018
                                          LATITUDE:   43 34 N
                                          LONGITUDE: 118 57 W

[TEMPERATURE DATA]      [PRECIPITATION DATA]       SYMBOLS USED IN COLUMN 16

AVERAGE MONTHLY: 54.4   TOTAL FOR MONTH:   0.62    1 = FOG OR MIST
DPTR FM NORMAL:   4.1   DPTR FM NORMAL:   -0.26    2 = FOG REDUCING VISIBILITY
HIGHEST:    84 ON  8    GRTST 24HR  0.29 ON 16-16      TO 1/4 MILE OR LESS
LOWEST:     26 ON  3                               3 = THUNDER
                        SNOW, ICE PELLETS, HAIL    4 = ICE PELLETS
                        TOTAL MONTH:    M          5 = HAIL
                        GRTST 24HR    M  ON   M    6 = FREEZING RAIN OR DRIZZLE
                        GRTST DEPTH:  M  ON   M    7 = DUSTSTORM OR SANDSTORM:
                                                       VSBY 1/2 MILE OR LESS
                                                   8 = SMOKE OR HAZE
[NO. OF DAYS WITH]      [WEATHER - DAYS WITH]      9 = BLOWING SNOW
                                                   X = TORNADO
MAX 32 OR BELOW:   0    0.01 INCH OR MORE:   4
MAX 90 OR ABOVE:   0    0.10 INCH OR MORE:   2
MIN 32 OR BELOW:   4    0.50 INCH OR MORE:   0
MIN  0 OR BELOW:   0    1.00 INCH OR MORE:   0

[HDD (BASE 65) ]
TOTAL THIS MO.   239    CLEAR  (SCALE 0-3)  14
DPTR FM NORMAL  -101    PTCLDY (SCALE 4-7)   8
TOTAL FM JUL 1  7026    CLOUDY (SCALE 8-10)  1
DPTR FM NORMAL  -354

[CDD (BASE 65) ]
TOTAL THIS MO.     0
DPTR FM NORMAL     0    [PRESSURE DATA]
TOTAL FM JAN 1     0    HIGHEST SLP M ON M
DPTR FM NORMAL     0    LOWEST  SLP 29.70 ON M

[REMARKS]
