000
CXAK56 PAFC 231350
CF6CDB

PRELIMINARY LOCAL CLIMATOLOGICAL DATA (WS FORM: F-6)

                                          STATION:   COLD BAY
                                          MONTH:     MAY
                                          YEAR:      2018
                                          LATITUDE:   55 13 N
                                          LONGITUDE: 162 44 W

  TEMPERATURE IN F:       :PCPN:    SNOW:  WIND      :SUNSHINE: SKY     :PK WND
================================================================================
1   2   3   4   5  6A  6B    7    8   9   10  11  12  13   14  15   16   17  18
                                     12Z  AVG MX 2MIN
DY MAX MIN AVG DEP HDD CDD  WTR  SNW DPTH SPD SPD DIR MIN PSBL S-S WX    SPD DR
================================================================================

 1  44  33  39   2  26   0 0.01  0.0    0 10.4 18 240   M    M   6 14      M  M
 2  44  38  41   3  24   0 0.04  0.0    0 18.3 27 150   M    M  10 1      35 160
 3  42  33  38   0  27   0 0.05    T    0 13.1 30 270   M    M   8 1      36 270
 4  44  33  39   1  26   0 0.18    T    0 18.0 32 290   M    M   9 1      37 290
 5  43  32  38   0  27   0 0.09  0.0    T 12.9 29 290   M    M   9 18     36 280
 6  45  23  34  -4  31   0    T  0.0    0 18.6 40 150   M    M   5 1      51 150
 7  42  36  39   1  26   0 0.39  0.0    0 32.0 40 140   M    M  10 1      54 140
 8  46  39  43   4  22   0 0.05  0.0    0 24.4 30 140   M    M   7 1      40 150
 9  46  34  40   1  25   0    T    M    0 16.5 28 150   M    M   6        32 150
10  39  35  37  -2  28   0 0.37  0.0    0 18.1 29 260   M    M   9 1      34 250
11  45  35  40   1  25   0 0.12  0.0    0 13.3 22 220   M    M   8 1      31 230
12  46  32  39  -1  26   0 0.22    M    M  3.7  9  50   M    M   8 14      M  M
13  45  34  40   0  25   0 0.02    T    M  7.4 17 280   M    M   9         M  M
14  46  33  40   0  25   0 0.02  0.0    0  9.7 22 300   M    M   9 1      26 290
15  44  31  38  -2  27   0 0.02    T    0  5.3 13  10   M    M  10 1       M  M
16  46  32  39  -1  26   0 0.13  0.0    0 17.6 25  20   M    M   5        36  20
17  47  40  44   4  21   0 0.61  0.0    0 11.4 20 140   M    M  10 1      24  10
18  50  41  46   5  19   0 0.02  0.0    0 10.4 21 140   M    M  10        26 140
19  50  40  45   4  20   0    T  0.0    0  8.9 17 160   M    M  10        20 150
20  51  39  45   4  20   0 0.01  0.0    0 14.9 29 350   M    M   7        34 360
21  44  36  40  -1  25   0 0.03  0.0    0 23.0 30 310   M    M  10 1      36 300
22  52  38  45   3  20   0    T  0.0    0 15.5 30 140   M    M   7 1      36 140
================================================================================
SM 1001  767       541   0  2.38    T    323.4          M      182
================================================================================
AV 45.5 34.9                              14.7 FASTST   M    M   8    MAX(MPH)
                                 MISC ---->  # 40 140               # 54  140
================================================================================
NOTES:
# LAST OF SEVERAL OCCURRENCES

COLUMN 17 PEAK WIND IN M.P.H.

PRELIMINARY LOCAL CLIMATOLOGICAL DATA (WS FORM: F-6) , PAGE 2

                                          STATION:  COLD BAY
                                          MONTH:    MAY
                                          YEAR:     2018
                                          LATITUDE:   55 13 N
                                          LONGITUDE: 162 44 W

[TEMPERATURE DATA]      [PRECIPITATION DATA]       SYMBOLS USED IN COLUMN 16

AVERAGE MONTHLY: 40.2   TOTAL FOR MONTH:   2.38    1 = FOG OR MIST
DPTR FM NORMAL:   0.8   DPTR FM NORMAL:    0.62    2 = FOG REDUCING VISIBILITY
HIGHEST:    52 ON 22    GRTST 24HR  0.61 ON 17-17      TO 1/4 MILE OR LESS
LOWEST:     23 ON  6                               3 = THUNDER
                        SNOW, ICE PELLETS, HAIL    4 = ICE PELLETS
                        TOTAL MONTH:    T          5 = HAIL
                        GRTST 24HR    T  ON 15-15  6 = FREEZING RAIN OR DRIZZLE
                        GRTST DEPTH:   T           7 = DUSTSTORM OR SANDSTORM:
                                                       VSBY 1/2 MILE OR LESS
                                                   8 = SMOKE OR HAZE
[NO. OF DAYS WITH]      [WEATHER - DAYS WITH]      9 = BLOWING SNOW
                                                   X = TORNADO
MAX 32 OR BELOW:   0    0.01 INCH OR MORE:  18
MAX 90 OR ABOVE:   0    0.10 INCH OR MORE:   7
MIN 32 OR BELOW:   5    0.50 INCH OR MORE:   1
MIN  0 OR BELOW:   0    1.00 INCH OR MORE:   0

[HDD (BASE 65) ]
TOTAL THIS MO.   541    CLEAR  (SCALE 0-3)   0
DPTR FM NORMAL   -21    PTCLDY (SCALE 4-7)   9
TOTAL FM JUL 1  7802    CLOUDY (SCALE 8-10) 13
DPTR FM NORMAL  -990

[CDD (BASE 65) ]
TOTAL THIS MO.     0
DPTR FM NORMAL     0    [PRESSURE DATA]
TOTAL FM JAN 1     0    HIGHEST SLP M ON M
DPTR FM NORMAL     0    LOWEST  SLP 28.99 ON  4

[REMARKS]
