000
CXUS54 KCRP 261300
CF6COT
PRELIMINARY LOCAL CLIMATOLOGICAL DATA (WS FORM: F-6)

                                          STATION:   COTULLA
                                          MONTH:     APRIL
                                          YEAR:      2018
                                          LATITUDE:   28 27 N
                                          LONGITUDE:  99 13 W

  TEMPERATURE IN F:       :PCPN:    SNOW:  WIND      :SUNSHINE: SKY     :PK WND
================================================================================
1   2   3   4   5  6A  6B    7    8   9   10  11  12  13   14  15   16   17  18
                                     12Z  AVG MX 2MIN
DY MAX MIN AVG DEP HDD CDD  WTR  SNW DPTH SPD SPD DIR MIN PSBL S-S WX    SPD DR
================================================================================

 1  91  63  77   7   0  12 0.00  0.0    0 12.3 24 130   M    M   2        32 130
 2  94  70  82  12   0  17 0.00  0.0    0 12.9 24 140   M    M   3        30 150
 3  89  67  78   8   0  13    T  0.0    0  9.6 31  50   M    M   3 18     42  50
 4  68  58  63  -7   2   0 0.00  0.0    0  9.2 23  40   M    M   9        31  30
 5  84  59  72   1   0   7    T  0.0    0  7.0 20 130   M    M   6        24 140
 6  94  71  83  12   0  18 0.00  0.0    0  8.2 16 160   M    M   5        24 150
 7  78  46  62  -9   3   0 0.00  0.0    0 11.6 21 360   M    M   5        26 360
 8  78  43  61 -10   4   0 0.00  0.0    0  6.4 13 130   M    M   3        16 160
 9  68  57  63  -9   2   0 0.01  0.0    0  9.2 18  60   M    M   8 18     25  50
10  81  55  68  -4   0   3 0.00  0.0    0  8.0 16 100   M    M   3        22 110
11  87  53  70  -2   0   5 0.00  0.0    0  9.0 17 150   M    M   0        25 170
12  93  59  76   4   0  11 0.00  0.0    0 10.2 20 150   M    M   2        26 140
13  98  65  82  10   0  17 0.00  0.0    0  9.9 32 350   M    M   4 38     44 350
14  78  51  65  -8   0   0 0.00  0.0    0 11.0 24 350   M    M   3 3      32 350
15  86  44  65  -8   0   0 0.00  0.0    0  5.9 15 140   M    M   0        19 140
16  90  50  70  -3   0   5 0.00  0.0    0 11.1 23 150   M    M   0        31 150
17  94  58  76   3   0  11 0.00  0.0    0 11.5 23 140   M    M   0        28 130
18  83  63  73  -1   0   8 0.00  0.0    0  9.6 17  50   M    M   4        24  40
19  82  66  74   0   0   9 0.00  0.0    0 12.2 26  80   M    M   6        31  90
20  81  61  71  -3   0   6    T  0.0    0 14.0 28 140   M    M   5        33 130
21  84  64  74   0   0   9    T  0.0    0  5.7 20 140   M    M   6 1      25 140
22  84  54  69  -6   0   4    T  0.0    0  8.3 20  30   M    M   0        29  30
23  87  57  72  -3   0   7 0.00  0.0    0  6.8 14 120   M    M   1        18 150
24  95  59  77   2   0  12 0.00  0.0    0  9.7 24 140   M    M   0        30 150
25  82  60  71  -4   0   6 0.48  0.0    0  9.2 30  10   M    M   7 13     40  10
================================================================================
SM 2129 1453        11 180  0.49     0.0 238.5          M       85
================================================================================
AV 85.2 58.1                               9.5 FASTST   M    M   3    MAX(MPH)
                                 MISC ---->  # 32 350               # 44  350
================================================================================
NOTES:
# LAST OF SEVERAL OCCURRENCES

COLUMN 17 PEAK WIND IN M.P.H.

PRELIMINARY LOCAL CLIMATOLOGICAL DATA (WS FORM: F-6) , PAGE 2

                                          STATION:  COTULLA
                                          MONTH:    APRIL
                                          YEAR:     2018
                                          LATITUDE:   28 27 N
                                          LONGITUDE:  99 13 W

[TEMPERATURE DATA]      [PRECIPITATION DATA]       SYMBOLS USED IN COLUMN 16

AVERAGE MONTHLY: 71.6   TOTAL FOR MONTH:   0.49    1 = FOG OR MIST
DPTR FM NORMAL:  -0.8   DPTR FM NORMAL:   -0.79    2 = FOG REDUCING VISIBILITY
HIGHEST:    98 ON 13    GRTST 24HR  0.48 ON 25-25      TO 1/4 MILE OR LESS
LOWEST:     43 ON  8                               3 = THUNDER
                        SNOW, ICE PELLETS, HAIL    4 = ICE PELLETS
                        TOTAL MONTH:   0.0 INCH    5 = HAIL
                        GRTST 24HR     0.0         6 = FREEZING RAIN OR DRIZZLE
                        GRTST DEPTH:   0           7 = DUSTSTORM OR SANDSTORM:
                                                       VSBY 1/2 MILE OR LESS
                                                   8 = SMOKE OR HAZE
[NO. OF DAYS WITH]      [WEATHER - DAYS WITH]      9 = BLOWING SNOW
                                                   X = TORNADO
MAX 32 OR BELOW:   0    0.01 INCH OR MORE:   2
MAX 90 OR ABOVE:   8    0.10 INCH OR MORE:   1
MIN 32 OR BELOW:   0    0.50 INCH OR MORE:   0
MIN  0 OR BELOW:   0    1.00 INCH OR MORE:   0

[HDD (BASE 65) ]
TOTAL THIS MO.    11    CLEAR  (SCALE 0-3)  13
DPTR FM NORMAL    -5    PTCLDY (SCALE 4-7)  10
TOTAL FM JUL 1  1006    CLOUDY (SCALE 8-10)  2
DPTR FM NORMAL   -84

[CDD (BASE 65) ]
TOTAL THIS MO.   180
DPTR FM NORMAL   -26    [PRESSURE DATA]
TOTAL FM JAN 1   471    HIGHEST SLP M ON M
DPTR FM NORMAL    95    LOWEST  SLP 29.54 ON 13

[REMARKS]
