000
CXUS54 KFWD 260730
CF6CPT
PRELIMINARY LOCAL CLIMATOLOGICAL DATA (WS FORM: F-6)

                                          STATION:   CLEBURNE
                                          MONTH:     APRIL
                                          YEAR:      2018
                                          LATITUDE:   32 20 N
                                          LONGITUDE:  97 24 W

  TEMPERATURE IN F:       :PCPN:    SNOW:  WIND      :SUNSHINE: SKY     :PK WND
================================================================================
1   2   3   4   5  6A  6B    7    8   9   10  11  12  13   14  15   16   17  18
                                     12Z  AVG MX 2MIN
DY MAX MIN AVG DEP HDD CDD  WTR  SNW DPTH SPD SPD DIR MIN PSBL S-S WX    SPD DR
================================================================================

 1  73  46  60  -1   5   0 0.00  0.0    0 14.0 21 350   M    M   8        27 350
 2  61  41  51 -10  14   0 0.00  0.0    0  7.9 16 170   M    M   6 18     22 170
 3  81  52  67   6   0   2    M  0.0    0 18.0 27 360   M    M   5 3      36 360
 4  64  37  51 -11  14   0 0.00  0.0    0  9.1 14  60   M    M   0        18  10
 5  75  48  62   0   3   0 0.00  0.0    0 13.7 20 170   M    M   4        31 170
 6  84  54  69   7   0   4 0.00  0.0    0 14.7 30 360   M    M   7 13     39 360
 7  52  34  43 -19  22   0 0.00  0.0    0 18.1 27 350   M    M   9 1      36 360
 8  52  34  43 -20  22   0 0.00  0.0    0  7.7 12 140   M    M   7 1       M  M
 9  68  46  57  -6   8   0 0.00  0.0    0  7.4 12  10   M    M   6 1      16  40
10  72  45  59  -4   6   0 0.00  0.0    0  7.4 15  40   M    M   0        17  10
11  79  46  63  -1   2   0 0.00  0.0    0 13.1 22 160   M    M   0        29 160
12  81  61  71   7   0   6 0.00  0.0    0 21.4 30 180   M    M   4        38 170
13  86  64  75  11   0  10 0.00  0.0    0 16.1 23 310   M    M   7 13     32 170
14  63  43  53 -11  12   0 0.00  0.0    0 17.8 28 320   M    M   0        37 310
15  66  34  50 -15  15   0 0.00  0.0    0 11.3 21 330   M    M   0        30 330
16  81  43  62  -3   3   0 0.00  0.0    0 11.5 22 160   M    M   0        29 160
17  84  57  71   6   0   6 0.00  0.0    0 18.2 27 180   M    M   0        33 170
18  77  55  66   0   0   1 0.00  0.0    0 14.2 27 350   M    M   0        28 340
19  70  48  59  -7   6   0 0.00  0.0    0 10.5 17  40   M    M   0        21  30
20  70  48  59  -7   6   0 0.00  0.0    0 12.9 18 130   M    M   2        27 120
21  68  52  60  -6   5   0 0.15  0.0    0 13.8 20  30   M    M   8 13     27 340
22  66  50  58  -8   7   0 0.00  0.0    0 14.7 21 330   M    M   4        28 320
23  75  46  61  -6   4   0 0.00  0.0    0  8.2 15 340   M    M   1        22 340
24  82  54  68   1   0   3 0.00  0.0    0  4.8  9  90   M    M   0        14 140
25  70  45  58  -9   7   0    T  0.0    0 11.6 23 340   M    M   6 1      30 330
================================================================================
SM 1800 1183       161  32  0.15     0.0 318.1          M       84
================================================================================
AV 72.0 47.3                              12.7 FASTST   M    M   3    MAX(MPH)
                                 MISC ---->  # 30 360               # 39  360
================================================================================
NOTES:
# LAST OF SEVERAL OCCURRENCES

COLUMN 17 PEAK WIND IN M.P.H.

PRELIMINARY LOCAL CLIMATOLOGICAL DATA (WS FORM: F-6) , PAGE 2

                                          STATION:  CLEBURNE
                                          MONTH:    APRIL
                                          YEAR:     2018
                                          LATITUDE:   32 20 N
                                          LONGITUDE:  97 24 W

[TEMPERATURE DATA]      [PRECIPITATION DATA]       SYMBOLS USED IN COLUMN 16

AVERAGE MONTHLY: 59.7   TOTAL FOR MONTH:   0.15    1 = FOG OR MIST
DPTR FM NORMAL:  -4.4   DPTR FM NORMAL:   -2.20    2 = FOG REDUCING VISIBILITY
HIGHEST:    86 ON 13    GRTST 24HR  0.15 ON 21-21      TO 1/4 MILE OR LESS
LOWEST:     34 ON 15, 8                            3 = THUNDER
                        SNOW, ICE PELLETS, HAIL    4 = ICE PELLETS
                        TOTAL MONTH:   0.0 INCH    5 = HAIL
                        GRTST 24HR     0.0         6 = FREEZING RAIN OR DRIZZLE
                        GRTST DEPTH:   0           7 = DUSTSTORM OR SANDSTORM:
                                                       VSBY 1/2 MILE OR LESS
                                                   8 = SMOKE OR HAZE
[NO. OF DAYS WITH]      [WEATHER - DAYS WITH]      9 = BLOWING SNOW
                                                   X = TORNADO
MAX 32 OR BELOW:   0    0.01 INCH OR MORE:   1
MAX 90 OR ABOVE:   0    0.10 INCH OR MORE:   1
MIN 32 OR BELOW:   0    0.50 INCH OR MORE:   0
MIN  0 OR BELOW:   0    1.00 INCH OR MORE:   0

[HDD (BASE 65) ]
TOTAL THIS MO.   161    CLEAR  (SCALE 0-3)  12
DPTR FM NORMAL    72    PTCLDY (SCALE 4-7)  11
TOTAL FM JUL 1  2225    CLOUDY (SCALE 8-10)  2
DPTR FM NORMAL  -208

[CDD (BASE 65) ]
TOTAL THIS MO.    32
DPTR FM NORMAL   -35    [PRESSURE DATA]
TOTAL FM JAN 1    90    HIGHEST SLP M ON M
DPTR FM NORMAL     0    LOWEST  SLP M ON M

[REMARKS]
