000
CXUS51 KILN 250547
CF6CVG
PRELIMINARY LOCAL CLIMATOLOGICAL DATA (WS FORM: F-6)

                                          STATION:   CINCINNATI OH
                                          MONTH:     MAY
                                          YEAR:      2018
                                          LATITUDE:   39  2 N
                                          LONGITUDE:  84 40 W

  TEMPERATURE IN F:       :PCPN:    SNOW:  WIND      :SUNSHINE: SKY     :PK WND
================================================================================
1   2   3   4   5  6A  6B    7    8   9   10  11  12  13   14  15   16   17  18
                                     12Z  AVG MX 2MIN
DY MAX MIN AVG DEP HDD CDD  WTR  SNW DPTH SPD SPD DIR MIN PSBL S-S WX    SPD DR
================================================================================

 1  79  44  62   3   3   0 0.00  0.0    0  9.2 20 190   M    M   1        26 180
 2  83  58  71  11   0   6 0.00  0.0    0 11.2 22 220   M    M   7        30 220
 3  80  67  74  14   0   9 0.05  0.0    0 11.4 29 230   M    M   9 3      43 260
 4  80  64  72  12   0   7 0.06  0.0    0 11.2 35 290   M    M   9        41 290
 5  65  57  61   1   4   0 0.12  0.0    0  6.4 13 110   M    M  10 1      15 100
 6  79  55  67   6   0   2 0.31  0.0    0  3.9 32 290   M    M   8 138    39 290
 7  73  54  64   3   1   0 0.00  0.0    0  9.5 18  10   M    M   3 18     23  30
 8  78  50  64   3   1   0 0.00  0.0    0  4.1  9  60   M    M   1        17  60
 9  80  51  66   4   0   1 0.02  0.0    0  9.5 18 170   M    M   6 3      30 200
10  82  64  73  11   0   8 0.04  0.0    0  9.3 23 300   M    M   3 3      30 320
11  86  62  74  12   0   9 0.00  0.0    0  8.8 20 210   M    M   6        25 220
12  85  66  76  14   0  11 0.00  0.0    0  8.7 17 280   M    M   5        23 230
13  87  64  76  13   0  11 0.00  0.0    0  8.3 18 280   M    M   4        25 270
14  90  67  79  16   0  14 0.00  0.0    0  7.3 14 270   M    M   2 8      17 280
15  89  67  78  15   0  13 0.00  0.0    0  8.8 21  30   M    M   7        24  30
16  75  67  71   8   0   6 0.26  0.0    0  6.6 21 350   M    M   9 138    24 350
17  82  65  74  10   0   9 0.01  0.0    0  9.5 22  70   M    M   8 138    26  80
18  78  66  72   8   0   7 0.43  0.0    0 11.0 20  70   M    M   9 13     24  70
19  80  64  72   8   0   7 0.19  0.0    0  7.5 17 240   M    M   7 13     24 260
20  87  64  76  11   0  11    T  0.0    0  3.9 32  20   M    M   6 13     39  30
21  86  67  77  12   0  12 0.62  0.0    0  6.8 31 300   M    M   8 13     36 310
22  83  67  75  10   0  10 0.23  0.0    0  7.3 14 350   M    M   8 13     18 190
23  81  62  72   7   0   7 0.00  0.0    0  6.7 14  50   M    M   4        18 100
24  83  60  72   6   0   7 0.00  0.0    0  5.2 14  60   M    M   1 8      17  50
================================================================================
SM 1951 1472         9 167  2.34     0.0 192.1          M      141
================================================================================
AV 81.3 61.3                               8.0 FASTST   M    M   6    MAX(MPH)
                                 MISC ---->  # 35 290               # 43  260
================================================================================
NOTES:
# LAST OF SEVERAL OCCURRENCES

COLUMN 17 PEAK WIND IN M.P.H.

PRELIMINARY LOCAL CLIMATOLOGICAL DATA (WS FORM: F-6) , PAGE 2

                                          STATION:  CINCINNATI OH
                                          MONTH:    MAY
                                          YEAR:     2018
                                          LATITUDE:   39  2 N
                                          LONGITUDE:  84 40 W

[TEMPERATURE DATA]      [PRECIPITATION DATA]       SYMBOLS USED IN COLUMN 16

AVERAGE MONTHLY: 71.3   TOTAL FOR MONTH:   2.34    1 = FOG OR MIST
DPTR FM NORMAL:   8.8   DPTR FM NORMAL:   -1.47    2 = FOG REDUCING VISIBILITY
HIGHEST:    90 ON 14    GRTST 24HR  0.62 ON 21-21      TO 1/4 MILE OR LESS
LOWEST:     44 ON  1                               3 = THUNDER
                        SNOW, ICE PELLETS, HAIL    4 = ICE PELLETS
                        TOTAL MONTH:   0.0 INCH    5 = HAIL
                        GRTST 24HR     0.0         6 = FREEZING RAIN OR DRIZZLE
                        GRTST DEPTH:   0           7 = DUSTSTORM OR SANDSTORM:
                                                       VSBY 1/2 MILE OR LESS
                                                   8 = SMOKE OR HAZE
[NO. OF DAYS WITH]      [WEATHER - DAYS WITH]      9 = BLOWING SNOW
                                                   X = TORNADO
MAX 32 OR BELOW:   0    0.01 INCH OR MORE:  12
MAX 90 OR ABOVE:   1    0.10 INCH OR MORE:   7
MIN 32 OR BELOW:   0    0.50 INCH OR MORE:   1
MIN  0 OR BELOW:   0    1.00 INCH OR MORE:   0

[HDD (BASE 65) ]
TOTAL THIS MO.     9    CLEAR  (SCALE 0-3)   4
DPTR FM NORMAL  -102    PTCLDY (SCALE 4-7)  15
TOTAL FM JUL 1  4954    CLOUDY (SCALE 8-10)  5
DPTR FM NORMAL     9

[CDD (BASE 65) ]
TOTAL THIS MO.   167
DPTR FM NORMAL   119    [PRESSURE DATA]
TOTAL FM JAN 1   179    HIGHEST SLP 30.20 ON 24
DPTR FM NORMAL   113    LOWEST  SLP 29.79 ON 10

[REMARKS]
