000
CXUS56 KOTX 250900
CF6DEW
PRELIMINARY LOCAL CLIMATOLOGICAL DATA (WS FORM: F-6)

                                          STATION:   DEER_PARK WA AIRPORT
                                          MONTH:     APRIL
                                          YEAR:      2018
                                          LATITUDE:   47 58 N
                                          LONGITUDE: 117 25 W

  TEMPERATURE IN F:       :PCPN:    SNOW:  WIND      :SUNSHINE: SKY     :PK WND
================================================================================
1   2   3   4   5  6A  6B    7    8   9   10  11  12  13   14  15   16   17  18
                                     12Z  AVG MX 2MIN
DY MAX MIN AVG DEP HDD CDD  WTR  SNW DPTH SPD SPD DIR MIN PSBL S-S WX    SPD DR
================================================================================

 1  50  24  37  -5  28   0    T    M    M  9.8 32 200   M    M   6        40 230
 2  46  25  36  -6  29   0 0.00    M    M  6.9 15 240   M    M   6        20 220
 3  45  23  34  -9  31   0 0.00    M    M  4.4 12 230   M    M   5        17 170
 4  47  26  37  -6  28   0 0.10    M    M  4.4 14 190   M    M   9 1      18 150
 5  45  39  42  -1  23   0 0.36    M    M  6.7 12  30   M    M   8 1      15  30
 6  48  34  41  -2  24   0 0.01    M    M 12.9 20  60   M    M   9 1      27  40
 7  50  37  44   1  21   0 0.39    M    M  9.4 22  40   M    M   8 1      29  40
 8  52  41  47   3  18   0 0.09    M    M 10.9 21 210   M    M  10 1      26 220
 9  55  39  47   3  18   0    T    M    M  6.7 13  30   M    M   7        17  30
10  52  36  44   0  21   0 0.25    M    M  7.4 16  40   M    M   5 12     21  40
11  56  33  45   1  20   0 0.06    M    M  5.5 14  20   M    M   8 12     21 200
12  52  34  43  -1  22   0 0.31    M    M 10.4 22 240   M    M   7 1      28 240
13  44  32  38  -6  27   0 0.21    M    M  8.5 15 180   M    M   7 1      21 180
14  53  36  45   1  20   0 0.09    M    M  6.4 18 200   M    M   8 1      23 190
15  56  39  48   3  17   0 0.35    M    M  7.8 15  10   M    M   9 1      20  50
16  47  38  43  -2  22   0 0.29    M    M 11.8 26 190   M    M  10 1      35 190
17  55  31  43  -2  22   0 0.08    M    M 11.1 26 220   M    M   6        34 260
18  54  25  40  -5  25   0 0.00    M    M  4.2 13  70   M    M   0        15  60
19  64  30  47   2  18   0 0.00    M    M  7.0 14 240   M    M   0        17  10
20  62  28  45  -1  20   0 0.00    M    M  6.2 17 220   M    M   1        22 210
21  59  30  45  -1  20   0    T    M    M 13.2 30 220   M    M   4        41 220
22  58  25  42  -4  23   0 0.00    M    M  4.1 12 310   M    M   2        15 290
23  66  26  46   0  19   0 0.00    M    M  5.8 18  40   M    M   0        22  50
24  70  29  50   4  15   0 0.00    M    M  4.0 12 200   M    M   0        15 200
================================================================================
SM 1286  760       531   0  2.59    M    185.5          M      135
================================================================================
AV 53.6 31.7                               7.7 FASTST   M    M   6    MAX(MPH)
                                 MISC ---->  # 32 200               # 41  220
================================================================================
NOTES:
# LAST OF SEVERAL OCCURRENCES

COLUMN 17 PEAK WIND IN M.P.H.

PRELIMINARY LOCAL CLIMATOLOGICAL DATA (WS FORM: F-6) , PAGE 2

                                          STATION:  DEER_PARK WA AIRPORT
                                          MONTH:    APRIL
                                          YEAR:     2018
                                          LATITUDE:   47 58 N
                                          LONGITUDE: 117 25 W

[TEMPERATURE DATA]      [PRECIPITATION DATA]       SYMBOLS USED IN COLUMN 16

AVERAGE MONTHLY: 42.6   TOTAL FOR MONTH:   2.59    1 = FOG OR MIST
DPTR FM NORMAL:  -1.6   DPTR FM NORMAL:    1.26    2 = FOG REDUCING VISIBILITY
HIGHEST:    70 ON 24    GRTST 24HR  0.39 ON  7- 7      TO 1/4 MILE OR LESS
LOWEST:     23 ON  3                               3 = THUNDER
                        SNOW, ICE PELLETS, HAIL    4 = ICE PELLETS
                        TOTAL MONTH:    M          5 = HAIL
                        GRTST 24HR    M  ON   M    6 = FREEZING RAIN OR DRIZZLE
                        GRTST DEPTH:  M  ON   M    7 = DUSTSTORM OR SANDSTORM:
                                                       VSBY 1/2 MILE OR LESS
                                                   8 = SMOKE OR HAZE
[NO. OF DAYS WITH]      [WEATHER - DAYS WITH]      9 = BLOWING SNOW
                                                   X = TORNADO
MAX 32 OR BELOW:   0    0.01 INCH OR MORE:  13
MAX 90 OR ABOVE:   0    0.10 INCH OR MORE:   8
MIN 32 OR BELOW:  13    0.50 INCH OR MORE:   0
MIN  0 OR BELOW:   0    1.00 INCH OR MORE:   0

[HDD (BASE 65) ]
TOTAL THIS MO.   531    CLEAR  (SCALE 0-3)   6
DPTR FM NORMAL    32    PTCLDY (SCALE 4-7)  11
TOTAL FM JUL 1  6545    CLOUDY (SCALE 8-10)  7
DPTR FM NORMAL  -161

[CDD (BASE 65) ]
TOTAL THIS MO.     0
DPTR FM NORMAL     0    [PRESSURE DATA]
TOTAL FM JAN 1     0    HIGHEST SLP M ON M
DPTR FM NORMAL     0    LOWEST  SLP 29.36 ON  7

[REMARKS]
