000
CXUS55 KGJT 221000
CF6DRO
PRELIMINARY LOCAL CLIMATOLOGICAL DATA (WS FORM: F-6)

                                          STATION:   DURANGO AIRPORT CO
                                          MONTH:     MAY
                                          YEAR:      2018
                                          LATITUDE:   37  9 N
                                          LONGITUDE: 107 45 W

  TEMPERATURE IN F:       :PCPN:    SNOW:  WIND      :SUNSHINE: SKY     :PK WND
================================================================================
1   2   3   4   5  6A  6B    7    8   9   10  11  12  13   14  15   16   17  18
                                     12Z  AVG MX 2MIN
DY MAX MIN AVG DEP HDD CDD  WTR  SNW DPTH SPD SPD DIR MIN PSBL S-S WX    SPD DR
================================================================================

 1  63  34  49   0  16   0 0.00    M    M  9.6 26 230   M    M   4        42 220
 2  46  33  40  -9  25   0 0.21    M    M  6.3 22 220   M    M   9 13     31 220
 3  55  33  44  -5  21   0    T    M    M  6.1 17 260   M    M   6 1      22 210
 4  66  31  49   0  16   0 0.00    M    M  5.1 15 260   M    M   0        19 250
 5  74  32  53   3  12   0 0.00    M    M  4.6 15 260   M    M   0        23 250
 6  78  37  58   8   7   0 0.00    M    M  5.1 20 270   M    M   0        26 280
 7  81  38  60  10   5   0 0.00    M    M  8.4 28 250   M    M   0        35 230
 8  83  37  60   9   5   0 0.00    M    M  7.8 28 300   M    M   0        35 260
 9  85  37  61  10   4   0 0.00    M    M  7.2 26 270   M    M   0        43 310
10  85  37  61  10   4   0 0.00    M    M  9.0 26 250   M    M   0        35 220
11  80  43  62  10   3   0 0.00    M    M 13.0 30 220   M    M   0        40 190
12  77  45  61   9   4   0 0.00    M    M 13.7 35 210   M    M   0        49 230
13  73  39  56   4   9   0 0.00    M    M  8.8 26 210   M    M   0        34 220
14  72  31  52   0  13   0 0.00    M    M  5.3 18 220   M    M   0        26 260
15  75  32  54   1  11   0 0.00    M    M  5.4 23 250   M    M   0        28 250
16  82  33  58   5   7   0 0.00    M    M  5.8 21 250   M    M   0        27 250
17  78  32  55   2  10   0 0.00    M    M  6.3 24 200   M    M   0        30 200
18  76  33  55   1  10   0 0.00    M    M  7.9 24 260   M    M   0        30 260
19  74  33  54   0  11   0 0.00    M    M  6.0 33 220   M    M   2        47 230
20  78  37  58   4   7   0 0.00    M    M 10.2 29 200   M    M   1        38 200
21  74  42  58   3   7   0 0.02    M    M  9.3 30 170   M    M   1 3      39 150
================================================================================
SM 1555  749       207   0  0.23    M    160.9          M       23
================================================================================
AV 74.1 35.7                               7.7 FASTST   M    M   1    MAX(MPH)
                                 MISC ---->  # 35 210               # 49  230
================================================================================
NOTES:
# LAST OF SEVERAL OCCURRENCES

COLUMN 17 PEAK WIND IN M.P.H.

PRELIMINARY LOCAL CLIMATOLOGICAL DATA (WS FORM: F-6) , PAGE 2

                                          STATION:  DURANGO AIRPORT CO
                                          MONTH:    MAY
                                          YEAR:     2018
                                          LATITUDE:   37  9 N
                                          LONGITUDE: 107 45 W

[TEMPERATURE DATA]      [PRECIPITATION DATA]       SYMBOLS USED IN COLUMN 16

AVERAGE MONTHLY: 54.9   TOTAL FOR MONTH:   0.23    1 = FOG OR MIST
DPTR FM NORMAL:   3.3   DPTR FM NORMAL:   -0.41    2 = FOG REDUCING VISIBILITY
HIGHEST:    85 ON 10, 9 GRTST 24HR  0.21 ON  2- 2      TO 1/4 MILE OR LESS
LOWEST:     31 ON 14, 4                            3 = THUNDER
                        SNOW, ICE PELLETS, HAIL    4 = ICE PELLETS
                        TOTAL MONTH:    M          5 = HAIL
                        GRTST 24HR    M  ON   M    6 = FREEZING RAIN OR DRIZZLE
                        GRTST DEPTH:  M  ON   M    7 = DUSTSTORM OR SANDSTORM:
                                                       VSBY 1/2 MILE OR LESS
                                                   8 = SMOKE OR HAZE
[NO. OF DAYS WITH]      [WEATHER - DAYS WITH]      9 = BLOWING SNOW
                                                   X = TORNADO
MAX 32 OR BELOW:   0    0.01 INCH OR MORE:   2
MAX 90 OR ABOVE:   0    0.10 INCH OR MORE:   1
MIN 32 OR BELOW:   5    0.50 INCH OR MORE:   0
MIN  0 OR BELOW:   0    1.00 INCH OR MORE:   0

[HDD (BASE 65) ]
TOTAL THIS MO.   207    CLEAR  (SCALE 0-3)  18
DPTR FM NORMAL   -75    PTCLDY (SCALE 4-7)   2
TOTAL FM JUL 1  6121    CLOUDY (SCALE 8-10)  1
DPTR FM NORMAL  -797

[CDD (BASE 65) ]
TOTAL THIS MO.     0
DPTR FM NORMAL     0    [PRESSURE DATA]
TOTAL FM JAN 1     0    HIGHEST SLP M ON M
DPTR FM NORMAL     0    LOWEST  SLP 29.42 ON 11

[REMARKS]
