000
CXUS51 KAKQ 231010
CF6ECG
PRELIMINARY LOCAL CLIMATOLOGICAL DATA (WS FORM: F-6)

                                          STATION:   ELIZABETH CITY NC
                                          MONTH:     APRIL
                                          YEAR:      2018
                                          LATITUDE:   36 16 N
                                          LONGITUDE:  76 11 W

  TEMPERATURE IN F:       :PCPN:    SNOW:  WIND      :SUNSHINE: SKY     :PK WND
================================================================================
1   2   3   4   5  6A  6B    7    8   9   10  11  12  13   14  15   16   17  18
                                     12Z  AVG MX 2MIN
DY MAX MIN AVG DEP HDD CDD  WTR  SNW DPTH SPD SPD DIR MIN PSBL S-S WX    SPD DR
================================================================================

 1  76  44  60   5   5   0 0.00  0.0    0  9.0 21 220   M    M   0        35 210
 2  76  46  61   6   4   0 0.00  0.0    0 14.5 26  50   M    M   3        31  30
 3  79  47  63   8   2   0 0.00  0.0    0 10.3 21 220   M    M   7        27 210
 4  80  50  65   9   0   0 0.13  0.0    0 17.5 31 250   M    M   5 13     38 250
 5  59  41  50  -6  15   0 0.00  0.0    0 10.1 20 330   M    M   0        24 330
 6  73  42  58   2   7   0 0.00  0.0    0 15.4 29 210   M    M   0        38 210
 7  65  39  52  -4  13   0 1.34  0.0    0 15.1 26  20   M    M  10 1      35 360
 8  53  37  45 -12  20   0 0.26  0.0    0 11.8 24 360   M    M   4 1      32 360
 9  50  41  46 -11  19   0 0.16  0.0    0  8.6 16  70   M    M   7 1      18  60
10  56  42  49  -8  16   0 0.05  0.0    0 10.6 20  10   M    M   5 1      24  10
11  59  41  50  -8  15   0 0.00  0.0    0  6.9 14 110   M    M   1        17  30
12  72  44  58   0   7   0 0.00  0.0    0 13.1 24 180   M    M   0        32 190
13  79  56  68  10   0   3 0.00  0.0    0 14.6 23 200   M    M   0        28 220
14  81  59  70  12   0   5 0.00  0.0    0 13.8 23 200   M    M   1        32 210
15  76  64  70  11   0   5 0.26  0.0    0 11.1 21 170   M    M   7 1      30 140
16  72  52  62   3   3   0 1.07  0.0    0 17.7 35 210   M    M   8 13     45 220
17  56  39  48 -11  17   0 0.00  0.0    0 13.0 26 280   M    M   4        32 290
18  66  47  57  -2   8   0 0.00  0.0    0  9.6 16 120   M    M   1        19 180
19  77  48  63   3   2   0 0.00  0.0    0 14.3 25 360   M    M   3        33 360
20  62  36  49 -11  16   0 0.00  0.0    0  8.8 22 340   M    M   0        28 330
21  61  38  50 -10  15   0 0.00  0.0    0  6.1 15 110   M    M   0        22 130
22  66  41  54  -6  11   0 0.00  0.0    0  6.6 15 110   M    M   0        19 100
================================================================================
SM 1494  994       195  13  3.27     0.0 258.5          M       66
================================================================================
AV 67.9 45.2                              11.8 FASTST   M    M   3    MAX(MPH)
                                 MISC ---->  # 35 210               # 45  220
================================================================================
NOTES:
# LAST OF SEVERAL OCCURRENCES

COLUMN 17 PEAK WIND IN M.P.H.

PRELIMINARY LOCAL CLIMATOLOGICAL DATA (WS FORM: F-6) , PAGE 2

                                          STATION:  ELIZABETH CITY NC
                                          MONTH:    APRIL
                                          YEAR:     2018
                                          LATITUDE:   36 16 N
                                          LONGITUDE:  76 11 W

[TEMPERATURE DATA]      [PRECIPITATION DATA]       SYMBOLS USED IN COLUMN 16

AVERAGE MONTHLY: 56.6   TOTAL FOR MONTH:   3.27    1 = FOG OR MIST
DPTR FM NORMAL:  -1.1   DPTR FM NORMAL:    0.91    2 = FOG REDUCING VISIBILITY
HIGHEST:    81 ON 14    GRTST 24HR  1.34 ON  7- 7      TO 1/4 MILE OR LESS
LOWEST:     36 ON 20                               3 = THUNDER
                        SNOW, ICE PELLETS, HAIL    4 = ICE PELLETS
                        TOTAL MONTH:   0.0 INCH    5 = HAIL
                        GRTST 24HR     0.0         6 = FREEZING RAIN OR DRIZZLE
                        GRTST DEPTH:   0           7 = DUSTSTORM OR SANDSTORM:
                                                       VSBY 1/2 MILE OR LESS
                                                   8 = SMOKE OR HAZE
[NO. OF DAYS WITH]      [WEATHER - DAYS WITH]      9 = BLOWING SNOW
                                                   X = TORNADO
MAX 32 OR BELOW:   0    0.01 INCH OR MORE:   7
MAX 90 OR ABOVE:   0    0.10 INCH OR MORE:   6
MIN 32 OR BELOW:   0    0.50 INCH OR MORE:   2
MIN  0 OR BELOW:   0    1.00 INCH OR MORE:   2

[HDD (BASE 65) ]
TOTAL THIS MO.   195    CLEAR  (SCALE 0-3)  12
DPTR FM NORMAL    13    PTCLDY (SCALE 4-7)   9
TOTAL FM JUL 1  3070    CLOUDY (SCALE 8-10)  1
DPTR FM NORMAL   -49

[CDD (BASE 65) ]
TOTAL THIS MO.    13
DPTR FM NORMAL    -9    [PRESSURE DATA]
TOTAL FM JAN 1    45    HIGHEST SLP M ON M
DPTR FM NORMAL    16    LOWEST  SLP 29.50 ON 16

[REMARKS]
