000
CXUS54 KEWX 220910
CF6ECU
PRELIMINARY LOCAL CLIMATOLOGICAL DATA (WS FORM: F-6)

                                          STATION:   Edwards County Airport
                                          MONTH:     MAY
                                          YEAR:      2018
                                          LATITUDE:   29 57 N
                                          LONGITUDE: 100 10 W

  TEMPERATURE IN F:       :PCPN:    SNOW:  WIND      :SUNSHINE: SKY     :PK WND
================================================================================
1   2   3   4   5  6A  6B    7    8   9   10  11  12  13   14  15   16   17  18
                                     12Z  AVG MX 2MIN
DY MAX MIN AVG DEP HDD CDD  WTR  SNW DPTH SPD SPD DIR MIN PSBL S-S WX    SPD DR
================================================================================

 1  84  66  75   M   0  10 0.00    M    M 15.7 21 160   M    M   8 1      28 160
 2  86  68  77   M   0  12 0.00    M    M 17.2 23 150   M    M   7 1      31 140
 3  90  68  79   M   0  14 0.08    M    M 10.2 20 150   M    M   6 13     31 150
 4  68  57  63   M   2   0 2.05    M    M 10.0 17  10   M    M   9 13     29  10
 5  81  57  69   M   0   4 0.00    M    M  4.8  9  40   M    M   1        15  40
 6  86  59  73   M   0   8 0.00    M    M  5.4  8 240   M    M   0        15  99
 7  86  61  74   M   0   9 0.00    M    M  7.7 15 150   M    M   0        18 150
 8  86  61  74   M   0   9 0.00    M    M 12.5 18 140   M    M   0        24 180
 9  82  59  71   M   0   6 0.00    M    M 13.3 20 150   M    M   2        25 150
10  82  63  73   M   0   8 0.00    M    M 15.0 18 160   M    M   4        27 150
11  84  63  74   M   0   9 0.00    M    M 16.8 22 150   M    M   3        31 150
12  84  63  74   M   0   9 0.00    M    M 13.4 20 140   M    M   3        28 150
13  86  70  78   M   0  13 0.00    M    M 12.2 17 150   M    M   6        28 150
14  81  70  76   M   0  11 0.00    M    M 11.4 18 150   M    M   8 3      29 150
15  88  66  77   M   0  12 0.00    M    M 10.7 16  50   M    M   5        28  50
16  91  64  78   M   0  13 0.00    M    M  7.7 13 160   M    M   3        16  50
17  91  66  79   M   0  14 0.00    M    M  9.4 16 160   M    M   1        21 130
18  88  68  78   M   0  13 0.00    M    M 13.4 18 150   M    M   0        28 150
19  84  64  74   M   0   9 0.43    M    M 14.5 20 150   M    M   7 3      30 150
20  75  61  68   M   0   3 0.10    M    M  9.9 21 150   M    M   7 3      28 150
21  82  61  72   M   0   7 0.00  0.0    0  6.2 12 120   M    M   4        20 140
================================================================================
SM 1765 1335         2 193  2.66     0.0 237.4          M       84
================================================================================
AV 84.1 63.6                              11.3 FASTST   M    M   4    MAX(MPH)
                                 MISC ---->  # 23 150               # 31  140
================================================================================
NOTES:
# LAST OF SEVERAL OCCURRENCES

COLUMN 17 PEAK WIND IN M.P.H.

PRELIMINARY LOCAL CLIMATOLOGICAL DATA (WS FORM: F-6) , PAGE 2

                                          STATION:  Edwards County Airport
                                          MONTH:    MAY
                                          YEAR:     2018
                                          LATITUDE:   29 57 N
                                          LONGITUDE: 100 10 W

[TEMPERATURE DATA]      [PRECIPITATION DATA]       SYMBOLS USED IN COLUMN 16

AVERAGE MONTHLY: 73.8   TOTAL FOR MONTH:   2.66    1 = FOG OR MIST
DPTR FM NORMAL:     M   DPTR FM NORMAL:       M    2 = FOG REDUCING VISIBILITY
HIGHEST:    91 ON 17,16 GRTST 24HR  2.05 ON  4- 4      TO 1/4 MILE OR LESS
LOWEST:     57 ON  5, 4                            3 = THUNDER
                        SNOW, ICE PELLETS, HAIL    4 = ICE PELLETS
                        TOTAL MONTH:   0.0 INCH    5 = HAIL
                        GRTST 24HR     0.0         6 = FREEZING RAIN OR DRIZZLE
                        GRTST DEPTH:   0           7 = DUSTSTORM OR SANDSTORM:
                                                       VSBY 1/2 MILE OR LESS
                                                   8 = SMOKE OR HAZE
[NO. OF DAYS WITH]      [WEATHER - DAYS WITH]      9 = BLOWING SNOW
                                                   X = TORNADO
MAX 32 OR BELOW:   0    0.01 INCH OR MORE:   4
MAX 90 OR ABOVE:   3    0.10 INCH OR MORE:   3
MIN 32 OR BELOW:   0    0.50 INCH OR MORE:   1
MIN  0 OR BELOW:   0    1.00 INCH OR MORE:   1

[HDD (BASE 65) ]
TOTAL THIS MO.     2    CLEAR  (SCALE 0-3)   9
DPTR FM NORMAL     M    PTCLDY (SCALE 4-7)  10
TOTAL FM JUL 1   828    CLOUDY (SCALE 8-10)  2
DPTR FM NORMAL     M

[CDD (BASE 65) ]
TOTAL THIS MO.   193
DPTR FM NORMAL     M    [PRESSURE DATA]
TOTAL FM JAN 1   353    HIGHEST SLP M ON M
DPTR FM NORMAL     M    LOWEST  SLP M ON M

[REMARKS]
