000
CXUS56 KSLC 251244
CF6EVW
PRELIMINARY LOCAL CLIMATOLOGICAL DATA (WS FORM: F-6)

                                          STATION:   EVANSTON WY
                                          MONTH:     APRIL
                                          YEAR:      2018
                                          LATITUDE:   41 16 N
                                          LONGITUDE: 111  2 W

  TEMPERATURE IN F:       :PCPN:    SNOW:  WIND      :SUNSHINE: SKY     :PK WND
================================================================================
1   2   3   4   5  6A  6B    7    8   9   10  11  12  13   14  15   16   17  18
                                     12Z  AVG MX 2MIN
DY MAX MIN AVG DEP HDD CDD  WTR  SNW DPTH SPD SPD DIR MIN PSBL S-S WX    SPD DR
================================================================================

 1  54  32  43   8  22   0 0.00  0.0    0 14.9 37 250   M    M   2        49 240
 2  51  16  34  -2  31   0    T    M    0 18.8 46 240   M    M   6 12     55 250
 3  40   8  24 -12  41   0 0.00  0.0    0 10.9 21 240   M    M   1        28 240
 4  50  29  40   4  25   0 0.00  0.0    0 15.9 31 260   M    M   7        38 250
 5  55  30  43   7  22   0 0.00  0.0    0 13.3 24 240   M    M   6        31 230
 6  46  36  41   4  24   0    T    M    0 11.4 20 270   M    M  10        24 270
 7  50  35  43   6  22   0    T    M    0 14.8 28 230   M    M   8 12     34 210
 8  41  29  35  -2  30   0    T    M    0 15.9 32 290   M    M   6 128    39 290
 9  50  26  38   1  27   0 0.00  0.0    0 11.0 21 240   M    M   1        26 270
10  60  30  45   7  20   0 0.00  0.0    0 10.5 23 220   M    M   3        30 250
11  63  44  54  16  11   0 0.00  0.0    0 13.9 39 220   M    M   6        52 250
12  49  21  35  -3  30   0    M    M    0 17.0 37 270   M    M   7 128    45 260
13  37  21  29  -9  36   0    M    M    0 13.8 29 310   M    M   9        36 310
14  48  22  35  -4  30   0 0.00  0.0    0 10.1 18 280   M    M   2        24 310
15  59  32  46   7  19   0 0.00  0.0    0 10.4 29 220   M    M   3        36 220
16  62  25  44   5  21   0 0.00  0.0    0 25.1 49 220   M    M   3        65 230
17  35  22  29 -11  36   0    M    M    0 16.2 30 260   M    M   6 1      39 270
18  51  19  35  -5  30   0    M  0.0    0  5.0 13 170   M    M   0        17 160
19  59  34  47   7  18   0 0.00  0.0    0 10.7 30 190   M    M   3        39 190
20  53  37  45   5  20   0    T    M    0 12.6 28  90   M    M   9        35  80
21  62  35  49   8  16   0 0.00  0.0    0  7.6 21 320   M    M   0        29 290
22  68  37  53  12  12   0 0.00  0.0    0  7.5 21 260   M    M   0        27 230
23  56  34  45   3  20   0    M    M    0 13.9 30 250   M    M   2 1      39 260
24  52  28  40  -2  25   0 0.00  0.0    0 11.1 20  60   M    M   2        25  80
================================================================================
SM 1251  682       588   0    T      0.0 312.3          M      102
================================================================================
AV 52.1 28.4                              13.0 FASTST   M    M   4    MAX(MPH)
                                 MISC ---->  # 49 220               # 65  230
================================================================================
NOTES:
# LAST OF SEVERAL OCCURRENCES

COLUMN 17 PEAK WIND IN M.P.H.

PRELIMINARY LOCAL CLIMATOLOGICAL DATA (WS FORM: F-6) , PAGE 2

                                          STATION:  EVANSTON WY
                                          MONTH:    APRIL
                                          YEAR:     2018
                                          LATITUDE:   41 16 N
                                          LONGITUDE: 111  2 W

[TEMPERATURE DATA]      [PRECIPITATION DATA]       SYMBOLS USED IN COLUMN 16

AVERAGE MONTHLY: 40.3   TOTAL FOR MONTH:      T    1 = FOG OR MIST
DPTR FM NORMAL:   1.9   DPTR FM NORMAL:   -0.85    2 = FOG REDUCING VISIBILITY
HIGHEST:    68 ON 22    GRTST 24HR    T  ON 20-20      TO 1/4 MILE OR LESS
LOWEST:      8 ON  3                               3 = THUNDER
                        SNOW, ICE PELLETS, HAIL    4 = ICE PELLETS
                        TOTAL MONTH:   0.0 INCH    5 = HAIL
                        GRTST 24HR     0.0         6 = FREEZING RAIN OR DRIZZLE
                        GRTST DEPTH:   0           7 = DUSTSTORM OR SANDSTORM:
                                                       VSBY 1/2 MILE OR LESS
                                                   8 = SMOKE OR HAZE
[NO. OF DAYS WITH]      [WEATHER - DAYS WITH]      9 = BLOWING SNOW
                                                   X = TORNADO
MAX 32 OR BELOW:   0    0.01 INCH OR MORE:   0
MAX 90 OR ABOVE:   0    0.10 INCH OR MORE:   0
MIN 32 OR BELOW:  16    0.50 INCH OR MORE:   0
MIN  0 OR BELOW:   0    1.00 INCH OR MORE:   0

[HDD (BASE 65) ]
TOTAL THIS MO.   588    CLEAR  (SCALE 0-3)  13
DPTR FM NORMAL   -49    PTCLDY (SCALE 4-7)   8
TOTAL FM JUL 1  6703    CLOUDY (SCALE 8-10)  3
DPTR FM NORMAL -1002

[CDD (BASE 65) ]
TOTAL THIS MO.     0
DPTR FM NORMAL     0    [PRESSURE DATA]
TOTAL FM JAN 1     0    HIGHEST SLP M ON M
DPTR FM NORMAL     0    LOWEST  SLP 29.26 ON 12

[REMARKS]
