000
CXUS51 KCAR 230600
CF6FVE
PRELIMINARY LOCAL CLIMATOLOGICAL DATA (WS FORM: F-6)

                                          STATION:   FRENCHVILLE ME
                                          MONTH:     APRIL
                                          YEAR:      2018
                                          LATITUDE:   47 16 N
                                          LONGITUDE:  68 19 W

  TEMPERATURE IN F:       :PCPN:    SNOW:  WIND      :SUNSHINE: SKY     :PK WND
================================================================================
1   2   3   4   5  6A  6B    7    8   9   10  11  12  13   14  15   16   17  18
                                     12Z  AVG MX 2MIN
DY MAX MIN AVG DEP HDD CDD  WTR  SNW DPTH SPD SPD DIR MIN PSBL S-S WX    SPD DR
================================================================================

 1  45  25  35   5  30   0 0.02    M    M 16.4 33 250   M    M   8        46 250
 2  34  18  26  -4  39   0 0.00    M    M  8.2 17 250   M    M   3        23 330
 3  39  20  30  -1  35   0    T    M    M  7.1 17 230   M    M   8 1      23 220
 4  32  24  28  -3  37   0 0.67    M    M  9.7 25  60   M    M  10 12     34  60
 5  27  12  20 -12  45   0    T    M    M 19.7 32 290   M    M   9 8      43 260
 6  34   8  21 -11  44   0    T    M    0 10.5 24 210   M    M   4 8      33 210
 7  37  27  32   0  33   0 0.09    M    M  6.5 16 280   M    M   9 1      20 250
 8  33  17  25  -8  40   0    T    M    M 10.8 22 340   M    M   4        29 340
 9  27  12  20 -14  45   0 0.00    M    M 16.1 31 290   M    M   1        39 330
10  37  14  26  -8  39   0 0.00    M    M  7.8 15 250   M    M   5        20 240
11  42  22  32  -2  33   0 0.00    M    M  5.6 14 170   M    M   3        17 180
12  46  30  38   3  27   0 0.01    M    M  9.2 20 150   M    M   5 1      24 150
13  45  34  40   4  25   0 0.09    M    M 10.1 20 290   M    M   6 12     25 320
14  37  15  26 -10  39   0 0.00    M    M 17.3 32 340   M    M   2        42 330
15  31  11  21 -16  44   0 0.00    M    M 10.6 18 350   M    M   0        24 360
16  35  23  29  -8  36   0 0.12    M    M 11.5 22 100   M    M   9 168    33 100
17  39  32  36  -2  29   0 0.44    M    M 12.0 24  90   M    M  10 16     33 100
18  40  32  36  -2  29   0 0.06    M    M  6.6 15 280   M    M  10 128    19 280
19  45  33  39   0  26   0 0.03    M    M  4.8 12 350   M    M  10 128    14 360
20  44  34  39   0  26   0 0.03    M    M 11.1 25 340   M    M   9 1      31 330
21  44  31  38  -2  27   0 0.00    M    M 13.8 25 320   M    M   1        33 330
22  46  29  38  -2  27   0 0.00    M    M 11.5 21 330   M    M   0        27 290
================================================================================
SM  839  503       755   0  1.56    M    236.9          M      126
================================================================================
AV 38.1 22.9                              10.8 FASTST   M    M   6    MAX(MPH)
                                 MISC ---->  # 33 250               # 46  250
================================================================================
NOTES:
# LAST OF SEVERAL OCCURRENCES

COLUMN 17 PEAK WIND IN M.P.H.

PRELIMINARY LOCAL CLIMATOLOGICAL DATA (WS FORM: F-6) , PAGE 2

                                          STATION:  FRENCHVILLE ME
                                          MONTH:    APRIL
                                          YEAR:     2018
                                          LATITUDE:   47 16 N
                                          LONGITUDE:  68 19 W

[TEMPERATURE DATA]      [PRECIPITATION DATA]       SYMBOLS USED IN COLUMN 16

AVERAGE MONTHLY: 30.5   TOTAL FOR MONTH:   1.56    1 = FOG OR MIST
DPTR FM NORMAL:  -4.4   DPTR FM NORMAL:   -0.51    2 = FOG REDUCING VISIBILITY
HIGHEST:    46 ON 22,12 GRTST 24HR  0.67 ON  4- 4      TO 1/4 MILE OR LESS
LOWEST:      8 ON  6                               3 = THUNDER
                        SNOW, ICE PELLETS, HAIL    4 = ICE PELLETS
                        TOTAL MONTH:    M          5 = HAIL
                        GRTST 24HR    M  ON   M    6 = FREEZING RAIN OR DRIZZLE
                        GRTST DEPTH:   0           7 = DUSTSTORM OR SANDSTORM:
                                                       VSBY 1/2 MILE OR LESS
                                                   8 = SMOKE OR HAZE
[NO. OF DAYS WITH]      [WEATHER - DAYS WITH]      9 = BLOWING SNOW
                                                   X = TORNADO
MAX 32 OR BELOW:   4    0.01 INCH OR MORE:  10
MAX 90 OR ABOVE:   0    0.10 INCH OR MORE:   3
MIN 32 OR BELOW:  19    0.50 INCH OR MORE:   1
MIN  0 OR BELOW:   0    1.00 INCH OR MORE:   0

[HDD (BASE 65) ]
TOTAL THIS MO.   755    CLEAR  (SCALE 0-3)   6
DPTR FM NORMAL    94    PTCLDY (SCALE 4-7)   8
TOTAL FM JUL 1  8719    CLOUDY (SCALE 8-10)  8
DPTR FM NORMAL  -233

[CDD (BASE 65) ]
TOTAL THIS MO.     0
DPTR FM NORMAL     0    [PRESSURE DATA]
TOTAL FM JAN 1     0    HIGHEST SLP M ON M
DPTR FM NORMAL     0    LOWEST  SLP 29.25 ON  4

[REMARKS]
