000
CXUS53 KGID 250730
CF6HDE
PRELIMINARY LOCAL CLIMATOLOGICAL DATA (WS FORM: F-6)

                                          STATION:   HOLDREGE
                                          MONTH:     MAY
                                          YEAR:      2018
                                          LATITUDE:   40 27 N
                                          LONGITUDE:  99 20 W

  TEMPERATURE IN F:       :PCPN:    SNOW:  WIND      :SUNSHINE: SKY     :PK WND
================================================================================
1   2   3   4   5  6A  6B    7    8   9   10  11  12  13   14  15   16   17  18
                                     12Z  AVG MX 2MIN
DY MAX MIN AVG DEP HDD CDD  WTR  SNW DPTH SPD SPD DIR MIN PSBL S-S WX    SPD DR
================================================================================

 1  78  52  65  10   0   0 0.00    M    M 14.2 21 180   M    M   6        30 180
 2  60  48  54  -1  11   0 0.00    M    M 14.6 23  40   M    M   8        27  60
 3  58  47  53  -3  12   0 0.04    M    M 11.4 23  30   M    M  10 1      28  20
 4  77  42  60   4   5   0 0.00    M    M  6.7 12 310   M    M   1        17 310
 5  84  49  67  11   0   2 0.00    M    M  7.2 14 250   M    M   1        20 260
 6  80  49  65   8   0   0 0.00    M    M  8.4 14  50   M    M   1 8      21  20
 7  84  48  66   9   0   1 0.00    M    M 14.1 25 150   M    M   0        33 150
 8  81  55  68  11   0   3 0.00    M    M 10.6 17 360   M    M   0        35  10
 9  85  51  68  10   0   3 0.00    M    M  9.8 14 290   M    M   1        25 310
10  85  50  68  10   0   3    T    M    M 12.3 23 340   M    M   1 3      39 340
11  64  50  57  -1   8   0 0.01    M    M 17.3 28 360   M    M   9 13     40 360
12  54  48  51  -8  14   0 0.01    M    M 14.7 21  50   M    M  10 1      25  30
13  62  48  55  -4  10   0 0.00    M    M  8.8 15  60   M    M  10 1       M  M
14  72  53  63   4   2   0 0.27    M    M  7.6 13 350   M    M   8 3      16 110
15  77  51  64   4   1   0 0.00    M    M  4.9  8  90   M    M   2         M  M
16  83  52  68   8   0   3 0.00    M    M  5.6 10 120   M    M   1 1       M  M
17  86  56  71  11   0   6 0.00    M    M 13.8 24 140   M    M   1        29 140
18  71  56  64   4   1   0 1.82    M    M 15.1 27  60   M    M   8 3      38  90
19  61  49  55  -6  10   0 0.93    M    M 13.2 21  20   M    M  10        25  20
20  57  46  52  -9  13   0 0.00    M    M  7.9 14 360   M    M  10 12      M  M
21  76  43  60  -2   5   0 0.00    M    M  7.1 14 170   M    M   5 12     22 170
22  86  61  74  12   0   9 0.00    M    M 12.7 20 160   M    M   1        25 160
23  86  64  75  13   0  10 0.00    M    M 14.5 23 180   M    M   2        31 180
24  86  61  74  11   0   9 0.00    M    M 12.2 22 180   M    M   1        28 180
================================================================================
SM 1793 1229        92  49  3.08    M    264.7          M      107
================================================================================
AV 74.7 51.2                              11.0 FASTST   M    M   4    MAX(MPH)
                                 MISC ---->  # 28 360               # 40  360
================================================================================
NOTES:
# LAST OF SEVERAL OCCURRENCES

COLUMN 17 PEAK WIND IN M.P.H.

PRELIMINARY LOCAL CLIMATOLOGICAL DATA (WS FORM: F-6) , PAGE 2

                                          STATION:  HOLDREGE
                                          MONTH:    MAY
                                          YEAR:     2018
                                          LATITUDE:   40 27 N
                                          LONGITUDE:  99 20 W

[TEMPERATURE DATA]      [PRECIPITATION DATA]       SYMBOLS USED IN COLUMN 16

AVERAGE MONTHLY: 63.0   TOTAL FOR MONTH:   3.08    1 = FOG OR MIST
DPTR FM NORMAL:   4.2   DPTR FM NORMAL:   -0.34    2 = FOG REDUCING VISIBILITY
HIGHEST:    86 ON 24,23 GRTST 24HR  1.82 ON 18-18      TO 1/4 MILE OR LESS
LOWEST:     42 ON  4                               3 = THUNDER
                        SNOW, ICE PELLETS, HAIL    4 = ICE PELLETS
                        TOTAL MONTH:    M          5 = HAIL
                        GRTST 24HR    M  ON   M    6 = FREEZING RAIN OR DRIZZLE
                        GRTST DEPTH:  M  ON   M    7 = DUSTSTORM OR SANDSTORM:
                                                       VSBY 1/2 MILE OR LESS
                                                   8 = SMOKE OR HAZE
[NO. OF DAYS WITH]      [WEATHER - DAYS WITH]      9 = BLOWING SNOW
                                                   X = TORNADO
MAX 32 OR BELOW:   0    0.01 INCH OR MORE:   6
MAX 90 OR ABOVE:   0    0.10 INCH OR MORE:   3
MIN 32 OR BELOW:   0    0.50 INCH OR MORE:   2
MIN  0 OR BELOW:   0    1.00 INCH OR MORE:   1

[HDD (BASE 65) ]
TOTAL THIS MO.    92    CLEAR  (SCALE 0-3)  13
DPTR FM NORMAL   -84    PTCLDY (SCALE 4-7)   4
TOTAL FM JUL 1  6192    CLOUDY (SCALE 8-10)  7
DPTR FM NORMAL   -20

[CDD (BASE 65) ]
TOTAL THIS MO.    49
DPTR FM NORMAL    21    [PRESSURE DATA]
TOTAL FM JAN 1    58    HIGHEST SLP M ON M
DPTR FM NORMAL    23    LOWEST  SLP M ON M

[REMARKS]
