868
CXUS54 KFWD 200730
CF6ILE
PRELIMINARY LOCAL CLIMATOLOGICAL DATA (WS FORM: F-6)

                                          STATION:   KILLEEN SKYLARK
                                          MONTH:     MAY
                                          YEAR:      2018
                                          LATITUDE:   31  4 N
                                          LONGITUDE:  97 41 W

  TEMPERATURE IN F:       :PCPN:    SNOW:  WIND      :SUNSHINE: SKY     :PK WND
================================================================================
1   2   3   4   5  6A  6B    7    8   9   10  11  12  13   14  15   16   17  18
                                     12Z  AVG MX 2MIN
DY MAX MIN AVG DEP HDD CDD  WTR  SNW DPTH SPD SPD DIR MIN PSBL S-S WX    SPD DR
================================================================================

 1  79  68  74   5   0   9    T  0.0    0 14.6 21 160   M    M  10        27 140
 2  88  70  79  10   0  14    T  0.0    0 17.6 24 160   M    M   9 1      37 160
 3  85  73  79   9   0  14    T  0.0    0 14.8 18 190   M    M   9        32 180
 4  74  62  68  -2   0   3 1.70  0.0    0  7.1 16  30   M    M   9 13     17 310
 5  83  58  71   1   0   6 0.00  0.0    0  6.6 15 350   M    M   0 1      23  20
 6  87  52  70   0   0   5 0.00  0.0    0  4.2  8  90   M    M   0         M  M
 7  91  58  75   4   0  10 0.00  0.0    0  6.1 14 150   M    M   0        16 150
 8  90  65  78   7   0  13 0.00  0.0    0 11.2 15 160   M    M   0        24 170
 9  87  64  76   5   0  11 0.00  0.0    0 11.7 16 170   M    M   1        25 170
10  87  65  76   5   0  11 0.00  0.0    0 13.5 20 180   M    M   2        30 190
11  88  69  79   7   0  14 0.00  0.0    0 15.6 22 150   M    M   4        31 180
12  90  70  80   8   0  15 0.00  0.0    0 13.5 20 190   M    M   5        27 140
13  90  71  81   9   0  16 0.00  0.0    0 11.7 16 160   M    M   4        22 190
14  91  72  82  10   0  17 0.00  0.0    0 11.1 15 190   M    M   5 128    22 160
15  90  69  80   7   0  15 0.01  0.0    0  7.7 13 160   M    M   1 13     18 140
16  95  66  81   8   0  16 0.00  0.0    0  5.1 10  40   M    M   1 1       M  M
17  96  68  82   9   0  17 0.00  0.0    0  5.7 14 160   M    M   0         M  M
18  94  68  81   7   0  16 0.00  0.0    0 12.0 23 150   M    M   0        29 150
19  92  71  82   8   0  17    T  0.0    0 15.4 21 140   M    M   4        32 180
================================================================================
SM 1677 1259         0 239  1.71     0.0 205.2          M       64
================================================================================
AV 88.3 66.3                              10.8 FASTST   M    M   3    MAX(MPH)
                                 MISC ---->  # 24 160               # 37  160
================================================================================
NOTES:
# LAST OF SEVERAL OCCURRENCES

COLUMN 17 PEAK WIND IN M.P.H.

PRELIMINARY LOCAL CLIMATOLOGICAL DATA (WS FORM: F-6) , PAGE 2

                                          STATION:  KILLEEN SKYLARK
                                          MONTH:    MAY
                                          YEAR:     2018
                                          LATITUDE:   31  4 N
                                          LONGITUDE:  97 41 W

[TEMPERATURE DATA]      [PRECIPITATION DATA]       SYMBOLS USED IN COLUMN 16

AVERAGE MONTHLY: 77.3   TOTAL FOR MONTH:   1.71    1 = FOG OR MIST
DPTR FM NORMAL:   5.8   DPTR FM NORMAL:   -0.59    2 = FOG REDUCING VISIBILITY
HIGHEST:    96 ON 17    GRTST 24HR  1.70 ON  4- 4      TO 1/4 MILE OR LESS
LOWEST:     52 ON  6                               3 = THUNDER
                        SNOW, ICE PELLETS, HAIL    4 = ICE PELLETS
                        TOTAL MONTH:   0.0 INCH    5 = HAIL
                        GRTST 24HR     0.0         6 = FREEZING RAIN OR DRIZZLE
                        GRTST DEPTH:   0           7 = DUSTSTORM OR SANDSTORM:
                                                       VSBY 1/2 MILE OR LESS
                                                   8 = SMOKE OR HAZE
[NO. OF DAYS WITH]      [WEATHER - DAYS WITH]      9 = BLOWING SNOW
                                                   X = TORNADO
MAX 32 OR BELOW:   0    0.01 INCH OR MORE:   2
MAX 90 OR ABOVE:  10    0.10 INCH OR MORE:   1
MIN 32 OR BELOW:   0    0.50 INCH OR MORE:   1
MIN  0 OR BELOW:   0    1.00 INCH OR MORE:   1

[HDD (BASE 65) ]
TOTAL THIS MO.     0    CLEAR  (SCALE 0-3)  10
DPTR FM NORMAL    -8    PTCLDY (SCALE 4-7)   5
TOTAL FM JUL 1  1855    CLOUDY (SCALE 8-10)  4
DPTR FM NORMAL  -309

[CDD (BASE 65) ]
TOTAL THIS MO.   239
DPTR FM NORMAL   107    [PRESSURE DATA]
TOTAL FM JAN 1   416    HIGHEST SLP M ON M
DPTR FM NORMAL   155    LOWEST  SLP M ON M

[REMARKS]
