000
CXUS53 KJKL 281310
CF6LOZ
PRELIMINARY LOCAL CLIMATOLOGICAL DATA (WS FORM: F-6)
STATION: LONDON KY
MONTH: MARCH
YEAR: 2024
LATITUDE: 37 4 N
LONGITUDE: 84 5 W
TEMPERATURE IN F: :PCPN: SNOW: WIND :SUNSHINE: SKY :PK WND
================================================================================
1 2 3 4 5 6A 6B 7 8 9 10 11 12 13 14 15 16 17 18
12Z AVG MX 2MIN
DY MAX MIN AVG DEP HDD CDD WTR SNW DPTH SPD SPD DIR MIN PSBL S-S WX SPD DR
================================================================================
1 47 30 39 -4 26 0 0.15 M M 2.4 8 150 M M 7 1 14 150
2 54 44 49 6 16 0 0.12 M M 1.0 7 280 M M 10 1 9 290
3 70 37 54 10 11 0 0.00 M M 3.1 12 200 M M 4 12 17 170
4 75 48 62 18 3 0 0.00 M M 2.9 10 150 M M 5 15 180
5 70 50 60 16 5 0 0.19 M M 3.5 15 190 M M 6 1 20 190
6 59 53 56 12 9 0 0.48 M M 4.4 14 360 M M 10 1 18 330
7 57 49 53 8 12 0 0.00 M M 4.5 12 350 M M 8 1 15 340
8 65 49 57 12 8 0 0.02 M M 3.0 15 190 M M 8 21 180
9 58 42 50 5 15 0 0.86 M M 6.9 18 290 M M 10 1 27 290
10 48 33 41 -5 24 0 0.00 M M 10.4 23 280 M M 3 33 290
11 57 25 41 -5 24 0 0.00 M M 1.9 10 260 M M 0 14 250
12 67 29 48 2 17 0 0.00 M M 2.5 15 240 M M 1 8 19 220
13 73 38 56 10 9 0 0.00 M M 3.3 14 250 M M 1 20 230
14 78 43 61 14 4 0 0.00 M M 6.1 22 200 M M 3 34 200
15 69 48 59 12 6 0 0.07 M M 7.6 25 300 M M 9 13 39 290
16 66 41 54 7 11 0 0.00 M M 4.6 13 250 M M 5 12 18 230
17 59 39 49 2 16 0 0.00 M M 8.7 22 270 M M 2 30 320
18 44 30 37 -11 28 0 0.00 M M 7.6 20 330 M M 5 29 310
19 55 28 42 -6 23 0 0.00 M M 9.5 20 250 M M 3 32 240
20 67 38 53 5 12 0 0.00 M M 8.6 23 280 M M 1 33 280
21 59 32 46 -3 19 0 0.00 M M 5.8 13 30 M M 1 16 20
22 69 41 55 6 10 0 0.13 M M 3.5 12 190 M M 7 1 19 180
23 54 34 44 -5 21 0 0.19 M M 10.5 22 360 M M 5 1 30 340
24 64 28 46 -4 19 0 0.00 M M 5.2 13 80 M M 0 21 50
25 69 45 57 7 8 0 0.00 M M 7.1 17 190 M M 0 25 200
26 59 51 55 5 10 0 0.78 M M 6.0 18 120 M M 6 13 28 110
27 62 42 52 2 13 0 0.00 M M 6.3 16 340 M M 3 23 330
================================================================================
SM 1674 1067 379 0 2.99 M 146.9 M 123
================================================================================
AV 62.0 39.5 5.4 FASTST M M 5 MAX(MPH)
MISC ----> 25 300 39 290
================================================================================
NOTES:
# LAST OF SEVERAL OCCURRENCES
COLUMN 17 PEAK WIND IN M.P.H.
PRELIMINARY LOCAL CLIMATOLOGICAL DATA (WS FORM: F-6) , PAGE 2
STATION: LONDON KY
MONTH: MARCH
YEAR: 2024
LATITUDE: 37 4 N
LONGITUDE: 84 5 W
[TEMPERATURE DATA] [PRECIPITATION DATA] SYMBOLS USED IN COLUMN 16
AVERAGE MONTHLY: 50.8 TOTAL FOR MONTH: 2.99 1 = FOG OR MIST
DPTR FM NORMAL: 4.1 DPTR FM NORMAL: -0.99 2 = FOG REDUCING VISIBILITY
HIGHEST: 78 ON 14 GRTST 24HR 0.87 ON 8- 9 TO 1/4 MILE OR LESS
LOWEST: 25 ON 11 3 = THUNDER
SNOW, ICE PELLETS, HAIL 4 = ICE PELLETS
TOTAL MONTH: M 5 = HAIL
GRTST 24HR M ON M 6 = FREEZING RAIN OR DRIZZLE
GRTST DEPTH: M ON M 7 = DUSTSTORM OR SANDSTORM:
VSBY 1/2 MILE OR LESS
8 = SMOKE OR HAZE
[NO. OF DAYS WITH] [WEATHER - DAYS WITH] 9 = BLOWING SNOW
X = TORNADO
MAX 32 OR BELOW: 0 0.01 INCH OR MORE: 10
MAX 90 OR ABOVE: 0 0.10 INCH OR MORE: 8
MIN 32 OR BELOW: 7 0.50 INCH OR MORE: 2
MIN 0 OR BELOW: 0 1.00 INCH OR MORE: 0
[HDD (BASE 65) ]
TOTAL THIS MO. 379 CLEAR (SCALE 0-3) 11
DPTR FM NORMAL -117 PTCLDY (SCALE 4-7) 12
TOTAL FM JUL 1 3327 CLOUDY (SCALE 8-10) 4
DPTR FM NORMAL -419
[CDD (BASE 65) ]
TOTAL THIS MO. 0
DPTR FM NORMAL 0 [PRESSURE DATA]
TOTAL FM JAN 1 0 HIGHEST SLP M ON M
DPTR FM NORMAL 0 LOWEST SLP 29.70 ON 9
[REMARKS]