000
CXUS55 KBOI 261002
CF6MYL
PRELIMINARY LOCAL CLIMATOLOGICAL DATA (WS FORM: F-6)

                                          STATION:   MCCALL ID
                                          MONTH:     APRIL
                                          YEAR:      2018
                                          LATITUDE:   44 52 N
                                          LONGITUDE: 116  6 W

  TEMPERATURE IN F:       :PCPN:    SNOW:  WIND      :SUNSHINE: SKY     :PK WND
================================================================================
1   2   3   4   5  6A  6B    7    8   9   10  11  12  13   14  15   16   17  18
                                     12Z  AVG MX 2MIN
DY MAX MIN AVG DEP HDD CDD  WTR  SNW DPTH SPD SPD DIR MIN PSBL S-S WX    SPD DR
================================================================================

 1  43  23  33   0  32   0 0.15    M    M  6.3 18 190   M    M   5 1      24 190
 2  37  18  28  -5  37   0 0.09    M    M  8.2 20 320   M    M   7 18     28 340
 3  38  11  25  -8  40   0 0.00    M    M  3.2 13 160   M    M   4        15 170
 4  42  31  37   3  28   0 0.00    M    M  2.9 12 160   M    M  10        14 170
 5  43  34  39   5  26   0 0.20    M    M  0.5  6 130   M    M  10 1       7 130
 6  51  36  44  10  21   0 0.11    M    M  2.6 10 180   M    M   7 1      12 350
 7  48  34  41   7  24   0 0.44    M    M  6.9 25 220   M    M  10 13     36 220
 8  39  32  36   1  29   0 0.21    M    M  7.3 18 180   M    M   9 12     24 190
 9  47  28  38   3  27   0 0.00    M    M  1.8  9 170   M    M   6 12     11 170
10  53  28  41   6  24   0 0.16    M    M  3.7 17 260   M    M   6 13     23 250
11  47  32  40   5  25   0 0.32    M    M  4.6 24 180   M    M   9 12     29 180
12  39  26  33  -3  32   0 0.30    M    M  5.5 17 290   M    M   8 128    26 270
13  39  18  29  -7  36   0    T    M    M  2.3  9 190   M    M   6 1      11 190
14  46  33  40   4  25   0 0.10    M    M  3.0 13 190   M    M   8 1      16 190
15  53  32  43   7  22   0 0.33    M    M  8.0 30 170   M    M   9 1      38 170
16  41  26  34  -3  31   0 0.13    M    M  8.3 21 230   M    M   6 1      30 290
17  39  24  32  -5  33   0 0.01    M    M  4.8 15 280   M    M   8 1      21 270
18  50  20  35  -2  30   0 0.00    M    M  3.5 10 350   M    M   3        15 130
19  58  30  44   6  21   0 0.00    M    M  9.8 20 340   M    M   1        32  10
20  61  35  48  10  17   0 0.00    M    M  7.8 16  10   M    M   0        23  20
21  60  32  46   8  19   0 0.00    M    M  4.0 16 220   M    M   3        20 270
22  57  29  43   4  22   0 0.00    M    M  7.0 16 320   M    M   0        25 330
23  56  34  45   6  20   0 0.00    M    M 10.8 17 340   M    M   0        25 350
24  65  28  47   8  18   0 0.00    M    M  3.6 12 270   M    M   0 8      16 170
25  66  29  48   8  17   0 0.00    M    M  3.5 15 260   M    M   0        19 260
================================================================================
SM 1218  703       656   0  2.55    M    129.9          M      135
================================================================================
AV 48.7 28.1                               5.2 FASTST   M    M   5    MAX(MPH)
                                 MISC ---->  # 30 170               # 38  170
================================================================================
NOTES:
# LAST OF SEVERAL OCCURRENCES

COLUMN 17 PEAK WIND IN M.P.H.

PRELIMINARY LOCAL CLIMATOLOGICAL DATA (WS FORM: F-6) , PAGE 2

                                          STATION:  MCCALL ID
                                          MONTH:    APRIL
                                          YEAR:     2018
                                          LATITUDE:   44 52 N
                                          LONGITUDE: 116  6 W

[TEMPERATURE DATA]      [PRECIPITATION DATA]       SYMBOLS USED IN COLUMN 16

AVERAGE MONTHLY: 38.4   TOTAL FOR MONTH:   2.55    1 = FOG OR MIST
DPTR FM NORMAL:   2.4   DPTR FM NORMAL:    0.94    2 = FOG REDUCING VISIBILITY
HIGHEST:    66 ON 25    GRTST 24HR  0.44 ON  7- 7      TO 1/4 MILE OR LESS
LOWEST:     11 ON  3                               3 = THUNDER
                        SNOW, ICE PELLETS, HAIL    4 = ICE PELLETS
                        TOTAL MONTH:    M          5 = HAIL
                        GRTST 24HR    M  ON   M    6 = FREEZING RAIN OR DRIZZLE
                        GRTST DEPTH:  M  ON   M    7 = DUSTSTORM OR SANDSTORM:
                                                       VSBY 1/2 MILE OR LESS
                                                   8 = SMOKE OR HAZE
[NO. OF DAYS WITH]      [WEATHER - DAYS WITH]      9 = BLOWING SNOW
                                                   X = TORNADO
MAX 32 OR BELOW:   0    0.01 INCH OR MORE:  13
MAX 90 OR ABOVE:   0    0.10 INCH OR MORE:  11
MIN 32 OR BELOW:  19    0.50 INCH OR MORE:   0
MIN  0 OR BELOW:   0    1.00 INCH OR MORE:   0

[HDD (BASE 65) ]
TOTAL THIS MO.   656    CLEAR  (SCALE 0-3)   8
DPTR FM NORMAL   -68    PTCLDY (SCALE 4-7)   9
TOTAL FM JUL 1  7592    CLOUDY (SCALE 8-10)  8
DPTR FM NORMAL  -921

[CDD (BASE 65) ]
TOTAL THIS MO.     0
DPTR FM NORMAL     0    [PRESSURE DATA]
TOTAL FM JAN 1     0    HIGHEST SLP M ON M
DPTR FM NORMAL     0    LOWEST  SLP 29.42 ON 15

[REMARKS]
