000
CXHW52 PHFO 221250
CF6OGG
PRELIMINARY LOCAL CLIMATOLOGICAL DATA (WS FORM: F-6)

                                          STATION:   KAHULUI HI
                                          MONTH:     APRIL
                                          YEAR:      2018
                                          LATITUDE:   20 53 N
                                          LONGITUDE: 156 26 W

  TEMPERATURE IN F:       :PCPN:    SNOW:  WIND      :SUNSHINE: SKY     :PK WND
================================================================================
1   2   3   4   5  6A  6B    7    8   9   10  11  12  13   14  15   16   17  18
                                     12Z  AVG MX 2MIN
DY MAX MIN AVG DEP HDD CDD  WTR  SNW DPTH SPD SPD DIR MIN PSBL S-S WX    SPD DR
================================================================================

 1  81  65  73  -1   0   8 0.00  0.0    M  5.5 14  30   M    M   M 1      17  30
 2  80  70  75   1   0  10 0.91  0.0    M 14.4 30 200   M    M   M 1      38 190
 3  84  71  78   4   0  13 0.02  0.0    M 16.1 25 200   M    M   M 1      31 210
 4  85  75  80   6   0  15 0.14  0.0    M 18.5 30 190   M    M   M 1      35 190
 5  84  73  79   5   0  14 0.39  0.0    M 16.9 28 200   M    M   M 1      36 190
 6   M   M   M   M   M   M    M    M    M   M   M   M   M    M   M         M  M
 7  79  73  76   2   0  11 0.29  0.0    M 14.3 22  30   M    M   M 1      26  40
 8  79  72  76   2   0  11 2.17  0.0    M 11.7 20  30   M    M   M 1      22  30
 9  77  68  73  -1   0   8 0.16  0.0    M 16.6 23  30   M    M   M 138    27  30
10  82  68  75   1   0  10 0.06  0.0    M 15.4 26  40   M    M   M 1      33  40
11  82  72  77   3   0  12    T  0.0    M 18.7 30  40   M    M   M 1      36  40
12  86  65  76   2   0  11 0.00  0.0    M  9.3 24  40   M    M   M        30  50
13  87  64  76   2   0  11    T  0.0    M 11.0 25  40   M    M   M 3      32  40
14  83  72  78   4   0  13 0.03  0.0    M 17.1 28  70   M    M   M 1      37  80
15  85  69  77   3   0  12 0.00  0.0    M 13.8 26  60   M    M   M        38  40
16  82  73  78   4   0  13    T  0.0    M 18.0 28  70   M    M   M        39  40
17  82  71  77   3   0  12 0.00  0.0    M 15.7 26  40   M    M   M        33  40
18  84  72  78   4   0  13    T  0.0    M 14.7 25  70   M    M   M        33  70
19  82  71  77   3   0  12    T  0.0    M 13.2 24  60   M    M   M 1      34  50
20  82  72  77   3   0  12    T  0.0    M 14.7 25  40   M    M   M        33  40
21  84  71  78   4   0  13 0.00  0.0    M 14.0 25  40   M    M   M        34  70
================================================================================
SM 1650 1407         0 234  4.17     0.0 289.6          M        M
================================================================================
AV 82.5 70.4                              14.5 FASTST   M    M   0    MAX(MPH)
                                 MISC ---->  # 30 200               # 39   40
================================================================================
NOTES:
# LAST OF SEVERAL OCCURRENCES

COLUMN 17 PEAK WIND IN M.P.H.

PRELIMINARY LOCAL CLIMATOLOGICAL DATA (WS FORM: F-6) , PAGE 2

                                          STATION:  KAHULUI HI
                                          MONTH:    APRIL
                                          YEAR:     2018
                                          LATITUDE:   20 53 N
                                          LONGITUDE: 156 26 W

[TEMPERATURE DATA]      [PRECIPITATION DATA]       SYMBOLS USED IN COLUMN 16

AVERAGE MONTHLY: 76.4   TOTAL FOR MONTH:   4.17    1 = FOG OR MIST
DPTR FM NORMAL:   2.4   DPTR FM NORMAL:    2.94    2 = FOG REDUCING VISIBILITY
HIGHEST:    87 ON 13    GRTST 24HR  2.17 ON  8- 8      TO 1/4 MILE OR LESS
LOWEST:     64 ON 13                               3 = THUNDER
                        SNOW, ICE PELLETS, HAIL    4 = ICE PELLETS
                        TOTAL MONTH:   0.0 INCH    5 = HAIL
                        GRTST 24HR     0.0         6 = FREEZING RAIN OR DRIZZLE
                        GRTST DEPTH:  M  ON   M    7 = DUSTSTORM OR SANDSTORM:
                                                       VSBY 1/2 MILE OR LESS
                                                   8 = SMOKE OR HAZE
[NO. OF DAYS WITH]      [WEATHER - DAYS WITH]      9 = BLOWING SNOW
                                                   X = TORNADO
MAX 32 OR BELOW:   0    0.01 INCH OR MORE:   9
MAX 90 OR ABOVE:   0    0.10 INCH OR MORE:   6
MIN 32 OR BELOW:   0    0.50 INCH OR MORE:   2
MIN  0 OR BELOW:   0    1.00 INCH OR MORE:   1

[HDD (BASE 65) ]
TOTAL THIS MO.     0    CLEAR  (SCALE 0-3)   0
DPTR FM NORMAL     0    PTCLDY (SCALE 4-7)   0
TOTAL FM JUL 1     0    CLOUDY (SCALE 8-10)  0
DPTR FM NORMAL     0

[CDD (BASE 65) ]
TOTAL THIS MO.   234
DPTR FM NORMAL    45    [PRESSURE DATA]
TOTAL FM JAN 1   911    HIGHEST SLP M ON M
DPTR FM NORMAL    68    LOWEST  SLP 29.80 ON  3

[REMARKS]
