617
CXUS53 KPAH 250629
CF6PAH
PRELIMINARY LOCAL CLIMATOLOGICAL DATA (WS FORM: F-6)

                                          STATION:   PADUCAH KY
                                          MONTH:     APRIL
                                          YEAR:      2018
                                          LATITUDE:   37  4 N
                                          LONGITUDE:  88 46 W

  TEMPERATURE IN F:       :PCPN:    SNOW:  WIND      :SUNSHINE: SKY     :PK WND
================================================================================
1   2   3   4   5  6A  6B    7    8   9   10  11  12  13   14  15   16   17  18
                                     12Z  AVG MX 2MIN
DY MAX MIN AVG DEP HDD CDD  WTR  SNW DPTH SPD SPD DIR MIN PSBL S-S WX    SPD DR
================================================================================

 1  53  37  45  -8  20   0 0.69  0.0    0 11.5 20  20   M    M  10 13     27  20
 2  52  36  44 -10  21   0 0.04  0.0    0  7.4 13 130   M    M  10 1      17  10
 3  75  43  59   5   6   0 0.16  0.0    0 13.6 35 270   M    M   7 13     46 270
 4  48  33  41 -13  24   0 0.00  0.0    0  7.3 24 300   M    M   1        36 300
 5  57  30  44 -11  21   0 0.00  0.0    0  5.1 15 160   M    M   0        20 160
 6  62  36  49  -6  16   0 0.00  0.0    0  9.3 26  10   M    M   6        36  10
 7  47  28  38 -17  27   0 0.08  1.0    1 11.2 24  10   M    M   5 1      32  20
 8  44  30  37 -19  28   0    T    T    0  5.9 14 100   M    M   5 4      19 110
 9  60  30  45 -11  20   0 0.00  0.0    0  3.9 15  10   M    M   2        19  10
10  50  34  42 -14  23   0 0.00  0.0    0  6.9 14 350   M    M   8        18 340
11  68  33  51  -5  14   0 0.00  0.0    0  7.0 16 210   M    M   3        27 220
12  82  59  71  14   0   6 0.00  0.0    0 12.4 26 220   M    M   0        41 250
13  78  64  71  14   0   6 0.01  0.0    0 13.5 24 210   M    M   5 3      40 230
14  74  51  63   5   2   0 0.99  0.0    0 12.1 26 270   M    M   9 13     38 290
15  51  36  44 -14  21   0 0.06  0.0    0 11.1 18 290   M    M   9 1      27 280
16  50  34  42 -16  23   0    T    T    0  9.7 20 280   M    M   7        33 270
17  72  30  51  -7  14   0 0.00  0.0    0  2.1 14 250   M    M   0        19 240
18  81  46  64   5   1   0 0.00  0.0    0 15.8 29 270   M    M   0        45 230
19  54  37  46 -13  19   0 0.00  0.0    0 11.1 24 350   M    M   6        34 350
20  66  33  50 -10  15   0 0.00  0.0    0  6.3 14  80   M    M   0        21 110
21  74  40  57  -3   8   0    T  0.0    0  6.2 18  90   M    M   1        25  80
22  60  52  56  -4   9   0 2.28  0.0    0 10.6 22  60   M    M  10 1      29  60
23  66  50  58  -2   7   0 2.21  0.0    0  7.2 25  50   M    M   9 123    36  50
24  67  53  60  -1   5   0    T  0.0    0  5.8 14 320   M    M   9 1      21 330
================================================================================
SM 1491  955       344  12  6.52     1.0 213.0          M      122
================================================================================
AV 62.1 39.8                               8.9 FASTST   M    M   5    MAX(MPH)
                                 MISC ---->  # 35 270               # 46  270
================================================================================
NOTES:
# LAST OF SEVERAL OCCURRENCES

COLUMN 17 PEAK WIND IN M.P.H.

PRELIMINARY LOCAL CLIMATOLOGICAL DATA (WS FORM: F-6) , PAGE 2

                                          STATION:  PADUCAH KY
                                          MONTH:    APRIL
                                          YEAR:     2018
                                          LATITUDE:   37  4 N
                                          LONGITUDE:  88 46 W

[TEMPERATURE DATA]      [PRECIPITATION DATA]       SYMBOLS USED IN COLUMN 16

AVERAGE MONTHLY: 51.0   TOTAL FOR MONTH:   6.52    1 = FOG OR MIST
DPTR FM NORMAL:  -6.1   DPTR FM NORMAL:    2.79    2 = FOG REDUCING VISIBILITY
HIGHEST:    82 ON 12    GRTST 24HR  2.28 ON 22-22      TO 1/4 MILE OR LESS
LOWEST:     28 ON  7                               3 = THUNDER
                        SNOW, ICE PELLETS, HAIL    4 = ICE PELLETS
                        TOTAL MONTH:   1.0 INCH    5 = HAIL
                        GRTST 24HR   1.0 ON  7- 7  6 = FREEZING RAIN OR DRIZZLE
                        GRTST DEPTH:   1 ON  7     7 = DUSTSTORM OR SANDSTORM:
                                                       VSBY 1/2 MILE OR LESS
                                                   8 = SMOKE OR HAZE
[NO. OF DAYS WITH]      [WEATHER - DAYS WITH]      9 = BLOWING SNOW
                                                   X = TORNADO
MAX 32 OR BELOW:   0    0.01 INCH OR MORE:   9
MAX 90 OR ABOVE:   0    0.10 INCH OR MORE:   5
MIN 32 OR BELOW:   5    0.50 INCH OR MORE:   4
MIN  0 OR BELOW:   0    1.00 INCH OR MORE:   2

[HDD (BASE 65) ]
TOTAL THIS MO.   344    CLEAR  (SCALE 0-3)   9
DPTR FM NORMAL   129    PTCLDY (SCALE 4-7)   8
TOTAL FM JUL 1  4044    CLOUDY (SCALE 8-10)  7
DPTR FM NORMAL    10

[CDD (BASE 65) ]
TOTAL THIS MO.    12
DPTR FM NORMAL   -14    [PRESSURE DATA]
TOTAL FM JAN 1    23    HIGHEST SLP M ON M
DPTR FM NORMAL   -10    LOWEST  SLP 29.56 ON  3

[REMARKS]
