000
CXUS51 KRLX 211029
CF6PKB
PRELIMINARY LOCAL CLIMATOLOGICAL DATA (WS FORM: F-6)

                                          STATION:   PARKERSBURG WV
                                          MONTH:     APRIL
                                          YEAR:      2018
                                          LATITUDE:   39 20 N
                                          LONGITUDE:  81 26 W

  TEMPERATURE IN F:       :PCPN:    SNOW:  WIND      :SUNSHINE: SKY     :PK WND
================================================================================
1   2   3   4   5  6A  6B    7    8   9   10  11  12  13   14  15   16   17  18
                                     12Z  AVG MX 2MIN
DY MAX MIN AVG DEP HDD CDD  WTR  SNW DPTH SPD SPD DIR MIN PSBL S-S WX    SPD DR
================================================================================

 1  52  33  43  -6  22   0 0.36    M    M  6.2 17 320   M    M   7 1      24 320
 2  45  32  39 -11  26   0 0.19    M    M  4.1  8  90   M    M   9 1      12 320
 3  64  42  53   3  12   0 1.44    M    M  6.7 21 330   M    M   7 13     29 270
 4  61  31  46  -4  19   0 0.16    M    M 16.4 29 280   M    M   9 1      43 270
 5  50  30  40 -11  25   0 0.00    M    M  5.8 17 230   M    M   4        25 230
 6  62  34  48  -3  17   0 0.02    M    M  8.2 22 320   M    M   9 1      30 330
 7  43  28  36 -15  29   0 0.12    M    M  4.9 17 330   M    M   6 1      26 320
 8  48  24  36 -16  29   0 0.00    M    M  4.3 15 320   M    M   2        19 310
 9  41  31  36 -16  29   0 0.03    M    M  3.9 12  50   M    M  10 18     14  50
10  48  29  39 -13  26   0 0.00    M    M  2.3 12 310   M    M   8 18     17 260
11  62  36  49  -4  16   0 0.00    M    M  6.1 17 280   M    M   4        22 230
12  81  48  65  12   0   0 0.00    M    M 11.4 29 230   M    M   2 8      46 230
13  86  66  76  22   0  11 0.00    M    M 10.1 21 210   M    M   0        33 230
14  84  64  74  20   0   9    T    M    M  9.1 23 280   M    M   4        34 280
15  73  47  60   6   5   0 1.15    M    M  6.0 24 270   M    M   9 1      33 160
16  47  32  40 -14  25   0 0.23    M    M 11.4 24 300   M    M  10 18     37 300
17  40  29  35 -20  30   0 0.01    M    M  9.7 24 300   M    M   8 8      32 290
18  64  25  45 -10  20   0 0.20    M    M  2.8 18 320   M    M   3 1      30 320
19  50  38  44 -11  21   0 0.03    M    M 10.4 28 280   M    M   8 18     39 290
20  59  28  44 -12  21   0 0.00    M    M  5.5 15 300   M    M   0        21 300
================================================================================
SM 1160  727       372  20  3.94    M    145.3          M      119
================================================================================
AV 58.0 36.4                               7.3 FASTST   M    M   6    MAX(MPH)
                                 MISC ---->  # 29 280               # 46  230
================================================================================
NOTES:
# LAST OF SEVERAL OCCURRENCES

COLUMN 17 PEAK WIND IN M.P.H.

PRELIMINARY LOCAL CLIMATOLOGICAL DATA (WS FORM: F-6) , PAGE 2

                                          STATION:  PARKERSBURG WV
                                          MONTH:    APRIL
                                          YEAR:     2018
                                          LATITUDE:   39 20 N
                                          LONGITUDE:  81 26 W

[TEMPERATURE DATA]      [PRECIPITATION DATA]       SYMBOLS USED IN COLUMN 16

AVERAGE MONTHLY: 47.2   TOTAL FOR MONTH:   3.94    1 = FOG OR MIST
DPTR FM NORMAL:  -5.4   DPTR FM NORMAL:    1.79    2 = FOG REDUCING VISIBILITY
HIGHEST:    86 ON 13    GRTST 24HR  1.44 ON  3- 3      TO 1/4 MILE OR LESS
LOWEST:     24 ON  8                               3 = THUNDER
                        SNOW, ICE PELLETS, HAIL    4 = ICE PELLETS
                        TOTAL MONTH:    M          5 = HAIL
                        GRTST 24HR    M  ON   M    6 = FREEZING RAIN OR DRIZZLE
                        GRTST DEPTH:  M  ON   M    7 = DUSTSTORM OR SANDSTORM:
                                                       VSBY 1/2 MILE OR LESS
                                                   8 = SMOKE OR HAZE
[NO. OF DAYS WITH]      [WEATHER - DAYS WITH]      9 = BLOWING SNOW
                                                   X = TORNADO
MAX 32 OR BELOW:   0    0.01 INCH OR MORE:  12
MAX 90 OR ABOVE:   0    0.10 INCH OR MORE:   8
MIN 32 OR BELOW:  11    0.50 INCH OR MORE:   2
MIN  0 OR BELOW:   0    1.00 INCH OR MORE:   2

[HDD (BASE 65) ]
TOTAL THIS MO.   372    CLEAR  (SCALE 0-3)   5
DPTR FM NORMAL   114    PTCLDY (SCALE 4-7)   9
TOTAL FM JUL 1  4805    CLOUDY (SCALE 8-10)  6
DPTR FM NORMAL    86

[CDD (BASE 65) ]
TOTAL THIS MO.    20
DPTR FM NORMAL    10    [PRESSURE DATA]
TOTAL FM JAN 1    26    HIGHEST SLP M ON M
DPTR FM NORMAL    13    LOWEST  SLP 29.57 ON M

[REMARKS]
