000
CXUS56 KPDT 211832
CF6RDM
PRELIMINARY LOCAL CLIMATOLOGICAL DATA (WS FORM: F-6)

                                          STATION:   REDMOND OR
                                          MONTH:     APRIL
                                          YEAR:      2018
                                          LATITUDE:   44 16 N
                                          LONGITUDE: 121  9 W

  TEMPERATURE IN F:       :PCPN:    SNOW:  WIND      :SUNSHINE: SKY     :PK WND
================================================================================
1   2   3   4   5  6A  6B    7    8   9   10  11  12  13   14  15   16   17  18
                                     12Z  AVG MX 2MIN
DY MAX MIN AVG DEP HDD CDD  WTR  SNW DPTH SPD SPD DIR MIN PSBL S-S WX    SPD DR
================================================================================

 1  57  25  41  -1  24   0    T    T    0  7.0 22 310   M    M   5        30 320
 2  48  21  35  -7  30   0 0.01    T    0  8.8 22 270   M    M   5 1      29 300
 3  60  16  38  -4  27   0 0.00  0.0    0  6.7 23 280   M    M   4        29 300
 4  63  40  52   9  13   0 0.00  0.0    0  5.9 21 320   M    M   M        25 310
 5  60  46  53  10  12   0 0.04  0.0    0  6.5 17 200   M    M  10        22 210
 6  66  40  53  10  12   0 0.06  0.0    0  8.1 20 170   M    M   7 1      25 160
 7  59  44  52   9  13   0 0.05  0.0    0 16.7 41 230   M    M   4 1      54 230
 8  60  29  45   2  20   0 0.02  0.0    0 11.2 30 280   M    M   5        38 290
 9  73  24  49   6  16   0 0.00  0.0    0  6.1 20 340   M    M   0        28 330
10  61  32  47   4  18   0    T  0.0    0  7.1 23 280   M    M   6        30 290
11  58  32  45   2  20   0 0.16  0.0    M  8.0 21 270   M    M   7 1      27 260
12  49  28  39  -5  26   0    T  0.0    0 12.0 31 270   M    M   5        37 290
13  54  26  40  -4  25   0    T  0.0    0  7.7 18 190   M    M   7        23 190
14  62  33  48   4  17   0    T  0.0    0  5.8 17 210   M    M   3        24 210
15  50  32  41  -3  24   0 0.14  0.0    0  6.6 20 230   M    M   8 1      30 210
16  49  29  39  -5  26   0 0.00  0.0    0  8.5 28 290   M    M   2        33 290
17  53  27  40  -4  25   0 0.00  0.0    0  7.4 17 330   M    M   2        23 280
18  51  32  42  -2  23   0 0.04  0.0    0  6.4 17  30   M    M   8 1      20  30
19  61  34  48   3  17   0    T  0.0    0  8.7 21 330   M    M   4        26 320
20  70  28  49   4  16   0 0.00  0.0    0  5.5 16 320   M    M   2        20 320
================================================================================
SM 1164  618       404   0  0.52    T    160.7          M       94
================================================================================
AV 58.2 30.9                               8.0 FASTST   M    M   5    MAX(MPH)
                                 MISC ---->  # 41 230               # 54  230
================================================================================
NOTES:
# LAST OF SEVERAL OCCURRENCES

COLUMN 17 PEAK WIND IN M.P.H.

PRELIMINARY LOCAL CLIMATOLOGICAL DATA (WS FORM: F-6) , PAGE 2

                                          STATION:  REDMOND OR
                                          MONTH:    APRIL
                                          YEAR:     2018
                                          LATITUDE:   44 16 N
                                          LONGITUDE: 121  9 W

[TEMPERATURE DATA]      [PRECIPITATION DATA]       SYMBOLS USED IN COLUMN 16

AVERAGE MONTHLY: 44.6   TOTAL FOR MONTH:   0.52    1 = FOG OR MIST
DPTR FM NORMAL:   1.1   DPTR FM NORMAL:    0.06    2 = FOG REDUCING VISIBILITY
HIGHEST:    73 ON  9    GRTST 24HR  0.16 ON 11-11      TO 1/4 MILE OR LESS
LOWEST:     16 ON  3                               3 = THUNDER
                        SNOW, ICE PELLETS, HAIL    4 = ICE PELLETS
                        TOTAL MONTH:    T          5 = HAIL
                        GRTST 24HR    T  ON  2- 2  6 = FREEZING RAIN OR DRIZZLE
                        GRTST DEPTH:   0           7 = DUSTSTORM OR SANDSTORM:
                                                       VSBY 1/2 MILE OR LESS
                                                   8 = SMOKE OR HAZE
[NO. OF DAYS WITH]      [WEATHER - DAYS WITH]      9 = BLOWING SNOW
                                                   X = TORNADO
MAX 32 OR BELOW:   0    0.01 INCH OR MORE:   8
MAX 90 OR ABOVE:   0    0.10 INCH OR MORE:   2
MIN 32 OR BELOW:  14    0.50 INCH OR MORE:   0
MIN  0 OR BELOW:   0    1.00 INCH OR MORE:   0

[HDD (BASE 65) ]
TOTAL THIS MO.   404    CLEAR  (SCALE 0-3)   5
DPTR FM NORMAL   -27    PTCLDY (SCALE 4-7)  13
TOTAL FM JUL 1  5605    CLOUDY (SCALE 8-10)  1
DPTR FM NORMAL  -277

[CDD (BASE 65) ]
TOTAL THIS MO.     0
DPTR FM NORMAL     0    [PRESSURE DATA]
TOTAL FM JAN 1     0    HIGHEST SLP 30.04 ON  1
DPTR FM NORMAL     0    LOWEST  SLP 29.40 ON  7

[REMARKS]
