193
CXUS56 KSGX 231445
CF6RIV
PRELIMINARY LOCAL CLIMATOLOGICAL DATA (WS FORM: F-6)

                                          STATION:   RIVERSIDE/MARCH FIELD CA
                                          MONTH:     MAY
                                          YEAR:      2018
                                          LATITUDE:   33 54 N
                                          LONGITUDE: 117 15 W

  TEMPERATURE IN F:       :PCPN:    SNOW:  WIND      :SUNSHINE: SKY     :PK WND
================================================================================
1   2   3   4   5  6A  6B    7    8   9   10  11  12  13   14  15   16   17  18
                                     12Z  AVG MX 2MIN
DY MAX MIN AVG DEP HDD CDD  WTR  SNW DPTH SPD SPD DIR MIN PSBL S-S WX    SPD DR
================================================================================

 1  55  49  52   M  13   0    T    M    0  8.3 16 170   M    M  10        22 170
 2  57  48  53   M  12   0 0.08    M    0  5.7  9 310   M    M  10 1       M  M
 3  78  49  64   M   1   0 0.00  0.0    0  5.3 15 290   M    M   3        16 310
 4  91  46  69   M   0   4 0.00  0.0    0  4.1 17 290   M    M   1        22 290
 5  95  47  71   M   0   6 0.00  0.0    0  3.9 16 300   M    M   3         M  M
 6  94  51  73   M   0   8    T  0.0    0  5.0 16 320   M    M   1        18 290
 7  88  50  69   M   0   4 0.00  0.0    0  4.0 15 310   M    M   0        16 300
 8  87  47  67   M   0   2 0.00  0.0    0  5.3 12 290   M    M   0         M  M
 9  89  52  71   M   0   6 0.00  0.0    0  3.2 14 310   M    M   0         M  M
10  84  51  68   M   0   3 0.00  0.0    0  7.8 15 310   M    M   0 1      20 310
11  64  54  59   M   6   0 0.00  0.0    0 10.7 17 170   M    M  10 1      21 180
12  65  51  58   M   7   0    T  0.0    0  7.8 13 170   M    M   9 1       M  M
13  69  48  59   M   6   0 0.00  0.0    0  5.3 13 310   M    M   6         M  M
14  74  43  59   M   6   0 0.00  0.0    0  6.0 15 290   M    M   0 1      22 310
15  77  45  61   M   4   0 0.00  0.0    0  6.2 14 300   M    M   1 1      21 310
16  79  45  62   M   3   0 0.00  0.0    0  5.1 16 290   M    M   0         M  M
17  76  49  63   M   2   0 0.00  0.0    0  7.1 14 350   M    M   2         M  M
18  74  51  63   M   2   0 0.00  0.0    0  6.0 16 310   M    M   5         M  M
19  73  51  62   M   3   0 0.00  0.0    0  4.6 14 310   M    M   5        18 350
20  73  58  66   M   0   1 0.00  0.0    0  6.1 14 310   M    M   6        21 320
21  67  55  61   M   4   0 0.00  0.0    0  7.4 14 280   M    M   9 1      16 290
22  70  52  61   M   4   0 0.00  0.0    0  6.3 15 310   M    M   6         M  M
================================================================================
SM 1679 1092        73  34  0.08     0.0 131.2          M       87
================================================================================
AV 76.3 49.6                               6.0 FASTST   M    M   4    MAX(MPH)
                                 MISC ---->  # 17 290               # 22  170
================================================================================
NOTES:
# LAST OF SEVERAL OCCURRENCES

COLUMN 17 PEAK WIND IN M.P.H.

PRELIMINARY LOCAL CLIMATOLOGICAL DATA (WS FORM: F-6) , PAGE 2

                                          STATION:  RIVERSIDE/MARCH FIELD CA
                                          MONTH:    MAY
                                          YEAR:     2018
                                          LATITUDE:   33 54 N
                                          LONGITUDE: 117 15 W

[TEMPERATURE DATA]      [PRECIPITATION DATA]       SYMBOLS USED IN COLUMN 16

AVERAGE MONTHLY: 63.0   TOTAL FOR MONTH:   0.08    1 = FOG OR MIST
DPTR FM NORMAL:     M   DPTR FM NORMAL:       M    2 = FOG REDUCING VISIBILITY
HIGHEST:    95 ON  5    GRTST 24HR  0.08 ON  2- 2      TO 1/4 MILE OR LESS
LOWEST:     43 ON 14                               3 = THUNDER
                        SNOW, ICE PELLETS, HAIL    4 = ICE PELLETS
                        TOTAL MONTH:   0.0 INCH    5 = HAIL
                        GRTST 24HR     0.0         6 = FREEZING RAIN OR DRIZZLE
                        GRTST DEPTH:   0           7 = DUSTSTORM OR SANDSTORM:
                                                       VSBY 1/2 MILE OR LESS
                                                   8 = SMOKE OR HAZE
[NO. OF DAYS WITH]      [WEATHER - DAYS WITH]      9 = BLOWING SNOW
                                                   X = TORNADO
MAX 32 OR BELOW:   0    0.01 INCH OR MORE:   1
MAX 90 OR ABOVE:   3    0.10 INCH OR MORE:   0
MIN 32 OR BELOW:   0    0.50 INCH OR MORE:   0
MIN  0 OR BELOW:   0    1.00 INCH OR MORE:   0

[HDD (BASE 65) ]
TOTAL THIS MO.    73    CLEAR  (SCALE 0-3)  12
DPTR FM NORMAL     M    PTCLDY (SCALE 4-7)   5
TOTAL FM JUL 1  1642    CLOUDY (SCALE 8-10)  5
DPTR FM NORMAL     M

[CDD (BASE 65) ]
TOTAL THIS MO.    34
DPTR FM NORMAL     M    [PRESSURE DATA]
TOTAL FM JAN 1    48    HIGHEST SLP M ON M
DPTR FM NORMAL     M    LOWEST  SLP M ON M

[REMARKS]
