000
CXUS54 KFWD 250730
CF6TPL
PRELIMINARY LOCAL CLIMATOLOGICAL DATA (WS FORM: F-6)

                                          STATION:   TEMPLE
                                          MONTH:     APRIL
                                          YEAR:      2018
                                          LATITUDE:   31  8 N
                                          LONGITUDE:  97 25 W

  TEMPERATURE IN F:       :PCPN:    SNOW:  WIND      :SUNSHINE: SKY     :PK WND
================================================================================
1   2   3   4   5  6A  6B    7    8   9   10  11  12  13   14  15   16   17  18
                                     12Z  AVG MX 2MIN
DY MAX MIN AVG DEP HDD CDD  WTR  SNW DPTH SPD SPD DIR MIN PSBL S-S WX    SPD DR
================================================================================

 1  79  54  67   5   0   2 0.00  0.0    0 14.2 20 170   M    M   9        25 170
 2  66  49  58  -4   7   0    T  0.0    0  8.7 13 360   M    M   7 1       M  M
 3  77  53  65   2   0   0    M  0.0    0 15.4 23 170   M    M   6 13     37 170
 4  65  43  54  -9  11   0 0.00  0.0    0 10.0 17 360   M    M   0        23 360
 5  77  48  63   0   2   0    T  0.0    0 13.3 22 150   M    M   6        29 160
 6  85  61  73  10   0   8 0.19  0.0    0 16.4 23 180   M    M   6 13     33  10
 7  60  37  49 -15  16   0    T  0.0    0 16.4 23 350   M    M  10 1      33  10
 8  57  37  47 -17  18   0 0.00  0.0    0  7.9 14 160   M    M   7         M  M
 9  68  50  59  -5   6   0 0.00  0.0    0  7.5 12  20   M    M   9         M  M
10  72  43  58  -6   7   0 0.00  0.0    0  7.7 14 340   M    M   0         M  M
11  80  43  62  -2   3   0 0.00  0.0    0 12.6 25 180   M    M   0        35 180
12  83  61  72   7   0   7 0.00  0.0    0 22.9 31 160   M    M   6        41 150
13  84  59  72   7   0   7 0.26  0.0    0 22.5 28 170   M    M   6 3      40 150
14  66  46  56  -9   9   0 0.00  0.0    0 15.5 25 320   M    M   0        40 330
15  70  37  54 -11  11   0 0.00  0.0    0  8.9 17 330   M    M   0        23 330
16  81  42  62  -4   3   0 0.00  0.0    0 14.1 25 160   M    M   0        35 160
17  83  58  71   5   0   6 0.00  0.0    0 20.5 30 170   M    M   0        37 170
18  80  54  67   1   0   2 0.00  0.0    0 14.3 29 180   M    M   4        37 180
19  73  47  60  -6   5   0 0.00  0.0    0  9.5 17  40   M    M   0        27  40
20  70  52  61  -6   4   0 0.00  0.0    0 12.6 18 110   M    M   1        23 110
21  72  54  63  -4   2   0 0.06  0.0    0 10.7 20 330   M    M   8 1      32 330
22  72  50  61  -6   4   0 0.00  0.0    0 12.2 20 340   M    M   4        30 340
23  79  44  62  -5   3   0 0.00  0.0    0  6.8 15 340   M    M   0        22 330
24  85  51  68   0   0   3 0.00  0.0    0  4.1  9 140   M    M   0         M  M
================================================================================
SM 1784 1173       111  35  0.51     0.0 304.7          M       89
================================================================================
AV 74.3 48.9                              12.7 FASTST   M    M   4    MAX(MPH)
                                 MISC ---->  # 31 160               # 41  150
================================================================================
NOTES:
# LAST OF SEVERAL OCCURRENCES

COLUMN 17 PEAK WIND IN M.P.H.

PRELIMINARY LOCAL CLIMATOLOGICAL DATA (WS FORM: F-6) , PAGE 2

                                          STATION:  TEMPLE
                                          MONTH:    APRIL
                                          YEAR:     2018
                                          LATITUDE:   31  8 N
                                          LONGITUDE:  97 25 W

[TEMPERATURE DATA]      [PRECIPITATION DATA]       SYMBOLS USED IN COLUMN 16

AVERAGE MONTHLY: 61.6   TOTAL FOR MONTH:   0.51    1 = FOG OR MIST
DPTR FM NORMAL:  -3.2   DPTR FM NORMAL:   -1.17    2 = FOG REDUCING VISIBILITY
HIGHEST:    85 ON 24, 6 GRTST 24HR  0.26 ON 13-13      TO 1/4 MILE OR LESS
LOWEST:     37 ON 15, 8                            3 = THUNDER
                        SNOW, ICE PELLETS, HAIL    4 = ICE PELLETS
                        TOTAL MONTH:   0.0 INCH    5 = HAIL
                        GRTST 24HR     0.0         6 = FREEZING RAIN OR DRIZZLE
                        GRTST DEPTH:   0           7 = DUSTSTORM OR SANDSTORM:
                                                       VSBY 1/2 MILE OR LESS
                                                   8 = SMOKE OR HAZE
[NO. OF DAYS WITH]      [WEATHER - DAYS WITH]      9 = BLOWING SNOW
                                                   X = TORNADO
MAX 32 OR BELOW:   0    0.01 INCH OR MORE:   3
MAX 90 OR ABOVE:   0    0.10 INCH OR MORE:   2
MIN 32 OR BELOW:   0    0.50 INCH OR MORE:   0
MIN  0 OR BELOW:   0    1.00 INCH OR MORE:   0

[HDD (BASE 65) ]
TOTAL THIS MO.   111    CLEAR  (SCALE 0-3)  11
DPTR FM NORMAL    36    PTCLDY (SCALE 4-7)   9
TOTAL FM JUL 1  1938    CLOUDY (SCALE 8-10)  4
DPTR FM NORMAL  -185

[CDD (BASE 65) ]
TOTAL THIS MO.    35
DPTR FM NORMAL   -35    [PRESSURE DATA]
TOTAL FM JAN 1   138    HIGHEST SLP M ON M
DPTR FM NORMAL    22    LOWEST  SLP M ON M

[REMARKS]
