000
CXUS55 KBOI 161002
CF6TWF
PRELIMINARY LOCAL CLIMATOLOGICAL DATA (WS FORM: F-6)
STATION: TWIN FALLS ID
MONTH: APRIL
YEAR: 2024
LATITUDE: 42 28 N
LONGITUDE: 114 29 W
TEMPERATURE IN F: :PCPN: SNOW: WIND :SUNSHINE: SKY :PK WND
================================================================================
1 2 3 4 5 6A 6B 7 8 9 10 11 12 13 14 15 16 17 18
12Z AVG MX 2MIN
DY MAX MIN AVG DEP HDD CDD WTR SNW DPTH SPD SPD DIR MIN PSBL S-S WX SPD DR
================================================================================
1 56 34 45 1 20 0 0.00 M M 14.2 24 290 M M 2 34 290
2 64 39 52 8 13 0 0.00 M M 11.0 17 210 M M 0 22 200
3 72 45 59 15 6 0 T M M 14.3 35 280 M M 3 47 290
4 67 36 52 8 13 0 T M M 14.7 38 160 M M 5 8 58 180
5 44 31 38 -6 27 0 0.21 M M 8.2 23 260 M M 8 12 30 260
6 43 30 37 -7 28 0 0.04 M M 18.4 33 290 M M 7 128 49 290
7 50 30 40 -5 25 0 T M M 17.7 29 310 M M 4 43 290
8 51 31 41 -4 24 0 0.00 M M 13.8 21 280 M M 0 29 300
9 62 35 49 4 16 0 0.00 M M 14.1 24 300 M M 2 8 32 310
10 61 37 49 4 16 0 0.00 M M 11.2 16 290 M M 0 8 22 310
11 73 34 54 9 11 0 0.00 M M 9.0 20 180 M M 1 8 27 80
12 76 50 63 18 2 0 T M M 11.8 25 160 M M 3 3 35 170
13 77 41 59 13 6 0 0.00 M M 11.0 23 130 M M 0 32 140
14 67 41 54 8 11 0 0.00 M M 12.5 28 210 M M 1 37 210
15 62 39 51 5 14 0 0.00 M M 22.9 39 290 M M 1 62 290
================================================================================
SM 925 553 232 0 0.25 M 204.8 M 37
================================================================================
AV 61.7 36.9 13.7 FASTST M M 2 MAX(MPH)
MISC ----> 39 290 62 290
================================================================================
NOTES:
# LAST OF SEVERAL OCCURRENCES
COLUMN 17 PEAK WIND IN M.P.H.
PRELIMINARY LOCAL CLIMATOLOGICAL DATA (WS FORM: F-6) , PAGE 2
STATION: TWIN FALLS ID
MONTH: APRIL
YEAR: 2024
LATITUDE: 42 28 N
LONGITUDE: 114 29 W
[TEMPERATURE DATA] [PRECIPITATION DATA] SYMBOLS USED IN COLUMN 16
AVERAGE MONTHLY: 49.3 TOTAL FOR MONTH: 0.25 1 = FOG OR MIST
DPTR FM NORMAL: 4.5 DPTR FM NORMAL: -0.31 2 = FOG REDUCING VISIBILITY
HIGHEST: 77 ON 13 GRTST 24HR 0.21 ON 5- 5 TO 1/4 MILE OR LESS
LOWEST: 30 ON 7, 6 3 = THUNDER
SNOW, ICE PELLETS, HAIL 4 = ICE PELLETS
TOTAL MONTH: M 5 = HAIL
GRTST 24HR M ON M 6 = FREEZING RAIN OR DRIZZLE
GRTST DEPTH: M ON M 7 = DUSTSTORM OR SANDSTORM:
VSBY 1/2 MILE OR LESS
8 = SMOKE OR HAZE
[NO. OF DAYS WITH] [WEATHER - DAYS WITH] 9 = BLOWING SNOW
X = TORNADO
MAX 32 OR BELOW: 0 0.01 INCH OR MORE: 2
MAX 90 OR ABOVE: 0 0.10 INCH OR MORE: 1
MIN 32 OR BELOW: 4 0.50 INCH OR MORE: 0
MIN 0 OR BELOW: 0 1.00 INCH OR MORE: 0
[HDD (BASE 65) ]
TOTAL THIS MO. 232 CLEAR (SCALE 0-3) 11
DPTR FM NORMAL -70 PTCLDY (SCALE 4-7) 4
TOTAL FM JUL 1 5066 CLOUDY (SCALE 8-10) 0
DPTR FM NORMAL -647
[CDD (BASE 65) ]
TOTAL THIS MO. 0
DPTR FM NORMAL 0 [PRESSURE DATA]
TOTAL FM JAN 1 0 HIGHEST SLP M ON M
DPTR FM NORMAL 0 LOWEST SLP 29.29 ON 4
[REMARKS]