000
CXUS54 KEWX 260910
CF6UVA
PRELIMINARY LOCAL CLIMATOLOGICAL DATA (WS FORM: F-6)

                                          STATION:   UVALDE
                                          MONTH:     MAY
                                          YEAR:      2018
                                          LATITUDE:   29 12 N
                                          LONGITUDE:  99 44 W

  TEMPERATURE IN F:       :PCPN:    SNOW:  WIND      :SUNSHINE: SKY     :PK WND
================================================================================
1   2   3   4   5  6A  6B    7    8   9   10  11  12  13   14  15   16   17  18
                                     12Z  AVG MX 2MIN
DY MAX MIN AVG DEP HDD CDD  WTR  SNW DPTH SPD SPD DIR MIN PSBL S-S WX    SPD DR
================================================================================

 1  89  69  79   M   0  14 0.00    M    M 12.1 17 110   M    M   8 1      24 110
 2  91  72  82   M   0  17 0.00    M    M 12.0 18 110   M    M   6 1      25 110
 3  91  73  82   M   0  17 0.07    M    M  8.9 13 100   M    M   6 3      20  80
 4  73  61  67   M   0   2 0.99    M    M  8.1 16  50   M    M  10 13     24  20
 5  86  64  75   M   0  10 0.00    M    M  3.9 10  80   M    M   3         M  M
 6  89  56  73   M   0   8 0.00    M    M  4.2 12 140   M    M   0         M  M
 7  89  57  73   M   0   8 0.00    M    M  6.0 12 140   M    M   0         M  M
 8  90  56  73   M   0   8 0.00    M    M  6.9 14 130   M    M   0        23 140
 9  89  59  74   M   0   9 0.00    M    M  9.2 15 130   M    M   2        21 150
10  89  63  76   M   0  11 0.00    M    M  9.7 15 130   M    M   2        24 130
11  91  63  77   M   0  12 0.00    M    M 10.1 15 120   M    M   2 1      22 150
12  92  64  78   M   0  13 0.00    M    M  9.7 15 130   M    M   3        23 100
13  92  73  83   M   0  18 0.00    M    M  9.6 16 140   M    M   5        20 130
14  89  73  81   M   0  16 0.00    M    M  8.3 14 120   M    M   5        16 130
15  92  70  81   M   0  16 0.00    M    M  8.4 20  80   M    M   6        29  80
16  95  63  79   M   0  14 0.00    M    M  5.9 10 160   M    M   0        17 110
17  98  65  82   M   0  17 0.00    M    M  7.5 14 120   M    M   0        20 110
18  97  65  81   M   0  16 0.00    M    M 10.7 17 100   M    M   0        23 100
19  94  71  83   M   0  18 0.14    M    M 13.1 18 130   M    M   5 3      25 140
20  83  64  74   M   0   9 0.78    M    M  9.6 41 320   M    M   5 3      54 320
21  86  64  75   M   0  10 0.00    M    M  6.8 10 110   M    M   3        16  90
22  90  69  80   M   0  15 0.00    M    M  8.6 16 110   M    M   5        23 110
23  90  70  80   M   0  15 0.00    M    M  8.8 14 120   M    M   3        20  80
24  91  71  81   M   0  16 0.00    M    M  6.2 10  90   M    M   3         M  M
25  94  70  82   M   0  17 0.00    M    0  5.2 10  70   M    M   2 1      16  70
================================================================================
SM 2250 1645         0 326  1.98    M    209.5          M       84
================================================================================
AV 90.0 65.8                               8.4 FASTST   M    M   3    MAX(MPH)
                                 MISC ---->  # 41 320               # 54  320
================================================================================
NOTES:
# LAST OF SEVERAL OCCURRENCES

COLUMN 17 PEAK WIND IN M.P.H.

PRELIMINARY LOCAL CLIMATOLOGICAL DATA (WS FORM: F-6) , PAGE 2

                                          STATION:  UVALDE
                                          MONTH:    MAY
                                          YEAR:     2018
                                          LATITUDE:   29 12 N
                                          LONGITUDE:  99 44 W

[TEMPERATURE DATA]      [PRECIPITATION DATA]       SYMBOLS USED IN COLUMN 16

AVERAGE MONTHLY: 77.9   TOTAL FOR MONTH:   1.98    1 = FOG OR MIST
DPTR FM NORMAL:     M   DPTR FM NORMAL:       M    2 = FOG REDUCING VISIBILITY
HIGHEST:    98 ON 17    GRTST 24HR  0.99 ON  4- 4      TO 1/4 MILE OR LESS
LOWEST:     56 ON  8, 6                            3 = THUNDER
                        SNOW, ICE PELLETS, HAIL    4 = ICE PELLETS
                        TOTAL MONTH:    M          5 = HAIL
                        GRTST 24HR    M  ON   M    6 = FREEZING RAIN OR DRIZZLE
                        GRTST DEPTH:   0           7 = DUSTSTORM OR SANDSTORM:
                                                       VSBY 1/2 MILE OR LESS
                                                   8 = SMOKE OR HAZE
[NO. OF DAYS WITH]      [WEATHER - DAYS WITH]      9 = BLOWING SNOW
                                                   X = TORNADO
MAX 32 OR BELOW:   0    0.01 INCH OR MORE:   4
MAX 90 OR ABOVE:  15    0.10 INCH OR MORE:   3
MIN 32 OR BELOW:   0    0.50 INCH OR MORE:   2
MIN  0 OR BELOW:   0    1.00 INCH OR MORE:   0

[HDD (BASE 65) ]
TOTAL THIS MO.     0    CLEAR  (SCALE 0-3)  14
DPTR FM NORMAL     M    PTCLDY (SCALE 4-7)  10
TOTAL FM JUL 1  1407    CLOUDY (SCALE 8-10)  1
DPTR FM NORMAL     M

[CDD (BASE 65) ]
TOTAL THIS MO.   326
DPTR FM NORMAL     M    [PRESSURE DATA]
TOTAL FM JAN 1   603    HIGHEST SLP M ON M
DPTR FM NORMAL     M    LOWEST  SLP M ON M

[REMARKS]
