000
CDUS43 KUNR 210839
CLI2WX


CLIMATE REPORT
NATIONAL WEATHER SERVICE RAPID CITY SD
236 AM MDT MON MAY 21 2018


...................................

...THE BUFFALO SD CLIMATE SUMMARY FOR MAY 20 2018...

CLIMATE NORMAL PERIOD 1981 TO 2010
CLIMATE RECORD PERIOD 9999 TO 9999


WEATHER ITEM   OBSERVED TIME   NORMAL DEPARTURE LAST
                VALUE   (LST)  VALUE  FROM      YEAR
                                      NORMAL
......................................................
TEMPERATURE (F)
 YESTERDAY
  MAXIMUM         66    313 PM  67     -1       62
  MINIMUM         40    450 AM  43     -3       38
  AVERAGE         53            55     -2       50

PRECIPITATION (IN)
  YESTERDAY        0.00          0.14  -0.14     0.00
  MONTH TO DATE    1.41          1.51  -0.10     1.19
  SINCE MAR 1      4.30          3.83   0.47     5.90
  SINCE JAN 1      5.78          4.40   1.38     6.20

DEGREE DAYS
 HEATING
  YESTERDAY       12            10      2       15
  MONTH TO DATE  166           266   -100      196
  SINCE MAR 1   2114          1922    192     1613
  SINCE JUL 1   8049          7719    330     6964

 COOLING
  YESTERDAY        0             0      0        0
  MONTH TO DATE    9             0      9       13
  SINCE MAR 1      9             0      9       13
  SINCE JAN 1      9             0      9       13
......................................................


WIND (MPH)
  HIGHEST WIND SPEED    25   HIGHEST WIND DIRECTION    SE (150)
  HIGHEST GUST SPEED    31   HIGHEST GUST DIRECTION    SE (140)
  AVERAGE WIND SPEED    13.8




RELATIVE HUMIDITY (PERCENT)
 HIGHEST    71          1100 PM
 LOWEST     30           100 PM
 AVERAGE    51

..........................................................




SUNRISE AND SUNSET
MAY 21 2018...........SUNRISE   517 AM MDT   SUNSET   825 PM MDT
MAY 22 2018...........SUNRISE   516 AM MDT   SUNSET   826 PM MDT


-  INDICATES NEGATIVE NUMBERS.
R  INDICATES RECORD WAS SET OR TIED.
MM INDICATES DATA IS MISSING.
T  INDICATES TRACE AMOUNT.




$$
