000
CDUS46 KMFR 220838
CLIAAT


CLIMATE REPORT
NATIONAL WEATHER SERVICE MEDFORD, OR
138 AM PDT SUN APR 22 2018


...................................

...THE ALTURAS CA CLIMATE SUMMARY FOR APRIL 21 2018...

CLIMATE NORMAL PERIOD 1981 TO 2010
CLIMATE RECORD PERIOD 1905 TO 2018


WEATHER ITEM   OBSERVED TIME   RECORD YEAR NORMAL DEPARTURE LAST
                VALUE   (LST)  VALUE       VALUE  FROM      YEAR
                                                  NORMAL
..................................................................
TEMPERATURE (F)
 YESTERDAY
  MAXIMUM         70    527 PM  83    2009  59     11       66
  MINIMUM         30    538 AM  15    1982  30      0       24
  AVERAGE         50                        44      6       45

PRECIPITATION (IN)
  YESTERDAY        0.00          0.59 1983   0.06  -0.06     0.00
  MONTH TO DATE    2.18                      1.07   1.11     0.90
  SINCE OCT 1      8.49                     10.20  -1.71    12.32
  SINCE JAN 1      5.49                      5.69  -0.20     8.57

SNOWFALL (IN)
  YESTERDAY       MM                        MM     MM       MM
  MONTH TO DATE   MM                        MM     MM       MM
  SINCE JUL 1     MM                        MM     MM       MM
  SNOW DEPTH      MM

DEGREE DAYS
 HEATING
  YESTERDAY       15                        20     -5       20
  MONTH TO DATE  450                       481    -31      426
  SINCE MAR 1   1309                      1306      3     1120
  SINCE JUL 1   5706                      6173   -467     5782

 COOLING
  YESTERDAY        0                         0      0        0
  MONTH TO DATE    0                         0      0        0
  SINCE MAR 1      0                         0      0        0
  SINCE JAN 1      0                         0      0        0
..................................................................


WIND (MPH)
  HIGHEST WIND SPEED    13   HIGHEST WIND DIRECTION     N (340)
  HIGHEST GUST SPEED    17   HIGHEST GUST DIRECTION    NW (330)
  AVERAGE WIND SPEED     3.4


SKY COVER
  POSSIBLE SUNSHINE  MM
  AVERAGE SKY COVER 0.0


WEATHER CONDITIONS
 THE FOLLOWING WEATHER WAS RECORDED YESTERDAY.
  NO SIGNIFICANT WEATHER WAS OBSERVED.


RELATIVE HUMIDITY (PERCENT)
 HIGHEST    92           100 AM
 LOWEST     22           500 PM
 AVERAGE    57

..........................................................


THE ALTURAS CA CLIMATE NORMALS FOR TODAY
                         NORMAL    RECORD    YEAR
 MAXIMUM TEMPERATURE (F)   60        84      2012
 MINIMUM TEMPERATURE (F)   30        14      1968


SUNRISE AND SUNSET
APRIL 22 2018.........SUNRISE   612 AM PDT   SUNSET   750 PM PDT
APRIL 23 2018.........SUNRISE   610 AM PDT   SUNSET   752 PM PDT


-  INDICATES NEGATIVE NUMBERS.
R  INDICATES RECORD WAS SET OR TIED.
MM INDICATES DATA IS MISSING.
T  INDICATES TRACE AMOUNT.




$$
