000
CDUS44 KSJT 270732
CLIABI


CLIMATE REPORT
NATIONAL WEATHER SERVICE SAN ANGELO TX
231 AM CDT SUN MAY 27 2018


...................................

...THE ABILENE CLIMATE SUMMARY FOR MAY 26 2018...

CLIMATE NORMAL PERIOD 1981 TO 2010
CLIMATE RECORD PERIOD 1886 TO 2018


WEATHER ITEM   OBSERVED TIME   RECORD YEAR NORMAL DEPARTURE LAST
                VALUE   (LST)  VALUE       VALUE  FROM      YEAR
                                                  NORMAL
..................................................................
TEMPERATURE (F)
 YESTERDAY
  MAXIMUM        102R   503 PM  99    2017  87     15       99
                                      1896
  MINIMUM         68   1209 AM  48    1901  64      4       75
  AVERAGE         85                        76      9       87

PRECIPITATION (IN)
  YESTERDAY        0.00          2.07 1914   0.13  -0.13     0.00
  MONTH TO DATE    1.93                      2.55  -0.62     2.73
  SINCE MAR 1      3.70                      5.93  -2.23     4.49
  SINCE JAN 1      6.11                      8.31  -2.20     7.87

DEGREE DAYS
 HEATING
  YESTERDAY        0                         0      0        0
  MONTH TO DATE    0                        13    -13       16
  SINCE MAR 1    382                       422    -40      245
  SINCE JUL 1   2583                      2555     28     1826

 COOLING
  YESTERDAY       20                        11      9       22
  MONTH TO DATE  308                       209     99      146
  SINCE MAR 1    413                       337     76      334
  SINCE JAN 1    425                       342     83      365
..................................................................


WIND (MPH)
  HIGHEST WIND SPEED    23   HIGHEST WIND DIRECTION    SE (150)
  HIGHEST GUST SPEED    28   HIGHEST GUST DIRECTION    SE (150)
  AVERAGE WIND SPEED    11.7


SKY COVER
  POSSIBLE SUNSHINE  MM
  AVERAGE SKY COVER 0.0


WEATHER CONDITIONS
 THE FOLLOWING WEATHER WAS RECORDED YESTERDAY.
  NO SIGNIFICANT WEATHER WAS OBSERVED.


RELATIVE HUMIDITY (PERCENT)
 HIGHEST    81          1200 AM
 LOWEST     19           500 PM
 AVERAGE    50

..........................................................


THE ABILENE CLIMATE NORMALS FOR TODAY
                         NORMAL    RECORD    YEAR
 MAXIMUM TEMPERATURE (F)   87       107      2011
 MINIMUM TEMPERATURE (F)   65        47      1901


SUNRISE AND SUNSET
MAY 27 2018...........SUNRISE   634 AM CDT   SUNSET   838 PM CDT
MAY 28 2018...........SUNRISE   634 AM CDT   SUNSET   839 PM CDT


-  INDICATES NEGATIVE NUMBERS.
R  INDICATES RECORD WAS SET OR TIED.
MM INDICATES DATA IS MISSING.
T  INDICATES TRACE AMOUNT.




$$
