000
CDUS41 KPHI 200555
CLIACY


CLIMATE REPORT
NATIONAL WEATHER SERVICE MOUNT HOLLY NJ
155 AM EDT SUN MAY 20 2018


...................................

...THE ATLANTIC CITY NJ CLIMATE SUMMARY FOR MAY 19 2018...

CLIMATE NORMAL PERIOD 1981 TO 2010
CLIMATE RECORD PERIOD 1874 TO 2018


WEATHER ITEM   OBSERVED TIME   RECORD YEAR NORMAL DEPARTURE LAST
                VALUE   (LST)  VALUE       VALUE  FROM      YEAR
                                                  NORMAL
..................................................................
TEMPERATURE (F)
 YESTERDAY
  MAXIMUM         69    221 PM  96    1962  72     -3       93
  MINIMUM         53    503 AM  37    2003  52      1       73
                                      2002
                                      1992
  AVERAGE         61                        62     -1       83

PRECIPITATION (IN)
  YESTERDAY        1.14R         1.13 1927   0.11   1.03     0.00
  MONTH TO DATE    5.46                      1.96   3.50     4.22
  SINCE MAR 1     14.61                      9.80   4.81    12.81
  SINCE JAN 1     24.33                     15.89   8.44    18.36

SNOWFALL (IN)
  YESTERDAY        0.0           0.0    MM   0.0    0.0      0.0
  MONTH TO DATE    0.0                       0.0    0.0      0.0
  SINCE MAR 1      9.6                       1.4    8.2      0.2
  SINCE JUL 1     34.1                      16.5   17.6      7.7
  SNOW DEPTH       0

DEGREE DAYS
 HEATING
  YESTERDAY        4                         5     -1        0
  MONTH TO DATE   49                       132    -83      123
  SINCE MAR 1   1264                      1245     19     1091
  SINCE JUL 1   4502                      4836   -334     4087

 COOLING
  YESTERDAY        0                         2     -2       18
  MONTH TO DATE   58                        24     34       46
  SINCE MAR 1     64                        33     31       78
  SINCE JAN 1     64                        33     31       78
..................................................................


WIND (MPH)
  HIGHEST WIND SPEED    18   HIGHEST WIND DIRECTION     E (70)
  HIGHEST GUST SPEED    25   HIGHEST GUST DIRECTION     E (70)
  AVERAGE WIND SPEED     8.8


SKY COVER
  POSSIBLE SUNSHINE  MM
  AVERAGE SKY COVER 1.0


WEATHER CONDITIONS
 THE FOLLOWING WEATHER WAS RECORDED YESTERDAY.
  HEAVY RAIN
  RAIN
  LIGHT RAIN
  FOG
  FOG W/VISIBILITY <= 1/4 MILE


RELATIVE HUMIDITY (PERCENT)
 HIGHEST   100           400 AM
 LOWEST     93           100 AM
 AVERAGE    97

..........................................................


THE ATLANTIC CITY NJ CLIMATE NORMALS FOR TODAY
                         NORMAL    RECORD    YEAR
 MAXIMUM TEMPERATURE (F)   72        96      1996
 MINIMUM TEMPERATURE (F)   52        31      1991


SUNRISE AND SUNSET
MAY 20 2018...........SUNRISE   540 AM EDT   SUNSET   810 PM EDT
MAY 21 2018...........SUNRISE   540 AM EDT   SUNSET   811 PM EDT


-  INDICATES NEGATIVE NUMBERS.
R  INDICATES RECORD WAS SET OR TIED.
MM INDICATES DATA IS MISSING.
T  INDICATES TRACE AMOUNT.




$$
