000
CDUS45 KBOU 220738
CLIAKO


CLIMATE REPORT
NATIONAL WEATHER SERVICE DENVER/BOULDER CO
137 AM MDT SUN APR 22 2018


...................................

...THE AKRON CO CLIMATE SUMMARY FOR APRIL 21 2018...

CLIMATE NORMAL PERIOD 1981 TO 2010
CLIMATE RECORD PERIOD 9999 TO 9999


WEATHER ITEM   OBSERVED TIME   RECORD YEAR NORMAL DEPARTURE LAST
                VALUE   (LST)  VALUE       VALUE  FROM      YEAR
                                                  NORMAL
..................................................................
TEMPERATURE (F)
 YESTERDAY
  MAXIMUM         41    432 PM  89    1989  62    -21
  MINIMUM         31    739 AM  19    1982  35     -4
  AVERAGE         36                        49    -13

PRECIPITATION (IN)
  YESTERDAY        0.25          0.97 1952   0.07   0.18     0.83
  MONTH TO DATE    0.74                      1.03  -0.29     1.24
  SINCE MAR 1      1.33                      1.90  -0.57     2.80
  SINCE JAN 1      2.44                      2.64  -0.20     2.91

SNOWFALL (IN)
  YESTERDAY       MM
  SNOW DEPTH       0

DEGREE DAYS
 HEATING
  YESTERDAY       29
  MONTH TO DATE  430

 COOLING
  YESTERDAY        0
  MONTH TO DATE    0
..................................................................


WIND (MPH)
  HIGHEST WIND SPEED    17   HIGHEST WIND DIRECTION     E (100)
  HIGHEST GUST SPEED    24   HIGHEST GUST DIRECTION     E (100)




RELATIVE HUMIDITY (PERCENT)
 HIGHEST   100
 LOWEST     79
 AVERAGE    90

..........................................................


THE AKRON CO CLIMATE NORMALS FOR TODAY
                         NORMAL    RECORD    YEAR
 MAXIMUM TEMPERATURE (F)   63        86      1989
 MINIMUM TEMPERATURE (F)   35        16      1951


SUNRISE AND SUNSET
APRIL 22 2018.........SUNRISE   605 AM MDT   SUNSET   739 PM MDT
APRIL 23 2018.........SUNRISE   603 AM MDT   SUNSET   740 PM MDT


-  INDICATES NEGATIVE NUMBERS.
R  INDICATES RECORD WAS SET OR TIED.
MM INDICATES DATA IS MISSING.
T  INDICATES TRACE AMOUNT.




$$
