000
CDUS43 KDMX 240631
CLIALO

CLIMATE REPORT
NATIONAL WEATHER SERVICE DES MOINES IA
129 AM CDT TUE APR 24 2018


...................................

...THE WATERLOO IA CLIMATE SUMMARY FOR APRIL 23 2018...

CLIMATE NORMAL PERIOD 1981 TO 2010
CLIMATE RECORD PERIOD 1895 TO 2018


WEATHER ITEM   OBSERVED TIME   RECORD YEAR NORMAL DEPARTURE LAST
                VALUE   (LST)  VALUE       VALUE  FROM      YEAR
                                                  NORMAL
..................................................................
TEMPERATURE (F)
 YESTERDAY
  MAXIMUM         71    354 PM  89    1925  64      7       72
  MINIMUM         35    212 AM  19    1927  40     -5       35
  AVERAGE         53                        52      1       54

PRECIPITATION (IN)
  YESTERDAY        0.00          1.66 1948   0.14  -0.14     0.00
  MONTH TO DATE    1.73                      2.71  -0.98     2.44
  SINCE MAR 1      3.40                      4.77  -1.37     4.50
  SINCE JAN 1      7.88                      6.59   1.29     8.43

SNOWFALL (IN)
  YESTERDAY        0.0           1.5  1910   0.1   -0.1      0.0
  MONTH TO DATE   12.1                       1.7   10.4      0.0
  SINCE MAR 1     23.5                       6.3   17.2     10.6
  SINCE JUL 1     45.6                      35.2   10.4     26.2
  SNOW DEPTH       0

DEGREE DAYS
 HEATING
  YESTERDAY       12                        13     -1       11
  MONTH TO DATE  710                       409    301      288
  SINCE MAR 1   1712                      1315    397     1205
  SINCE JUL 1   7155                      6734    421     5667

 COOLING
  YESTERDAY        0                         0      0        0
  MONTH TO DATE    0                         0      0        6
  SINCE MAR 1      0                         0      0        6
  SINCE JAN 1      0                         0      0        6
..................................................................


WIND (MPH)
  HIGHEST WIND SPEED    15   HIGHEST WIND DIRECTION    NE (60)
  HIGHEST GUST SPEED    21   HIGHEST GUST DIRECTION    NE (50)
  AVERAGE WIND SPEED     5.7


SKY COVER
  POSSIBLE SUNSHINE  MM
  AVERAGE SKY COVER 0.0


WEATHER CONDITIONS
 THE FOLLOWING WEATHER WAS RECORDED YESTERDAY.
  NO SIGNIFICANT WEATHER WAS OBSERVED.


RELATIVE HUMIDITY (PERCENT)
 HIGHEST    85           300 AM
 LOWEST     22           300 PM
 AVERAGE    54

..........................................................


THE WATERLOO IA CLIMATE NORMALS FOR TODAY
                         NORMAL    RECORD    YEAR
 MAXIMUM TEMPERATURE (F)   64        90      1939
 MINIMUM TEMPERATURE (F)   41        20      1956


SUNRISE AND SUNSET
APRIL 24 2018.........SUNRISE   614 AM CDT   SUNSET   802 PM CDT
APRIL 25 2018.........SUNRISE   613 AM CDT   SUNSET   803 PM CDT


-  INDICATES NEGATIVE NUMBERS.
R  INDICATES RECORD WAS SET OR TIED.
MM INDICATES DATA IS MISSING.
T  INDICATES TRACE AMOUNT.




$$
