000
CDUS42 KJAX 260527
CLIAMG


CLIMATE REPORT
NATIONAL WEATHER SERVICE JACKSONVILLE FL
127 AM EDT THU APR 26 2018


...................................

...THE ALMA CLIMATE SUMMARY FOR APRIL 25 2018...

CLIMATE NORMAL PERIOD 1981 TO 2010
CLIMATE RECORD PERIOD 1948 TO 2018


WEATHER ITEM   OBSERVED TIME   RECORD YEAR NORMAL DEPARTURE LAST
                VALUE   (LST)  VALUE       VALUE  FROM      YEAR
                                                  NORMAL
..................................................................
TEMPERATURE (F)
 YESTERDAY
  MAXIMUM         80    301 PM  91    1958  81     -1       83
  MINIMUM         56   1159 PM  37    2005  56      0       57
  AVERAGE         68                        68      0       70

PRECIPITATION (IN)
  YESTERDAY        0.00          2.15 1979   0.08  -0.08     0.00
  MONTH TO DATE    1.82                      2.44  -0.62     2.46
  SINCE MAR 1      3.85                      7.19  -3.34     3.00
  SINCE JAN 1      7.36                     15.25  -7.89    11.13

SNOWFALL (IN)
  YESTERDAY        0.0           0.0    MM   0.0    0.0      0.0
  MONTH TO DATE    0.0                       0.0    0.0      0.0
  SINCE MAR 1      0.0                       0.0    0.0      0.0
  SINCE JUL 1      3.0                       0.1    2.9      0.0
  SNOW DEPTH       0

DEGREE DAYS
 HEATING
  YESTERDAY        0                         1     -1        0
  MONTH TO DATE   60                        58      2       27
  SINCE MAR 1    305                       246     59      224
  SINCE JUL 1   1551                      1647    -96     1080

 COOLING
  YESTERDAY        3                         4     -1        5
  MONTH TO DATE   52                        75    -23      114
  SINCE MAR 1     86                       113    -27      177
  SINCE JAN 1    178                       129     49      232
..................................................................


WIND (MPH)
  HIGHEST WIND SPEED    17   HIGHEST WIND DIRECTION     W (280)
  HIGHEST GUST SPEED    24   HIGHEST GUST DIRECTION     W (270)
  AVERAGE WIND SPEED     7.5


SKY COVER
  POSSIBLE SUNSHINE  MM
  AVERAGE SKY COVER 0.2


WEATHER CONDITIONS
 THE FOLLOWING WEATHER WAS RECORDED YESTERDAY.
  NO SIGNIFICANT WEATHER WAS OBSERVED.


RELATIVE HUMIDITY (PERCENT)
 HIGHEST    93           600 AM
 LOWEST     42           300 PM
 AVERAGE    68

..........................................................


THE ALMA CLIMATE NORMALS FOR TODAY
                         NORMAL    RECORD    YEAR
 MAXIMUM TEMPERATURE (F)   81        93      1986
 MINIMUM TEMPERATURE (F)   56        43      1983


SUNRISE AND SUNSET
APRIL 26 2018.........SUNRISE   650 AM EDT   SUNSET   806 PM EDT
APRIL 27 2018.........SUNRISE   649 AM EDT   SUNSET   807 PM EDT


-  INDICATES NEGATIVE NUMBERS.
R  INDICATES RECORD WAS SET OR TIED.
MM INDICATES DATA IS MISSING.
T  INDICATES TRACE AMOUNT.




$$
