000
CDAK48 PAFC 261255
CLIANC

CLIMATE REPORT
NATIONAL WEATHER SERVICE ANCHORAGE, AK
452 AM AKDT SAT MAY 26 2018


...................................

...THE ANCHORAGE AK CLIMATE SUMMARY FOR MAY 25 2018...

CLIMATE NORMAL PERIOD 1981 TO 2010
CLIMATE RECORD PERIOD 1952 TO 2018


WEATHER ITEM   OBSERVED TIME   RECORD YEAR NORMAL DEPARTURE LAST
                VALUE   (LST)  VALUE       VALUE  FROM      YEAR
                                                  NORMAL
..................................................................
TEMPERATURE (F)
 YESTERDAY
  MAXIMUM         58        MM  73    2006  59     -1       55
  MINIMUM         43        MM  33    1966  42      1       43
  AVERAGE         51                        50      1       49

PRECIPITATION (IN)
  YESTERDAY        0.00          0.38 1993   0.03  -0.03
  MONTH TO DATE    0.29                      0.56  -0.27
  SINCE MAR 1      1.43                      1.63  -0.20
  SINCE JAN 1      4.57                      3.08   1.49

SNOWFALL (IN)
  YESTERDAY        0.0           0.0    MM   0.0    0.0     MM
  MONTH TO DATE    0.0                       0.3   -0.3      0.0
  SINCE MAR 1     10.8                      14.2   -3.4     10.3
  SINCE JUL 1     59.1                      74.5  -15.4     82.4
  SNOW DEPTH       0

DEGREE DAYS
 HEATING
  YESTERDAY       14                                0
  MONTH TO DATE  436                              -16
  SINCE MAR 1   2338                             -152
  SINCE JUL 1   9062                             -757

 COOLING
  YESTERDAY        0                                0
  MONTH TO DATE    0                                0
  SINCE MAR 1      0                                0
  SINCE JAN 1      0                                0
..................................................................


WIND (MPH)
  HIGHEST WIND SPEED    15   HIGHEST WIND DIRECTION    SE (150)
  HIGHEST GUST SPEED    21   HIGHEST GUST DIRECTION    SE (150)
  AVERAGE WIND SPEED     8.1




RELATIVE HUMIDITY (PERCENT)
 HIGHEST    76
 LOWEST     36
 AVERAGE    56

..........................................................


THE ANCHORAGE AK CLIMATE NORMALS FOR TODAY
                         NORMAL    RECORD    YEAR
 MAXIMUM TEMPERATURE (F)   59        75      2006
 MINIMUM TEMPERATURE (F)   43        34      1967


SUNRISE AND SUNSET
MAY 26 2018...........SUNRISE   448 AM AKDT  SUNSET  1108 PM AKDT
MAY 27 2018...........SUNRISE   446 AM AKDT  SUNSET  1111 PM AKDT

CIVIL TWILIGHT
MAY 26 2018             START    320 AM GMT     END   1239 AM GMT
MAY 27 2018             START    316 AM GMT     END   1243 AM GMT



-  INDICATES NEGATIVE NUMBERS.
R  INDICATES RECORD WAS SET OR TIED.
MM INDICATES DATA IS MISSING.
T  INDICATES TRACE AMOUNT.




$$
&&
------------------------------------------------------
AMOUNT OF DAYLIGHT TODAY  (HOUR:MIN)........18:21
GAIN/LOSS SINCE YESTERDAY (HOUR:MIN:SEC)....+0:04:16
