747
CDUS43 KAPX 202132
CLIANJ


CLIMATE REPORT
NATIONAL WEATHER SERVICE GAYLORD MI
532 PM EDT FRI APR 20 2018


...................................

...THE SAULT STE MARIE MI CLIMATE SUMMARY FOR APRIL 20 2018...
VALID TODAY AS OF 0500 PM LOCAL TIME.

CLIMATE NORMAL PERIOD 1981 TO 2010
CLIMATE RECORD PERIOD 1888 TO 2018


WEATHER ITEM   OBSERVED TIME   RECORD YEAR NORMAL DEPARTURE LAST
                VALUE   (LST)  VALUE       VALUE  FROM      YEAR
                                                  NORMAL
..................................................................
TEMPERATURE (F)
 TODAY
  MAXIMUM         51    359 PM  81    1987  52     -1       45
  MINIMUM         25    457 AM  10    1928  33     -8       39
  AVERAGE         38                        43     -5       42

PRECIPITATION (IN)
  TODAY            0.00          1.06 1970   0.07  -0.07     0.16
  MONTH TO DATE    2.27                      1.64   0.63     2.39
  SINCE MAR 1      3.54                      3.59  -0.05     4.34
  SINCE JAN 1      7.02                      7.12  -0.10    10.30

SNOWFALL (IN)
  TODAY            0.0           4.0  1893   0.2             0.0
                                      1982
  MONTH TO DATE   27.4                       5.5             0.5
  SINCE OCT 1    127.8                     119.1           137.4
  SINCE JUL 1    127.8                     119.1           137.4

DEGREE DAYS
 HEATING
  TODAY           27                        22      5       23
  MONTH TO DATE  722                       540    182      456
  SINCE MAR 1   1903                      1740    163     1654
  SINCE JUL 1   7730                      7866   -136     6528

 COOLING
  TODAY            0                         0      0        0
  MONTH TO DATE    0                         0      0        0
  SINCE MAR 1      0                         0      0        0
  SINCE JAN 1      0                         0      0        0
..................................................................


WIND (MPH)
  RESULTANT WIND SPEED   5   RESULTANT WIND DIRECTION   W (290)
  HIGHEST WIND SPEED    14   HIGHEST WIND DIRECTION    NW (320)
  HIGHEST GUST SPEED    17   HIGHEST GUST DIRECTION    NW (320)
  AVERAGE WIND SPEED     5.6


SKY COVER
  POSSIBLE SUNSHINE  MM
  AVERAGE SKY COVER 0.0


WEATHER CONDITIONS
 THE FOLLOWING WEATHER WAS RECORDED TODAY.
  HAZE


RELATIVE HUMIDITY (PERCENT)
 HIGHEST    92           400 AM
 LOWEST     21           100 PM
 AVERAGE    57

..........................................................


THE SAULT STE MARIE MI CLIMATE NORMALS FOR TOMORROW
                         NORMAL    RECORD    YEAR
 MAXIMUM TEMPERATURE (F)   53        76      1985
 MINIMUM TEMPERATURE (F)   34        16      1981


SUNRISE AND SUNSET
APRIL 20 2018.........SUNRISE   641 AM EDT   SUNSET   832 PM EDT
APRIL 21 2018.........SUNRISE   640 AM EDT   SUNSET   833 PM EDT


-  INDICATES NEGATIVE NUMBERS.
R  INDICATES RECORD WAS SET OR TIED.
MM INDICATES DATA IS MISSING.
T  INDICATES TRACE AMOUNT.




$$
