000
CDUS43 KAPX 232126
CLIAPN


CLIMATE REPORT
NATIONAL WEATHER SERVICE GAYLORD MI
526 PM EDT WED MAY 23 2018


...................................

...THE ALPENA MI CLIMATE SUMMARY FOR MAY 23 2018...
VALID TODAY AS OF 0500 PM LOCAL TIME.

CLIMATE NORMAL PERIOD 1981 TO 2010
CLIMATE RECORD PERIOD 1916 TO 2018


WEATHER ITEM   OBSERVED TIME   RECORD YEAR NORMAL DEPARTURE LAST
                VALUE   (LST)  VALUE       VALUE  FROM      YEAR
                                                  NORMAL
..................................................................
TEMPERATURE (F)
 TODAY
  MAXIMUM         81    359 PM  89    1964  67     14       66
  MINIMUM         49    432 AM  26    2015  43      6       38
                                      1958
  AVERAGE         65                        55     10       52

PRECIPITATION (IN)
  TODAY            0.00          1.46 2004   0.09  -0.09     0.02
  MONTH TO DATE    2.17                      1.93   0.24     1.37
  SINCE MAR 1      8.71                      6.18   2.53     9.05
  SINCE JAN 1     12.60                      9.16   3.44    14.54

DEGREE DAYS
 HEATING
  TODAY            0                        11    -11       13
  MONTH TO DATE  253                       322    -69      346
  SINCE MAR 1   2342                      2149    193     2062
  SINCE JUL 1   7791                      7881    -90     6693

 COOLING
  TODAY            0                         0      0        0
  MONTH TO DATE    7                         0      7        6
  SINCE MAR 1      7                         2      5        6
  SINCE JAN 1      7                         2      5        6
..................................................................


WIND (MPH)
  RESULTANT WIND SPEED   5   RESULTANT WIND DIRECTION  NW (320)
  HIGHEST WIND SPEED    14   HIGHEST WIND DIRECTION     N (10)
  HIGHEST GUST SPEED    20   HIGHEST GUST DIRECTION     N (10)
  AVERAGE WIND SPEED     7.1


SKY COVER
  POSSIBLE SUNSHINE  MM
  AVERAGE SKY COVER 0.0


WEATHER CONDITIONS
 THE FOLLOWING WEATHER WAS RECORDED TODAY.
  NO SIGNIFICANT WEATHER WAS OBSERVED.


RELATIVE HUMIDITY (PERCENT)
 HIGHEST    89
 LOWEST     28
 AVERAGE    59

..........................................................


THE ALPENA MI CLIMATE NORMALS FOR TOMORROW
                         NORMAL    RECORD    YEAR
 MAXIMUM TEMPERATURE (F)   67        89      2016
 MINIMUM TEMPERATURE (F)   43        24      1963


SUNRISE AND SUNSET
MAY 23 2018...........SUNRISE   557 AM EDT   SUNSET   906 PM EDT
MAY 24 2018...........SUNRISE   556 AM EDT   SUNSET   907 PM EDT


-  INDICATES NEGATIVE NUMBERS.
R  INDICATES RECORD WAS SET OR TIED.
MM INDICATES DATA IS MISSING.
T  INDICATES TRACE AMOUNT.




$$
